-- Table structure for table `field_data_comment_body`
--

CREATE TABLE `field_data_comment_body` (
  `entity_type` varchar(128) NOT NULL DEFAULT '' COMMENT 'The entity type this data is attached to',
  `bundle` varchar(128) NOT NULL DEFAULT '' COMMENT 'The field instance bundle to which this row belongs, used when deleting a field instance',
  `deleted` tinyint(4) NOT NULL DEFAULT '0' COMMENT 'A boolean indicating whether this data item has been deleted',
  `entity_id` int(10) unsigned NOT NULL COMMENT 'The entity id this data is attached to',
  `revision_id` int(10) unsigned DEFAULT NULL COMMENT 'The entity revision id this data is attached to, or NULL if the entity type is not versioned',
  `language` varchar(32) NOT NULL DEFAULT '' COMMENT 'The language for this data item.',
  `delta` int(10) unsigned NOT NULL COMMENT 'The sequence number for this data item, used for multi-value fields',
  `comment_body_value` longtext,
  `comment_body_format` varchar(255) DEFAULT NULL,
  PRIMARY KEY (`entity_type`,`entity_id`,`deleted`,`delta`,`language`),
  KEY `entity_type` (`entity_type`),
  KEY `bundle` (`bundle`),
  KEY `deleted` (`deleted`),
  KEY `entity_id` (`entity_id`),
  KEY `revision_id` (`revision_id`),
  KEY `language` (`language`),
  KEY `comment_body_format` (`comment_body_format`)
) ENGINE=InnoDB DEFAULT CHARSET=utf8 COMMENT='Data storage for field 1 (comment_body)';

--
-- Dumping data for table `field_data_comment_body`
--

INSERT INTO `field_data_comment_body` VALUES ('comment','comment_node_blog',0,1,1,'und',0,'Lorem ipsum dolor sit amet, consectetuer adipiscing elit. Phasellus hendrerit. Pellentesque aliquet nibh nec urna. In nisi neque, aliquet vel, dapibus id, mattis vel, nisi. Sed pretium, ligula sollicitudin laoreet viverra, tortor libero sodales leo, eget blandit nunc tortor eu nibh. Nullam mollis. Ut justo.','full_html'),('comment','comment_node_blog',0,2,2,'und',0,'Hi There,\r\n\r\nDonec nec justo eget felis facilisis fermentum. Aliquam porttitor mauris sit amet orci. Aenean dignissim pellentesque felis. http://envato.tabvn.com\r\n\r\nJ.D.','full_html'),('comment','comment_node_blog',0,3,3,'und',0,'Lorem ipsum dolor sit amet, consectetuer adipiscing elit. Phasellus hendrerit. Pellentesque aliquet nibh nec urna. In nisi neque, aliquet vel, dapibus id, mattis vel, nisi. Sed pretium, ligula sollicitudin laoreet viverra, tortor libero sodales leo, eget blandit nunc tortor eu nibh. Nullam mollis. Ut justo.\r\n\r\nAether','full_html');

--
-- Table structure for table `field_data_field_image`
--

CREATE TABLE `field_data_field_image` (
  `entity_type` varchar(128) NOT NULL DEFAULT '' COMMENT 'The entity type this data is attached to',
  `bundle` varchar(128) NOT NULL DEFAULT '' COMMENT 'The field instance bundle to which this row belongs, used when deleting a field instance',
  `deleted` tinyint(4) NOT NULL DEFAULT '0' COMMENT 'A boolean indicating whether this data item has been deleted',
  `entity_id` int(10) unsigned NOT NULL COMMENT 'The entity id this data is attached to',
  `revision_id` int(10) unsigned DEFAULT NULL COMMENT 'The entity revision id this data is attached to, or NULL if the entity type is not versioned',
  `language` varchar(32) NOT NULL DEFAULT '' COMMENT 'The language for this data item.',
  `delta` int(10) unsigned NOT NULL COMMENT 'The sequence number for this data item, used for multi-value fields',
  `field_image_fid` int(10) unsigned DEFAULT NULL COMMENT 'The file_managed.fid being referenced in this field.',
  `field_image_alt` varchar(512) DEFAULT NULL COMMENT 'Alternative image text, for the image’s ’alt’ attribute.',
  `field_image_title` varchar(1024) DEFAULT NULL COMMENT 'Image title text, for the image’s ’title’ attribute.',
  `field_image_width` int(10) unsigned DEFAULT NULL COMMENT 'The width of the image in pixels.',
  `field_image_height` int(10) unsigned DEFAULT NULL COMMENT 'The height of the image in pixels.',
  PRIMARY KEY (`entity_type`,`entity_id`,`deleted`,`delta`,`language`),
  KEY `entity_type` (`entity_type`),
  KEY `bundle` (`bundle`),
  KEY `deleted` (`deleted`),
  KEY `entity_id` (`entity_id`),
  KEY `revision_id` (`revision_id`),
  KEY `language` (`language`),
  KEY `field_image_fid` (`field_image_fid`)
) ENGINE=InnoDB DEFAULT CHARSET=utf8 COMMENT='Data storage for field 4 (field_image)';

--
-- Dumping data for table `field_data_field_image`
--

INSERT INTO `field_data_field_image` VALUES ('node','blog',0,1,1,'und',0,1,'','',560,315),('node','blog',0,2,2,'und',0,4,'','',560,315),('node','blog',0,2,2,'und',1,5,'','',560,315),('node','blog',0,3,3,'und',0,6,'','',560,315),('node','portfolio',0,4,4,'und',0,7,'','',959,529),('node','portfolio',0,4,4,'und',1,8,'','',959,529),('node','portfolio',0,4,4,'und',2,9,'','',959,529),('node','portfolio',0,5,5,'und',0,10,'','',959,529),('node','portfolio',0,5,5,'und',1,11,'','',959,529),('node','portfolio',0,5,5,'und',2,12,'','',959,529),('node','portfolio',0,7,7,'und',0,13,'','',959,529),('node','portfolio',0,7,7,'und',1,14,'','',959,529);

--
-- Table structure for table `field_data_field_portfolio_category`
--

CREATE TABLE `field_data_field_portfolio_category` (
  `entity_type` varchar(128) NOT NULL DEFAULT '' COMMENT 'The entity type this data is attached to',
  `bundle` varchar(128) NOT NULL DEFAULT '' COMMENT 'The field instance bundle to which this row belongs, used when deleting a field instance',
  `deleted` tinyint(4) NOT NULL DEFAULT '0' COMMENT 'A boolean indicating whether this data item has been deleted',
  `entity_id` int(10) unsigned NOT NULL COMMENT 'The entity id this data is attached to',
  `revision_id` int(10) unsigned DEFAULT NULL COMMENT 'The entity revision id this data is attached to, or NULL if the entity type is not versioned',
  `language` varchar(32) NOT NULL DEFAULT '' COMMENT 'The language for this data item.',
  `delta` int(10) unsigned NOT NULL COMMENT 'The sequence number for this data item, used for multi-value fields',
  `field_portfolio_category_tid` int(10) unsigned DEFAULT NULL,
  PRIMARY KEY (`entity_type`,`entity_id`,`deleted`,`delta`,`language`),
  KEY `entity_type` (`entity_type`),
  KEY `bundle` (`bundle`),
  KEY `deleted` (`deleted`),
  KEY `entity_id` (`entity_id`),
  KEY `revision_id` (`revision_id`),
  KEY `language` (`language`),
  KEY `field_portfolio_category_tid` (`field_portfolio_category_tid`)
) ENGINE=InnoDB DEFAULT CHARSET=utf8 COMMENT='Data storage for field 5 (field_portfolio_category)';

--
-- Dumping data for table `field_data_field_portfolio_category`
--

INSERT INTO `field_data_field_portfolio_category` VALUES ('node','portfolio',0,4,4,'und',0,6),('node','portfolio',0,5,5,'und',0,5),('node','portfolio',0,7,7,'und',0,5);

--
-- Table structure for table `field_data_field_tags`
--

CREATE TABLE `field_data_field_tags` (
  `entity_type` varchar(128) NOT NULL DEFAULT '' COMMENT 'The entity type this data is attached to',
  `bundle` varchar(128) NOT NULL DEFAULT '' COMMENT 'The field instance bundle to which this row belongs, used when deleting a field instance',
  `deleted` tinyint(4) NOT NULL DEFAULT '0' COMMENT 'A boolean indicating whether this data item has been deleted',
  `entity_id` int(10) unsigned NOT NULL COMMENT 'The entity id this data is attached to',
  `revision_id` int(10) unsigned DEFAULT NULL COMMENT 'The entity revision id this data is attached to, or NULL if the entity type is not versioned',
  `language` varchar(32) NOT NULL DEFAULT '' COMMENT 'The language for this data item.',
  `delta` int(10) unsigned NOT NULL COMMENT 'The sequence number for this data item, used for multi-value fields',
  `field_tags_tid` int(10) unsigned DEFAULT NULL,
  PRIMARY KEY (`entity_type`,`entity_id`,`deleted`,`delta`,`language`),
  KEY `entity_type` (`entity_type`),
  KEY `bundle` (`bundle`),
  KEY `deleted` (`deleted`),
  KEY `entity_id` (`entity_id`),
  KEY `revision_id` (`revision_id`),
  KEY `language` (`language`),
  KEY `field_tags_tid` (`field_tags_tid`)
) ENGINE=InnoDB DEFAULT CHARSET=utf8 COMMENT='Data storage for field 3 (field_tags)';

--
-- Dumping data for table `field_data_field_tags`
--

INSERT INTO `field_data_field_tags` VALUES ('node','blog',0,1,1,'und',0,1),('node','blog',0,1,1,'und',1,2),('node','blog',0,2,2,'und',0,3),('node','blog',0,3,3,'und',0,2);

--
-- Table structure for table `field_revision_body`
--

CREATE TABLE `field_revision_body` (
  `entity_type` varchar(128) NOT NULL DEFAULT '' COMMENT 'The entity type this data is attached to',
  `bundle` varchar(128) NOT NULL DEFAULT '' COMMENT 'The field instance bundle to which this row belongs, used when deleting a field instance',
  `deleted` tinyint(4) NOT NULL DEFAULT '0' COMMENT 'A boolean indicating whether this data item has been deleted',
  `entity_id` int(10) unsigned NOT NULL COMMENT 'The entity id this data is attached to',
  `revision_id` int(10) unsigned NOT NULL COMMENT 'The entity revision id this data is attached to',
  `language` varchar(32) NOT NULL DEFAULT '' COMMENT 'The language for this data item.',
  `delta` int(10) unsigned NOT NULL COMMENT 'The sequence number for this data item, used for multi-value fields',
  `body_value` longtext,
  `body_summary` longtext,
  `body_format` varchar(255) DEFAULT NULL,
  PRIMARY KEY (`entity_type`,`entity_id`,`revision_id`,`deleted`,`delta`,`language`),
  KEY `entity_type` (`entity_type`),
  KEY `bundle` (`bundle`),
  KEY `deleted` (`deleted`),
  KEY `entity_id` (`entity_id`),
  KEY `revision_id` (`revision_id`),
  KEY `language` (`language`),
  KEY `body_format` (`body_format`)
) ENGINE=InnoDB DEFAULT CHARSET=utf8 COMMENT='Revision archive storage for field 2 (body)';

--
-- Dumping data for table `field_revision_body`
--

INSERT INTO `field_revision_body` VALUES ('node','blog',0,1,1,'und',0,'<p>Etiam in nulla arcu, ut vehicula velit. Vivamus dapibus rutrum mi ut aliquam. In hac habitasse platea dictumst. Integer sagittis neque a tortor tempor in porta sem vulputate. Donec varius felis fermentum nisl imperdiet at molestie purus porta.</p>\r\n  <p>Etiam in nulla arcu, ut vehicula velit. Vivamus dapibus rutrum mi ut aliquam. In hac habitasse platea dictumst. Integer sagittis neque a tortor tempor in porta sem vulputate. Donec varius felis fermentum nisl imperdiet at molestie purus porta.</p>\r\n  <h2 style=\"font-size: 36px;\">Heading 2</h2>\r\n  <p>Etiam in nulla arcu, ut vehicula velit. Vivamus dapibus rutrum mi ut aliquam. In hac habitasse platea dictumst. Integer sagittis neque a tortor tempor in porta sem vulputate. Donec varius felis fermentum nisl imperdiet at molestie purus porta.</p>\r\n  <h3>Heading 3</h3>\r\n  <p>Etiam in nulla arcu, ut vehicula velit. Vivamus dapibus rutrum mi ut aliquam. In hac habitasse platea dictumst. Integer sagittis neque a tortor tempor in porta sem vulputate. Donec varius felis fermentum nisl imperdiet at molestie purus porta.</p>\r\n  <p><strong>Blockquote</strong></p>\r\n  <blockquote>\"This is a sample blockquote. Donec varius felis fermentum nisl imperdiet at molestie purus porta. </blockquote>\r\n  <p><strong>Code</strong></p>\r\n  <code>\r\n    .some-style {\r\n    width: 960px;\r\n    height: 200px;\r\n    margin: 0 auto;\r\n    background-color: #000000;\r\n    }\r\n  </code>\r\n  <h4>Heading 4</h4>\r\n  <p>Etiam in nulla arcu, ut vehicula velit. Vivamus dapibus rutrum mi ut aliquam. In hac habitasse platea dictumst. Integer sagittis neque a tortor tempor in porta sem vulputate. Donec varius felis fermentum nisl imperdiet at molestie purus porta.</p>\r\n  <h5>Heading 5</h5>\r\n  <p>Etiam in nulla arcu, ut vehicula velit. Vivamus dapibus rutrum mi ut aliquam. In hac habitasse platea dictumst. Integer sagittis neque a tortor tempor in porta sem vulputate. Donec varius felis fermentum nisl imperdiet at molestie purus porta.</p>\r\n  <h6>Heading 6</h6>\r\n  <p>Etiam in nulla arcu, ut vehicula velit. Vivamus dapibus rutrum mi ut aliquam. In hac habitasse platea dictumst. Integer sagittis neque a tortor tempor in porta sem vulputate. Donec varius felis fermentum nisl imperdiet at molestie purus porta.</p>\r\n','','full_html'),('node','blog',0,2,2,'und',0,'<p>Etiam in nulla arcu, ut vehicula velit. Vivamus dapibus rutrum mi ut aliquam. In hac habitasse platea dictumst. Integer sagittis neque a tortor tempor in porta sem vulputate. Donec varius felis fermentum nisl imperdiet at molestie purus porta.</p>\r\n  <p>Etiam in nulla arcu, ut vehicula velit. Vivamus dapibus rutrum mi ut aliquam. In hac habitasse platea dictumst. Integer sagittis neque a tortor tempor in porta sem vulputate. Donec varius felis fermentum nisl imperdiet at molestie purus porta.</p>\r\n  <h2 style=\"font-size: 36px;\">Heading 2</h2>\r\n  <p>Etiam in nulla arcu, ut vehicula velit. Vivamus dapibus rutrum mi ut aliquam. In hac habitasse platea dictumst. Integer sagittis neque a tortor tempor in porta sem vulputate. Donec varius felis fermentum nisl imperdiet at molestie purus porta.</p>\r\n  <h3>Heading 3</h3>\r\n  <p>Etiam in nulla arcu, ut vehicula velit. Vivamus dapibus rutrum mi ut aliquam. In hac habitasse platea dictumst. Integer sagittis neque a tortor tempor in porta sem vulputate. Donec varius felis fermentum nisl imperdiet at molestie purus porta.</p>\r\n  <p><strong>Blockquote</strong></p>\r\n  <blockquote>\"This is a sample blockquote. Donec varius felis fermentum nisl imperdiet at molestie purus porta. </blockquote>\r\n  <p><strong>Code</strong></p>\r\n  <code>\r\n    .some-style {\r\n    width: 960px;\r\n    height: 200px;\r\n    margin: 0 auto;\r\n    background-color: #000000;\r\n    }\r\n  </code>\r\n  <h4>Heading 4</h4>\r\n  <p>Etiam in nulla arcu, ut vehicula velit. Vivamus dapibus rutrum mi ut aliquam. In hac habitasse platea dictumst. Integer sagittis neque a tortor tempor in porta sem vulputate. Donec varius felis fermentum nisl imperdiet at molestie purus porta.</p>\r\n  <h5>Heading 5</h5>\r\n  <p>Etiam in nulla arcu, ut vehicula velit. Vivamus dapibus rutrum mi ut aliquam. In hac habitasse platea dictumst. Integer sagittis neque a tortor tempor in porta sem vulputate. Donec varius felis fermentum nisl imperdiet at molestie purus porta.</p>\r\n  <h6>Heading 6</h6>\r\n  <p>Etiam in nulla arcu, ut vehicula velit. Vivamus dapibus rutrum mi ut aliquam. In hac habitasse platea dictumst. Integer sagittis neque a tortor tempor in porta sem vulputate. Donec varius felis fermentum nisl imperdiet at molestie purus porta.</p>\r\n','','full_html'),('node','blog',0,3,3,'und',0,'<p>Etiam in nulla arcu, ut vehicula velit. Vivamus dapibus rutrum mi ut aliquam. In hac habitasse platea dictumst. Integer sagittis neque a tortor tempor in porta sem vulputate. Donec varius felis fermentum nisl imperdiet at molestie purus porta.</p>\r\n  <p>Etiam in nulla arcu, ut vehicula velit. Vivamus dapibus rutrum mi ut aliquam. In hac habitasse platea dictumst. Integer sagittis neque a tortor tempor in porta sem vulputate. Donec varius felis fermentum nisl imperdiet at molestie purus porta.</p>\r\n  <h2 style=\"font-size: 36px;\">Heading 2</h2>\r\n  <p>Etiam in nulla arcu, ut vehicula velit. Vivamus dapibus rutrum mi ut aliquam. In hac habitasse platea dictumst. Integer sagittis neque a tortor tempor in porta sem vulputate. Donec varius felis fermentum nisl imperdiet at molestie purus porta.</p>\r\n  <h3>Heading 3</h3>\r\n  <p>Etiam in nulla arcu, ut vehicula velit. Vivamus dapibus rutrum mi ut aliquam. In hac habitasse platea dictumst. Integer sagittis neque a tortor tempor in porta sem vulputate. Donec varius felis fermentum nisl imperdiet at molestie purus porta.</p>\r\n  <p><strong>Blockquote</strong></p>\r\n  <blockquote>\"This is a sample blockquote. Donec varius felis fermentum nisl imperdiet at molestie purus porta. </blockquote>\r\n  <p><strong>Code</strong></p>\r\n  <code>\r\n    .some-style {\r\n    width: 960px;\r\n    height: 200px;\r\n    margin: 0 auto;\r\n    background-color: #000000;\r\n    }\r\n  </code>\r\n  <h4>Heading 4</h4>\r\n  <p>Etiam in nulla arcu, ut vehicula velit. Vivamus dapibus rutrum mi ut aliquam. In hac habitasse platea dictumst. Integer sagittis neque a tortor tempor in porta sem vulputate. Donec varius felis fermentum nisl imperdiet at molestie purus porta.</p>\r\n  <h5>Heading 5</h5>\r\n  <p>Etiam in nulla arcu, ut vehicula velit. Vivamus dapibus rutrum mi ut aliquam. In hac habitasse platea dictumst. Integer sagittis neque a tortor tempor in porta sem vulputate. Donec varius felis fermentum nisl imperdiet at molestie purus porta.</p>\r\n  <h6>Heading 6</h6>\r\n  <p>Etiam in nulla arcu, ut vehicula velit. Vivamus dapibus rutrum mi ut aliquam. In hac habitasse platea dictumst. Integer sagittis neque a tortor tempor in porta sem vulputate. Donec varius felis fermentum nisl imperdiet at molestie purus porta.</p>\r\n','','full_html'),('node','portfolio',0,4,4,'und',0,'<div class=\"grid-2\">\r\n	<h6>Challange</h6>\r\n	<p>Vivamus iaculis metus eget nibh dapibus fringilla. Duis vel justo venenatis ligula bibendum vulputate et et tellus.</p>\r\n</div>\r\n<div class=\"grid-2\">\r\n	<h6>Solution</h6>\r\n	<p>Lorem ipsum dolor sit amet, consectetur adipiscing elit. Donec sed nunc risus, ac vehicula turpis. Duis fringilla fringilla lorem, at ultricies tortor elementum sed. Fusce non ligula tortor, ut hendrerit magna.</p>\r\n</div>\r\n<div class=\"grid-2\">\r\n	<h6>Result</h6>\r\n	<p>Donec nec pharetra arcu. Phasellus a odio non eros bibendum fringilla vel non lacus.</p>\r\n	<a href=\"#\">Visit the site →</a>\r\n</div>\r\n','','full_html'),('node','portfolio',0,5,5,'und',0,'<div class=\"grid-2\">\r\n	<h6>Challange</h6>\r\n	<p>Vivamus iaculis metus eget nibh dapibus fringilla. Duis vel justo venenatis ligula bibendum vulputate et et tellus.</p>\r\n</div>\r\n<div class=\"grid-2\">\r\n	<h6>Solution</h6>\r\n	<p>Lorem ipsum dolor sit amet, consectetur adipiscing elit. Donec sed nunc risus, ac vehicula turpis. Duis fringilla fringilla lorem, at ultricies tortor elementum sed. Fusce non ligula tortor, ut hendrerit magna.</p>\r\n</div>\r\n<div class=\"grid-2\">\r\n	<h6>Result</h6>\r\n	<p>Donec nec pharetra arcu. Phasellus a odio non eros bibendum fringilla vel non lacus.</p>\r\n	<a href=\"#\">Visit the site →</a>\r\n</div>\r\n','','full_html'),('node','page',0,6,6,'und',0,'\r\n\r\n\r\n<!-- Accordion & Toggle -->\r\n<div class=\"shortcode clearfix\">\r\n  <h3 class=\"shortcode-title\">Accordion &amp; toggle.</h3>\r\n\r\n\r\n  <!-- Accordion -->\r\n  <div class=\"grid-3\">\r\n\r\n    <div class=\"accordion\" rel=\"1\">\r\n      <div class=\"accordion-title\">\r\n        <h5><span></span><a href=\"#\">First Title</a></h5>\r\n      </div>\r\n\r\n      <div class=\"accordion-inner\">\r\n        Asunt in anim uis aute irure dolor in reprehenderit in voluptate velit esse cillum dolore eu fugiat nulla pariatur. Excepteur sint occaecat cupidatat non proident, sunt in anim id est laborum. Allamco laboris nisi ut aliquip ex ea commodo consequat. Aser velit esse cillum dolore eu fugiat nulla pariatur. Excepteur sint occaecat cupidatat non proident, sunt in anim id est laborum.\r\n      </div>\r\n\r\n      <div class=\"accordion-title\">\r\n        <h5><span></span><a href=\"#\">Second Title</a></h5>\r\n      </div>\r\n      <div class=\"accordion-inner\">\r\n        Asunt in anim uis aute irure dolor in reprehenderit in voluptate velit esse cillum dolore eu fugiat nulla pariatur. Excepteur sint occaecat cupidatat non proident, sunt in anim id est laborum. Allamco laboris nisi ut aliquip ex ea commodo consequat. Aser velit esse cillum dolore eu fugiat nulla pariatur. Excepteur sint occaecat cupidatat non proident, sunt in anim id est laborum.\r\n      </div>\r\n\r\n\r\n      <div class=\"accordion-title\">\r\n        <h5><span></span><a href=\"#\">Third Title</a></h5>\r\n      </div>\r\n      <div class=\"accordion-inner\">\r\n        Asunt in anim uis aute irure dolor in reprehenderit in voluptate velit esse cillum dolore eu fugiat nulla pariatur. Excepteur sint occaecat cupidatat non proident, sunt in anim id est laborum. Allamco laboris nisi ut aliquip ex ea commodo consequat. Aser velit esse cillum dolore eu fugiat nulla pariatur. Excepteur sint occaecat cupidatat non proident, sunt in anim id est laborum.\r\n      </div>\r\n\r\n    </div>\r\n\r\n  </div>\r\n  <!-- End Accordion -->\r\n\r\n  <div class=\"grid-3\">\r\n\r\n    <div class=\"toggle\">\r\n      <div class=\"toggle-title\">\r\n        <h5>\r\n          <i></i>\r\n          <span class=\"title-name\">First Toggle</span>\r\n        </h5>\r\n      </div>\r\n\r\n      <div class=\"toggle-inner\">\r\n        Lorem ipsum dolor sit amet, consectetur adipisicing elit, sed do eiusmod tempor incididunt ut labore et dolore magna aliqua. Ut enim ad minim veniam, quis nostrud exercitation ullamco laboris nisi ut aliquip ex ea commodo consequat. Duis aute irure dolor in reprehenderit in voluptate velit esse cillum dolore eu fugiat nulla pariatur.\r\n      </div>\r\n\r\n    </div><!-- END OF TOGGLE -->\r\n\r\n    <div class=\"toggle\">\r\n      <div class=\"toggle-title\">\r\n        <h5>\r\n          <i></i>\r\n          <span class=\"title-name\">Second Toggle</span>\r\n        </h5>\r\n      </div>\r\n\r\n      <div class=\"toggle-inner\">\r\n        Lorem ipsum dolor sit amet, consectetur adipisicing elit, sed do eiusmod tempor incididunt ut labore et dolore magna aliqua. Ut enim ad minim veniam, quis nostrud exercitation ullamco laboris nisi ut aliquip ex ea commodo consequat. Duis aute irure dolor in reprehenderit in voluptate velit esse cillum dolore eu fugiat nulla pariatur.\r\n      </div>\r\n\r\n    </div><!-- END OF TOGGLE -->\r\n\r\n\r\n    <div class=\"toggle\">\r\n      <div class=\"toggle-title active\">\r\n        <h5>\r\n          <i></i>\r\n          <span class=\"title-name\">Open Toggle</span>\r\n        </h5>\r\n      </div>\r\n\r\n      <div class=\"toggle-inner\">\r\n        Lorem ipsum dolor sit amet, consectetur adipisicing elit, sed do eiusmod tempor incididunt ut labore et dolore magna aliqua. Ut enim ad minim veniam, quis nostrud exercitation ullamco laboris nisi ut aliquip ex ea commodo consequat. Duis aute irure dolor in reprehenderit in voluptate velit esse cillum dolore eu fugiat nulla pariatur.\r\n      </div>\r\n\r\n    </div><!-- END OF TOGGLE -->\r\n\r\n  </div>\r\n</div>\r\n<!-- End Accordion & Toggle -->\r\n\r\n<!-- Tabs & Alerts -->\r\n<div class=\"shortcode clearfix\">\r\n  <h3 class=\"shortcode-title\">Tabs &amp; alerts.</h3>\r\n\r\n  <div class=\"grid-3\">\r\n    <div class=\"tabs\">\r\n      <ul>\r\n        <li><a href=\"#tab-1\">First</a></li>\r\n        <li><a href=\"#tab-2\">Second</a></li>\r\n        <li><a href=\"#tab-3\">Third</a></li>\r\n      </ul>\r\n      <div id=\"tab-1\">\r\n        <p>1. Lorem ipsum dolor sit amet, consectetur adipiscing elit. Aenean nisl orci, condim entum ultrices consequat eu, vehicula ac mauris.Asunt in anim uis aute irure dolor in reprehenderit in voluptate velit esse cillum dolore eu fugiat nulla pariatur. Excepteur sint occaecat cupidatat non proident, sunt in anim id est laborum.</p>\r\n      </div>\r\n      <div id=\"tab-2\">\r\n        <p>2. Lorem ipsum dolor sit amet, consectetur adipiscing elit. Aenean nisl orci, condim entum ultrices consequat eu, vehicula ac mauris.Asunt in anim uis aute irure dolor in reprehenderit in voluptate velit esse cillum dolore eu fugiat nulla pariatur. Excepteur sint occaecat cupidatat non proident, sunt in anim id est laborum.</p>\r\n      </div>\r\n      <div id=\"tab-3\">\r\n        <p>3. Lorem ipsum dolor sit amet, consectetur adipiscing elit. Aenean nisl orci, condim entum ultrices consequat eu, vehicula ac mauris.Asunt in anim uis aute irure dolor in reprehenderit in voluptate velit esse cillum dolore eu fugiat nulla pariatur. Excepteur sint occaecat cupidatat non proident, sunt in anim id est laborum.</p>\r\n      </div>\r\n    </div>\r\n  </div>\r\n  <div class=\"grid-3\">\r\n    <p class=\"alert error\"><strong>Error</strong> - Your message!</p>\r\n    <p class=\"alert success\"><strong>Success</strong> - Your message!</p>\r\n    <p class=\"alert info\"><strong>Info</strong> - Your message!</p>\r\n    <p class=\"alert notice\"><strong>Notice</strong> - Your message!</p>\r\n  </div>\r\n</div>\r\n<!-- End Tabs & Alerts -->\r\n\r\n\r\n<!-- Typography -->\r\n<div class=\"shortcode clearfix\">\r\n  <h3 class=\"shortcode-title\">Typography.</h3>\r\n\r\n  <div class=\"grid-half\">\r\n    <h2>Heading 2</h2>\r\n    <h3>Heading 3</h3>\r\n    <h4>Heading 4</h4>\r\n    <h5>Heading 5</h5>\r\n    <h6>Heading 6</h6>\r\n    <p>This is a standard paragraph to showcase line height etc. And those are <small>small</small>, <strong>strong</strong> and <em>emphasized</em> elements.</p>\r\n    <h6>Unordered list</h6>\r\n    <ul class=\"unordered-list\">\r\n      <li>list item</li>\r\n      <li>list item</li>\r\n      <li>list item</li>\r\n      <li>list item</li>\r\n    </ul>\r\n  </div>\r\n  <div class=\"grid-half\">\r\n    <h6>Code Element</h6>\r\n    <code>\r\n\r\n      .some-style {\r\n      width: 960px;\r\n      height: 200px;\r\n      margin: 0 auto;\r\n      background-color: #000000;\r\n      }\r\n    </code>\r\n    <h6>Blockquote</h6>\r\n    <blockquote>\"This is a sample blockquote. Donec varius felis fermentum nisl imperdiet at molestie purus porta.</blockquote>\r\n    <h6>Links</h6>\r\n    <a href=\"#\" class=\"button\">Button</a><br>\r\n  </div>\r\n</div>\r\n<!-- End Typography -->\r\n\r\n<div class=\"shortcode clearfix\">\r\n  <h3 class=\"shortcode-title\">The grid.</h3>\r\n  <span class=\"grid-shortcode grid-full\">Full width</span>\r\n  <span class=\"grid-shortcode grid-half\">Half width</span>\r\n  <span class=\"grid-shortcode grid-half\">Half width</span>\r\n  <span class=\"grid-shortcode grid-2\">1/3 width</span>\r\n  <span class=\"grid-shortcode grid-4\">2/3 width</span>\r\n  <span class=\"grid-shortcode grid-2\">1/3 width</span>\r\n  <span class=\"grid-shortcode grid-2\">1/3 width</span>\r\n  <span class=\"grid-shortcode grid-2\">1/3 width</span>\r\n  <span class=\"grid-shortcode grid-3\">1/2 width</span>\r\n  <span class=\"grid-shortcode grid-3\">1/2 width</span>\r\n  <span class=\"grid-shortcode grid-1\">1/6 width</span>\r\n  <span class=\"grid-shortcode grid-1\">1/6 width</span>\r\n  <span class=\"grid-shortcode grid-1\">1/6 width</span>\r\n  <span class=\"grid-shortcode grid-1\">1/6 width</span>\r\n  <span class=\"grid-shortcode grid-1\">1/6 width</span>\r\n  <span class=\"grid-shortcode grid-1\">1/6 width</span>\r\n</div>\r\n\r\n<!-- Responsive Video -->\r\n<div class=\"shortcode grid-full\">\r\n  <h3 class=\"shortcode-title\">Responsive video.</h3>\r\n  <div class=\"video\">\r\n    <iframe src=\"http://player.vimeo.com/video/29193046?title=0&amp;byline=0&amp;portrait=0\" width=\"940\" height=\"529\" frameborder=\"0\" webkitallowfullscreen=\"\" mozallowfullscreen=\"\" allowfullscreen=\"\"></iframe>\r\n  </div>\r\n</div>\r\n<!-- End Responsive Video -->\r\n','','full_html'),('node','portfolio',0,7,7,'und',0,'<div class=\"grid-2\">\r\n	<h6>Challange</h6>\r\n	<p>Vivamus iaculis metus eget nibh dapibus fringilla. Duis vel justo venenatis ligula bibendum vulputate et et tellus.</p>\r\n</div>\r\n<div class=\"grid-2\">\r\n	<h6>Solution</h6>\r\n	<p>Lorem ipsum dolor sit amet, consectetur adipiscing elit. Donec sed nunc risus, ac vehicula turpis. Duis fringilla fringilla lorem, at ultricies tortor elementum sed. Fusce non ligula tortor, ut hendrerit magna.</p>\r\n</div>\r\n<div class=\"grid-2\">\r\n	<h6>Result</h6>\r\n	<p>Donec nec pharetra arcu. Phasellus a odio non eros bibendum fringilla vel non lacus.</p>\r\n	<a href=\"#\">Visit the site →</a>\r\n</div>\r\n','','full_html');

--
-- Table structure for table `field_revision_comment_body`
--

CREATE TABLE `field_revision_comment_body` (
  `entity_type` varchar(128) NOT NULL DEFAULT '' COMMENT 'The entity type this data is attached to',
  `bundle` varchar(128) NOT NULL DEFAULT '' COMMENT 'The field instance bundle to which this row belongs, used when deleting a field instance',
  `deleted` tinyint(4) NOT NULL DEFAULT '0' COMMENT 'A boolean indicating whether this data item has been deleted',
  `entity_id` int(10) unsigned NOT NULL COMMENT 'The entity id this data is attached to',
  `revision_id` int(10) unsigned NOT NULL COMMENT 'The entity revision id this data is attached to',
  `language` varchar(32) NOT NULL DEFAULT '' COMMENT 'The language for this data item.',
  `delta` int(10) unsigned NOT NULL COMMENT 'The sequence number for this data item, used for multi-value fields',
  `comment_body_value` longtext,
  `comment_body_format` varchar(255) DEFAULT NULL,
  PRIMARY KEY (`entity_type`,`entity_id`,`revision_id`,`deleted`,`delta`,`language`),
  KEY `entity_type` (`entity_type`),
  KEY `bundle` (`bundle`),
  KEY `deleted` (`deleted`),
  KEY `entity_id` (`entity_id`),
  KEY `revision_id` (`revision_id`),
  KEY `language` (`language`),
  KEY `comment_body_format` (`comment_body_format`)
) ENGINE=InnoDB DEFAULT CHARSET=utf8 COMMENT='Revision archive storage for field 1 (comment_body)';

--
-- Dumping data for table `field_revision_comment_body`
--

INSERT INTO `field_revision_comment_body` VALUES ('comment','comment_node_blog',0,1,1,'und',0,'Lorem ipsum dolor sit amet, consectetuer adipiscing elit. Phasellus hendrerit. Pellentesque aliquet nibh nec urna. In nisi neque, aliquet vel, dapibus id, mattis vel, nisi. Sed pretium, ligula sollicitudin laoreet viverra, tortor libero sodales leo, eget blandit nunc tortor eu nibh. Nullam mollis. Ut justo.','full_html'),('comment','comment_node_blog',0,2,2,'und',0,'Hi There,\r\n\r\nDonec nec justo eget felis facilisis fermentum. Aliquam porttitor mauris sit amet orci. Aenean dignissim pellentesque felis. http://envato.tabvn.com\r\n\r\nJ.D.','full_html'),('comment','comment_node_blog',0,3,3,'und',0,'Lorem ipsum dolor sit amet, consectetuer adipiscing elit. Phasellus hendrerit. Pellentesque aliquet nibh nec urna. In nisi neque, aliquet vel, dapibus id, mattis vel, nisi. Sed pretium, ligula sollicitudin laoreet viverra, tortor libero sodales leo, eget blandit nunc tortor eu nibh. Nullam mollis. Ut justo.\r\n\r\nAether','full_html');

--
-- Table structure for table `field_revision_field_image`
--

CREATE TABLE `field_revision_field_image` (
  `entity_type` varchar(128) NOT NULL DEFAULT '' COMMENT 'The entity type this data is attached to',
  `bundle` varchar(128) NOT NULL DEFAULT '' COMMENT 'The field instance bundle to which this row belongs, used when deleting a field instance',
  `deleted` tinyint(4) NOT NULL DEFAULT '0' COMMENT 'A boolean indicating whether this data item has been deleted',
  `entity_id` int(10) unsigned NOT NULL COMMENT 'The entity id this data is attached to',
  `revision_id` int(10) unsigned NOT NULL COMMENT 'The entity revision id this data is attached to',
  `language` varchar(32) NOT NULL DEFAULT '' COMMENT 'The language for this data item.',
  `delta` int(10) unsigned NOT NULL COMMENT 'The sequence number for this data item, used for multi-value fields',
  `field_image_fid` int(10) unsigned DEFAULT NULL COMMENT 'The file_managed.fid being referenced in this field.',
  `field_image_alt` varchar(512) DEFAULT NULL COMMENT 'Alternative image text, for the image’s ’alt’ attribute.',
  `field_image_title` varchar(1024) DEFAULT NULL COMMENT 'Image title text, for the image’s ’title’ attribute.',
  `field_image_width` int(10) unsigned DEFAULT NULL COMMENT 'The width of the image in pixels.',
  `field_image_height` int(10) unsigned DEFAULT NULL COMMENT 'The height of the image in pixels.',
  PRIMARY KEY (`entity_type`,`entity_id`,`revision_id`,`deleted`,`delta`,`language`),
  KEY `entity_type` (`entity_type`),
  KEY `bundle` (`bundle`),
  KEY `deleted` (`deleted`),
  KEY `entity_id` (`entity_id`),
  KEY `revision_id` (`revision_id`),
  KEY `language` (`language`),
  KEY `field_image_fid` (`field_image_fid`)
) ENGINE=InnoDB DEFAULT CHARSET=utf8 COMMENT='Revision archive storage for field 4 (field_image)';

--
-- Dumping data for table `field_revision_field_image`
--

INSERT INTO `field_revision_field_image` VALUES ('node','blog',0,1,1,'und',0,1,'','',560,315),('node','blog',0,2,2,'und',0,4,'','',560,315),('node','blog',0,2,2,'und',1,5,'','',560,315),('node','blog',0,3,3,'und',0,6,'','',560,315),('node','portfolio',0,4,4,'und',0,7,'','',959,529),('node','portfolio',0,4,4,'und',1,8,'','',959,529),('node','portfolio',0,4,4,'und',2,9,'','',959,529),('node','portfolio',0,5,5,'und',0,10,'','',959,529),('node','portfolio',0,5,5,'und',1,11,'','',959,529),('node','portfolio',0,5,5,'und',2,12,'','',959,529),('node','portfolio',0,7,7,'und',0,13,'','',959,529),('node','portfolio',0,7,7,'und',1,14,'','',959,529);

--
-- Table structure for table `field_revision_field_portfolio_category`
--

CREATE TABLE `field_revision_field_portfolio_category` (
  `entity_type` varchar(128) NOT NULL DEFAULT '' COMMENT 'The entity type this data is attached to',
  `bundle` varchar(128) NOT NULL DEFAULT '' COMMENT 'The field instance bundle to which this row belongs, used when deleting a field instance',
  `deleted` tinyint(4) NOT NULL DEFAULT '0' COMMENT 'A boolean indicating whether this data item has been deleted',
  `entity_id` int(10) unsigned NOT NULL COMMENT 'The entity id this data is attached to',
  `revision_id` int(10) unsigned NOT NULL COMMENT 'The entity revision id this data is attached to',
  `language` varchar(32) NOT NULL DEFAULT '' COMMENT 'The language for this data item.',
  `delta` int(10) unsigned NOT NULL COMMENT 'The sequence number for this data item, used for multi-value fields',
  `field_portfolio_category_tid` int(10) unsigned DEFAULT NULL,
  PRIMARY KEY (`entity_type`,`entity_id`,`revision_id`,`deleted`,`delta`,`language`),
  KEY `entity_type` (`entity_type`),
  KEY `bundle` (`bundle`),
  KEY `deleted` (`deleted`),
  KEY `entity_id` (`entity_id`),
  KEY `revision_id` (`revision_id`),
  KEY `language` (`language`),
  KEY `field_portfolio_category_tid` (`field_portfolio_category_tid`)
) ENGINE=InnoDB DEFAULT CHARSET=utf8 COMMENT='Revision archive storage for field 5 (field_portfolio...';

--
-- Dumping data for table `field_revision_field_portfolio_category`
--

INSERT INTO `field_revision_field_portfolio_category` VALUES ('node','portfolio',0,4,4,'und',0,6),('node','portfolio',0,5,5,'und',0,5),('node','portfolio',0,7,7,'und',0,5);

--
-- Table structure for table `field_revision_field_tags`
--

CREATE TABLE `field_revision_field_tags` (
  `entity_type` varchar(128) NOT NULL DEFAULT '' COMMENT 'The entity type this data is attached to',
  `bundle` varchar(128) NOT NULL DEFAULT '' COMMENT 'The field instance bundle to which this row belongs, used when deleting a field instance',
  `deleted` tinyint(4) NOT NULL DEFAULT '0' COMMENT 'A boolean indicating whether this data item has been deleted',
  `entity_id` int(10) unsigned NOT NULL COMMENT 'The entity id this data is attached to',
  `revision_id` int(10) unsigned NOT NULL COMMENT 'The entity revision id this data is attached to',
  `language` varchar(32) NOT NULL DEFAULT '' COMMENT 'The language for this data item.',
  `delta` int(10) unsigned NOT NULL COMMENT 'The sequence number for this data item, used for multi-value fields',
  `field_tags_tid` int(10) unsigned DEFAULT NULL,
  PRIMARY KEY (`entity_type`,`entity_id`,`revision_id`,`deleted`,`delta`,`language`),
  KEY `entity_type` (`entity_type`),
  KEY `bundle` (`bundle`),
  KEY `deleted` (`deleted`),
  KEY `entity_id` (`entity_id`),
  KEY `revision_id` (`revision_id`),
  KEY `language` (`language`),
  KEY `field_tags_tid` (`field_tags_tid`)
) ENGINE=InnoDB DEFAULT CHARSET=utf8 COMMENT='Revision archive storage for field 3 (field_tags)';

--
-- Dumping data for table `field_revision_field_tags`
--

INSERT INTO `field_revision_field_tags` VALUES ('node','blog',0,1,1,'und',0,1),('node','blog',0,1,1,'und',1,2),('node','blog',0,2,2,'und',0,3),('node','blog',0,3,3,'und',0,2);

--
-- Table structure for table `file_managed`
--

CREATE TABLE `file_managed` (
  `fid` int(10) unsigned NOT NULL AUTO_INCREMENT COMMENT 'File ID.',
  `uid` int(10) unsigned NOT NULL DEFAULT '0' COMMENT 'The users.uid of the user who is associated with the file.',
  `filename` varchar(255) NOT NULL DEFAULT '' COMMENT 'Name of the file with no path components. This may differ from the basename of the URI if the file is renamed to avoid overwriting an existing file.',
  `uri` varchar(255) CHARACTER SET utf8 COLLATE utf8_bin NOT NULL DEFAULT '' COMMENT 'The URI to access the file (either local or remote).',
  `filemime` varchar(255) NOT NULL DEFAULT '' COMMENT 'The file’s MIME type.',
  `filesize` bigint(20) unsigned NOT NULL DEFAULT '0' COMMENT 'The size of the file in bytes.',
  `status` tinyint(4) NOT NULL DEFAULT '0' COMMENT 'A field indicating the status of the file. Two status are defined in core: temporary (0) and permanent (1). Temporary files older than DRUPAL_MAXIMUM_TEMP_FILE_AGE will be removed during a cron run.',
  `timestamp` int(10) unsigned NOT NULL DEFAULT '0' COMMENT 'UNIX timestamp for when the file was added.',
  PRIMARY KEY (`fid`),
  UNIQUE KEY `uri` (`uri`),
  KEY `uid` (`uid`),
  KEY `status` (`status`),
  KEY `timestamp` (`timestamp`)
) ENGINE=InnoDB AUTO_INCREMENT=18 DEFAULT CHARSET=utf8 COMMENT='Stores information for uploaded files.';

--
-- Dumping data for table `file_managed`
--

INSERT INTO `file_managed` VALUES (1,1,'standard.jpg','public://standard.jpg','image/jpeg',52571,1,1381395408),(3,1,'picture-1-1381396262.png','public://pictures/picture-1-1381396262.png','image/png',2011,1,1381396262),(4,1,'gallery1.jpg','public://gallery1.jpg','image/jpeg',58737,1,1381398750),(5,1,'gallery2.jpg','public://gallery2.jpg','image/jpeg',82360,1,1381398750),(6,1,'gallery2.jpg','public://gallery2_0.jpg','image/jpeg',82360,1,1381401283),(7,1,'project1-slide1.jpg','public://project1-slide1.jpg','image/jpeg',72359,1,1381468752),(8,1,'project1-slide2.jpg','public://project1-slide2.jpg','image/jpeg',53591,1,1381468752),(9,1,'project1-slide3.jpg','public://project1-slide3.jpg','image/jpeg',41036,1,1381468752),(10,1,'project2-slide1.jpg','public://project2-slide1.jpg','image/jpeg',59055,1,1381479372),(11,1,'project2-slide2.jpg','public://project2-slide2.jpg','image/jpeg',53025,1,1381479372),(12,1,'project2-slide3.jpg','public://project2-slide3.jpg','image/jpeg',83190,1,1381479372),(13,1,'project5-slide1.jpg','public://project5-slide1.jpg','image/jpeg',49300,1,1381591200),(14,1,'project5-slide2.jpg','public://project5-slide2.jpg','image/jpeg',17404,1,1381591200),(15,1,'hero.jpg','public://hero.jpg','image/jpeg',157769,1,1402297886),(16,1,'services-red.jpg','public://services-red.jpg','image/jpeg',75894,1,1402298450),(17,1,'clients.jpg','public://clients.jpg','image/jpeg',75265,1,1402298450);

--
-- Table structure for table `file_usage`
--

CREATE TABLE `file_usage` (
  `fid` int(10) unsigned NOT NULL COMMENT 'File ID.',
  `module` varchar(255) NOT NULL DEFAULT '' COMMENT 'The name of the module that is using the file.',
  `type` varchar(64) NOT NULL DEFAULT '' COMMENT 'The name of the object type in which the file is used.',
  `id` int(10) unsigned NOT NULL DEFAULT '0' COMMENT 'The primary key of the object using the file.',
  `count` int(10) unsigned NOT NULL DEFAULT '0' COMMENT 'The number of times this file is used by this object.',
  PRIMARY KEY (`fid`,`type`,`id`,`module`),
  KEY `type_id` (`type`,`id`),
  KEY `fid_count` (`fid`,`count`),
  KEY `fid_module` (`fid`,`module`)
) ENGINE=InnoDB DEFAULT CHARSET=utf8 COMMENT='Track where a file is used.';

--
-- Dumping data for table `file_usage`
--

INSERT INTO `file_usage` VALUES (1,'file','node',1,1),(3,'user','user',1,1),(4,'file','node',2,1),(5,'file','node',2,1),(6,'file','node',3,1),(7,'file','node',4,1),(8,'file','node',4,1),(9,'file','node',4,1),(10,'file','node',5,1),(11,'file','node',5,1),(12,'file','node',5,1),(13,'file','node',7,1),(14,'file','node',7,1),(15,'page_builder','page',2,1),(15,'page_builder','page',1,24),(16,'page_builder','page',2,6),(16,'page_builder','page',1,15),(17,'page_builder','page',1,3),(17,'page_builder','page',2,6);

--
-- Table structure for table `filter`
--

CREATE TABLE `filter` (
  `format` varchar(255) NOT NULL COMMENT 'Foreign key: The filter_format.format to which this filter is assigned.',
  `module` varchar(64) NOT NULL DEFAULT '' COMMENT 'The origin module of the filter.',
  `name` varchar(32) NOT NULL DEFAULT '' COMMENT 'Name of the filter being referenced.',
  `weight` int(11) NOT NULL DEFAULT '0' COMMENT 'Weight of filter within format.',
  `status` int(11) NOT NULL DEFAULT '0' COMMENT 'Filter enabled status. (1 = enabled, 0 = disabled)',
  `settings` longblob COMMENT 'A serialized array of name value pairs that store the filter settings for the specific format.',
  PRIMARY KEY (`format`,`name`),
  KEY `list` (`weight`,`module`,`name`)
) ENGINE=InnoDB DEFAULT CHARSET=utf8 COMMENT='Table that maps filters (HTML corrector) to text formats ...';

--
-- Dumping data for table `filter`
--

INSERT INTO `filter` VALUES ('filtered_html','filter','filter_autop',2,1,'a:0:{}'),('filtered_html','filter','filter_html',1,1,'a:3:{s:12:\"allowed_html\";s:74:\"<a> <em> <strong> <cite> <blockquote> <code> <ul> <ol> <li> <dl> <dt> <dd>\";s:16:\"filter_html_help\";i:1;s:20:\"filter_html_nofollow\";i:0;}'),('filtered_html','filter','filter_htmlcorrector',10,1,'a:0:{}'),('filtered_html','filter','filter_html_escape',-10,0,'a:0:{}'),('filtered_html','filter','filter_url',0,1,'a:1:{s:17:\"filter_url_length\";i:72;}'),('full_html','filter','filter_autop',1,1,'a:0:{}'),('full_html','filter','filter_html',-10,0,'a:3:{s:12:\"allowed_html\";s:74:\"<a> <em> <strong> <cite> <blockquote> <code> <ul> <ol> <li> <dl> <dt> <dd>\";s:16:\"filter_html_help\";i:1;s:20:\"filter_html_nofollow\";i:0;}'),('full_html','filter','filter_htmlcorrector',10,1,'a:0:{}'),('full_html','filter','filter_html_escape',-10,0,'a:0:{}'),('full_html','filter','filter_url',0,1,'a:1:{s:17:\"filter_url_length\";i:72;}'),('plain_text','filter','filter_autop',2,1,'a:0:{}'),('plain_text','filter','filter_html',-10,0,'a:3:{s:12:\"allowed_html\";s:74:\"<a> <em> <strong> <cite> <blockquote> <code> <ul> <ol> <li> <dl> <dt> <dd>\";s:16:\"filter_html_help\";i:1;s:20:\"filter_html_nofollow\";i:0;}'),('plain_text','filter','filter_htmlcorrector',10,0,'a:0:{}'),('plain_text','filter','filter_html_escape',0,1,'a:0:{}'),('plain_text','filter','filter_url',1,1,'a:1:{s:17:\"filter_url_length\";i:72;}');

--
-- Table structure for table `filter_format`
--

CREATE TABLE `filter_format` (
  `format` varchar(255) NOT NULL COMMENT 'Primary Key: Unique machine name of the format.',
  `name` varchar(255) NOT NULL DEFAULT '' COMMENT 'Name of the text format (Filtered HTML).',
  `cache` tinyint(4) NOT NULL DEFAULT '0' COMMENT 'Flag to indicate whether format is cacheable. (1 = cacheable, 0 = not cacheable)',
  `status` tinyint(3) unsigned NOT NULL DEFAULT '1' COMMENT 'The status of the text format. (1 = enabled, 0 = disabled)',
  `weight` int(11) NOT NULL DEFAULT '0' COMMENT 'Weight of text format to use when listing.',
  PRIMARY KEY (`format`),
  UNIQUE KEY `name` (`name`),
  KEY `status_weight` (`status`,`weight`)
) ENGINE=InnoDB DEFAULT CHARSET=utf8 COMMENT='Stores text formats: custom groupings of filters, such as...';

--
-- Dumping data for table `filter_format`
--

INSERT INTO `filter_format` VALUES ('filtered_html','Filtered HTML',1,1,-9),('full_html','Full HTML',1,1,-10),('plain_text','Plain text',1,1,-8);

--
-- Table structure for table `flood`
--

CREATE TABLE `flood` (
  `fid` int(11) NOT NULL AUTO_INCREMENT COMMENT 'Unique flood event ID.',
  `event` varchar(64) NOT NULL DEFAULT '' COMMENT 'Name of event (e.g. contact).',
  `identifier` varchar(128) NOT NULL DEFAULT '' COMMENT 'Identifier of the visitor, such as an IP address or hostname.',
  `timestamp` int(11) NOT NULL DEFAULT '0' COMMENT 'Timestamp of the event.',
  `expiration` int(11) NOT NULL DEFAULT '0' COMMENT 'Expiration timestamp. Expired events are purged on cron run.',
  PRIMARY KEY (`fid`),
  KEY `allow` (`event`,`identifier`,`timestamp`),
  KEY `purge` (`expiration`)
) ENGINE=InnoDB DEFAULT CHARSET=utf8 COMMENT='Flood controls the threshold of events, such as the...';

--
-- Dumping data for table `flood`
--


--
-- Table structure for table `history`
--

CREATE TABLE `history` (
  `uid` int(11) NOT NULL DEFAULT '0' COMMENT 'The users.uid that read the node nid.',
  `nid` int(11) NOT NULL DEFAULT '0' COMMENT 'The node.nid that was read.',
  `timestamp` int(11) NOT NULL DEFAULT '0' COMMENT 'The Unix timestamp at which the read occurred.',
  PRIMARY KEY (`uid`,`nid`),
  KEY `nid` (`nid`)
) ENGINE=InnoDB DEFAULT CHARSET=utf8 COMMENT='A record of which users have read which nodes.';

--
-- Dumping data for table `history`
--

INSERT INTO `history` VALUES (1,3,1402819858),(1,4,1403082174),(1,5,1403082179),(1,6,1402285004),(1,7,1403082186);

--
-- Table structure for table `image_effects`
--

CREATE TABLE `image_effects` (
  `ieid` int(10) unsigned NOT NULL AUTO_INCREMENT COMMENT 'The primary identifier for an image effect.',
  `isid` int(10) unsigned NOT NULL DEFAULT '0' COMMENT 'The image_styles.isid for an image style.',
  `weight` int(11) NOT NULL DEFAULT '0' COMMENT 'The weight of the effect in the style.',
  `name` varchar(255) NOT NULL COMMENT 'The unique name of the effect to be executed.',
  `data` longblob NOT NULL COMMENT 'The configuration data for the effect.',
  PRIMARY KEY (`ieid`),
  KEY `isid` (`isid`),
  KEY `weight` (`weight`)
) ENGINE=InnoDB AUTO_INCREMENT=4 DEFAULT CHARSET=utf8 COMMENT='Stores configuration options for image effects.';

--
-- Dumping data for table `image_effects`
--

INSERT INTO `image_effects` VALUES (1,1,1,'image_scale_and_crop','a:2:{s:5:\"width\";s:3:\"560\";s:6:\"height\";s:3:\"315\";}'),(2,2,1,'image_scale_and_crop','a:2:{s:5:\"width\";s:3:\"959\";s:6:\"height\";s:3:\"529\";}'),(3,3,1,'image_scale_and_crop','a:2:{s:5:\"width\";s:3:\"545\";s:6:\"height\";s:3:\"344\";}');

--
-- Table structure for table `image_styles`
--

CREATE TABLE `image_styles` (
  `isid` int(10) unsigned NOT NULL AUTO_INCREMENT COMMENT 'The primary identifier for an image style.',
  `name` varchar(255) NOT NULL COMMENT 'The style machine name.',
  `label` varchar(255) NOT NULL DEFAULT '' COMMENT 'The style administrative name.',
  PRIMARY KEY (`isid`),
  UNIQUE KEY `name` (`name`)
) ENGINE=InnoDB AUTO_INCREMENT=4 DEFAULT CHARSET=utf8 COMMENT='Stores configuration options for image styles.';

--
-- Dumping data for table `image_styles`
--

INSERT INTO `image_styles` VALUES (1,'blog_teaser','blog_teaser'),(2,'portfolio_view','Portfolio view'),(3,'portfolio_item','Portfolio item');

--
-- Table structure for table `menu_custom`
--

CREATE TABLE `menu_custom` (
  `menu_name` varchar(32) NOT NULL DEFAULT '' COMMENT 'Primary Key: Unique key for menu. This is used as a block delta so length is 32.',
  `title` varchar(255) NOT NULL DEFAULT '' COMMENT 'Menu title; displayed at top of block.',
  `description` text COMMENT 'Menu description.',
  PRIMARY KEY (`menu_name`)
) ENGINE=InnoDB DEFAULT CHARSET=utf8 COMMENT='Holds definitions for top-level custom menus (for example...';

--
-- Dumping data for table `menu_custom`
--

INSERT INTO `menu_custom` VALUES ('main-menu','Main menu','The <em>Main</em> menu is used on many sites to show the major sections of the site, often in a top navigation bar.'),('management','Management','The <em>Management</em> menu contains links for administrative tasks.'),('navigation','Navigation','The <em>Navigation</em> menu contains links intended for site visitors. Links are added to the <em>Navigation</em> menu automatically by some modules.'),('user-menu','User menu','The <em>User</em> menu contains links related to the user\'s account, as well as the \'Log out\' link.');

--
-- Table structure for table `menu_links`
--

CREATE TABLE `menu_links` (
  `menu_name` varchar(32) NOT NULL DEFAULT '' COMMENT 'The menu name. All links with the same menu name (such as ’navigation’) are part of the same menu.',
  `mlid` int(10) unsigned NOT NULL AUTO_INCREMENT COMMENT 'The menu link ID (mlid) is the integer primary key.',
  `plid` int(10) unsigned NOT NULL DEFAULT '0' COMMENT 'The parent link ID (plid) is the mlid of the link above in the hierarchy, or zero if the link is at the top level in its menu.',
  `link_path` varchar(255) NOT NULL DEFAULT '' COMMENT 'The Drupal path or external path this link points to.',
  `router_path` varchar(255) NOT NULL DEFAULT '' COMMENT 'For links corresponding to a Drupal path (external = 0), this connects the link to a menu_router.path for joins.',
  `link_title` varchar(255) NOT NULL DEFAULT '' COMMENT 'The text displayed for the link, which may be modified by a title callback stored in menu_router.',
  `options` blob COMMENT 'A serialized array of options to be passed to the url() or l() function, such as a query string or HTML attributes.',
  `module` varchar(255) NOT NULL DEFAULT 'system' COMMENT 'The name of the module that generated this link.',
  `hidden` smallint(6) NOT NULL DEFAULT '0' COMMENT 'A flag for whether the link should be rendered in menus. (1 = a disabled menu item that may be shown on admin screens, -1 = a menu callback, 0 = a normal, visible link)',
  `external` smallint(6) NOT NULL DEFAULT '0' COMMENT 'A flag to indicate if the link points to a full URL starting with a protocol, like http:// (1 = external, 0 = internal).',
  `has_children` smallint(6) NOT NULL DEFAULT '0' COMMENT 'Flag indicating whether any links have this link as a parent (1 = children exist, 0 = no children).',
  `expanded` smallint(6) NOT NULL DEFAULT '0' COMMENT 'Flag for whether this link should be rendered as expanded in menus - expanded links always have their child links displayed, instead of only when the link is in the active trail (1 = expanded, 0 = not expanded)',
  `weight` int(11) NOT NULL DEFAULT '0' COMMENT 'Link weight among links in the same menu at the same depth.',
  `depth` smallint(6) NOT NULL DEFAULT '0' COMMENT 'The depth relative to the top level. A link with plid == 0 will have depth == 1.',
  `customized` smallint(6) NOT NULL DEFAULT '0' COMMENT 'A flag to indicate that the user has manually created or edited the link (1 = customized, 0 = not customized).',
  `p1` int(10) unsigned NOT NULL DEFAULT '0' COMMENT 'The first mlid in the materialized path. If N = depth, then pN must equal the mlid. If depth > 1 then p(N-1) must equal the plid. All pX where X > depth must equal zero. The columns p1 .. p9 are also called the parents.',
  `p2` int(10) unsigned NOT NULL DEFAULT '0' COMMENT 'The second mlid in the materialized path. See p1.',
  `p3` int(10) unsigned NOT NULL DEFAULT '0' COMMENT 'The third mlid in the materialized path. See p1.',
  `p4` int(10) unsigned NOT NULL DEFAULT '0' COMMENT 'The fourth mlid in the materialized path. See p1.',
  `p5` int(10) unsigned NOT NULL DEFAULT '0' COMMENT 'The fifth mlid in the materialized path. See p1.',
  `p6` int(10) unsigned NOT NULL DEFAULT '0' COMMENT 'The sixth mlid in the materialized path. See p1.',
  `p7` int(10) unsigned NOT NULL DEFAULT '0' COMMENT 'The seventh mlid in the materialized path. See p1.',
  `p8` int(10) unsigned NOT NULL DEFAULT '0' COMMENT 'The eighth mlid in the materialized path. See p1.',
  `p9` int(10) unsigned NOT NULL DEFAULT '0' COMMENT 'The ninth mlid in the materialized path. See p1.',
  `updated` smallint(6) NOT NULL DEFAULT '0' COMMENT 'Flag that indicates that this link was generated during the update from Drupal 5.',
  PRIMARY KEY (`mlid`),
  KEY `path_menu` (`link_path`(128),`menu_name`),
  KEY `menu_plid_expand_child` (`menu_name`,`plid`,`expanded`,`has_children`),
  KEY `menu_parents` (`menu_name`,`p1`,`p2`,`p3`,`p4`,`p5`,`p6`,`p7`,`p8`,`p9`),
  KEY `router_path` (`router_path`(128))
) ENGINE=InnoDB AUTO_INCREMENT=538 DEFAULT CHARSET=utf8 COMMENT='Contains the individual links within a menu.';

--
-- Dumping data for table `menu_links`
--



--
-- Table structure for table `menu_router`
--

CREATE TABLE `menu_router` (
  `path` varchar(255) NOT NULL DEFAULT '' COMMENT 'Primary Key: the Drupal path this entry describes',
  `load_functions` blob NOT NULL COMMENT 'A serialized array of function names (like node_load) to be called to load an object corresponding to a part of the current path.',
  `to_arg_functions` blob NOT NULL COMMENT 'A serialized array of function names (like user_uid_optional_to_arg) to be called to replace a part of the router path with another string.',
  `access_callback` varchar(255) NOT NULL DEFAULT '' COMMENT 'The callback which determines the access to this router path. Defaults to user_access.',
  `access_arguments` blob COMMENT 'A serialized array of arguments for the access callback.',
  `page_callback` varchar(255) NOT NULL DEFAULT '' COMMENT 'The name of the function that renders the page.',
  `page_arguments` blob COMMENT 'A serialized array of arguments for the page callback.',
  `delivery_callback` varchar(255) NOT NULL DEFAULT '' COMMENT 'The name of the function that sends the result of the page_callback function to the browser.',
  `fit` int(11) NOT NULL DEFAULT '0' COMMENT 'A numeric representation of how specific the path is.',
  `number_parts` smallint(6) NOT NULL DEFAULT '0' COMMENT 'Number of parts in this router path.',
  `context` int(11) NOT NULL DEFAULT '0' COMMENT 'Only for local tasks (tabs) - the context of a local task to control its placement.',
  `tab_parent` varchar(255) NOT NULL DEFAULT '' COMMENT 'Only for local tasks (tabs) - the router path of the parent page (which may also be a local task).',
  `tab_root` varchar(255) NOT NULL DEFAULT '' COMMENT 'Router path of the closest non-tab parent page. For pages that are not local tasks, this will be the same as the path.',
  `title` varchar(255) NOT NULL DEFAULT '' COMMENT 'The title for the current page, or the title for the tab if this is a local task.',
  `title_callback` varchar(255) NOT NULL DEFAULT '' COMMENT 'A function which will alter the title. Defaults to t()',
  `title_arguments` varchar(255) NOT NULL DEFAULT '' COMMENT 'A serialized array of arguments for the title callback. If empty, the title will be used as the sole argument for the title callback.',
  `theme_callback` varchar(255) NOT NULL DEFAULT '' COMMENT 'A function which returns the name of the theme that will be used to render this page. If left empty, the default theme will be used.',
  `theme_arguments` varchar(255) NOT NULL DEFAULT '' COMMENT 'A serialized array of arguments for the theme callback.',
  `type` int(11) NOT NULL DEFAULT '0' COMMENT 'Numeric representation of the type of the menu item, like MENU_LOCAL_TASK.',
  `description` text NOT NULL COMMENT 'A description of this item.',
  `position` varchar(255) NOT NULL DEFAULT '' COMMENT 'The position of the block (left or right) on the system administration page for this item.',
  `weight` int(11) NOT NULL DEFAULT '0' COMMENT 'Weight of the element. Lighter weights are higher up, heavier weights go down.',
  `include_file` mediumtext COMMENT 'The file to include for this element, usually the page callback function lives in this file.',
  PRIMARY KEY (`path`),
  KEY `fit` (`fit`),
  KEY `tab_parent` (`tab_parent`(64),`weight`,`title`),
  KEY `tab_root_weight_title` (`tab_root`(64),`weight`,`title`)
) ENGINE=InnoDB DEFAULT CHARSET=utf8 COMMENT='Maps paths to various callbacks (access, page and title)';

--
-- Dumping data for table `menu_router`
--



--
-- Table structure for table `node`
--

CREATE TABLE `node` (
  `nid` int(10) unsigned NOT NULL AUTO_INCREMENT COMMENT 'The primary identifier for a node.',
  `vid` int(10) unsigned DEFAULT NULL COMMENT 'The current node_revision.vid version identifier.',
  `type` varchar(32) NOT NULL DEFAULT '' COMMENT 'The node_type.type of this node.',
  `language` varchar(12) NOT NULL DEFAULT '' COMMENT 'The languages.language of this node.',
  `title` varchar(255) NOT NULL DEFAULT '' COMMENT 'The title of this node, always treated as non-markup plain text.',
  `uid` int(11) NOT NULL DEFAULT '0' COMMENT 'The users.uid that owns this node; initially, this is the user that created it.',
  `status` int(11) NOT NULL DEFAULT '1' COMMENT 'Boolean indicating whether the node is published (visible to non-administrators).',
  `created` int(11) NOT NULL DEFAULT '0' COMMENT 'The Unix timestamp when the node was created.',
  `changed` int(11) NOT NULL DEFAULT '0' COMMENT 'The Unix timestamp when the node was most recently saved.',
  `comment` int(11) NOT NULL DEFAULT '0' COMMENT 'Whether comments are allowed on this node: 0 = no, 1 = closed (read only), 2 = open (read/write).',
  `promote` int(11) NOT NULL DEFAULT '0' COMMENT 'Boolean indicating whether the node should be displayed on the front page.',
  `sticky` int(11) NOT NULL DEFAULT '0' COMMENT 'Boolean indicating whether the node should be displayed at the top of lists in which it appears.',
  `tnid` int(10) unsigned NOT NULL DEFAULT '0' COMMENT 'The translation set id for this node, which equals the node id of the source post in each set.',
  `translate` int(11) NOT NULL DEFAULT '0' COMMENT 'A boolean indicating whether this translation page needs to be updated.',
  PRIMARY KEY (`nid`),
  UNIQUE KEY `vid` (`vid`),
  KEY `node_changed` (`changed`),
  KEY `node_created` (`created`),
  KEY `node_frontpage` (`promote`,`status`,`sticky`,`created`),
  KEY `node_status_type` (`status`,`type`,`nid`),
  KEY `node_title_type` (`title`,`type`(4)),
  KEY `node_type` (`type`(4)),
  KEY `uid` (`uid`),
  KEY `tnid` (`tnid`),
  KEY `translate` (`translate`),
  KEY `language` (`language`)
) ENGINE=InnoDB AUTO_INCREMENT=8 DEFAULT CHARSET=utf8 COMMENT='The base table for nodes.';

--
-- Dumping data for table `node`
--

INSERT INTO `node` VALUES (1,1,'blog','und','Standard post with goodies',1,1,1381395408,1381468881,2,1,0,0,0),(2,2,'blog','und','Gallery post with a gallery',1,1,1381398750,1381468875,2,1,0,0,0),(3,3,'blog','und','Nam erat felis',1,1,1381400296,1381468865,2,1,0,0,0),(4,4,'portfolio','und','Sweet candy',1,1,1381468752,1381468850,1,0,0,0,0),(5,5,'portfolio','und','Soul digital',1,1,1381479372,1381479372,1,0,0,0,0),(6,6,'page','und','Shortcodes',1,1,1381589882,1381589882,1,0,0,0,0),(7,7,'portfolio','und','Axel',1,1,1381591200,1381591200,1,0,0,0,0);

--
-- Table structure for table `node_access`
--

CREATE TABLE `node_access` (
  `nid` int(10) unsigned NOT NULL DEFAULT '0' COMMENT 'The node.nid this record affects.',
  `gid` int(10) unsigned NOT NULL DEFAULT '0' COMMENT 'The grant ID a user must possess in the specified realm to gain this row’s privileges on the node.',
  `realm` varchar(255) NOT NULL DEFAULT '' COMMENT 'The realm in which the user must possess the grant ID. Each node access node can define one or more realms.',
  `grant_view` tinyint(3) unsigned NOT NULL DEFAULT '0' COMMENT 'Boolean indicating whether a user with the realm/grant pair can view this node.',
  `grant_update` tinyint(3) unsigned NOT NULL DEFAULT '0' COMMENT 'Boolean indicating whether a user with the realm/grant pair can edit this node.',
  `grant_delete` tinyint(3) unsigned NOT NULL DEFAULT '0' COMMENT 'Boolean indicating whether a user with the realm/grant pair can delete this node.',
  PRIMARY KEY (`nid`,`gid`,`realm`)
) ENGINE=InnoDB DEFAULT CHARSET=utf8 COMMENT='Identifies which realm/grant pairs a user must possess in...';

--
-- Dumping data for table `node_access`
--

INSERT INTO `node_access` VALUES (0,0,'all',1,0,0);

--
-- Table structure for table `node_comment_statistics`
--

CREATE TABLE `node_comment_statistics` (
  `nid` int(10) unsigned NOT NULL DEFAULT '0' COMMENT 'The node.nid for which the statistics are compiled.',
  `cid` int(11) NOT NULL DEFAULT '0' COMMENT 'The comment.cid of the last comment.',
  `last_comment_timestamp` int(11) NOT NULL DEFAULT '0' COMMENT 'The Unix timestamp of the last comment that was posted within this node, from comment.changed.',
  `last_comment_name` varchar(60) DEFAULT NULL COMMENT 'The name of the latest author to post a comment on this node, from comment.name.',
  `last_comment_uid` int(11) NOT NULL DEFAULT '0' COMMENT 'The user ID of the latest author to post a comment on this node, from comment.uid.',
  `comment_count` int(10) unsigned NOT NULL DEFAULT '0' COMMENT 'The total number of comments on this node.',
  PRIMARY KEY (`nid`),
  KEY `node_comment_timestamp` (`last_comment_timestamp`),
  KEY `comment_count` (`comment_count`),
  KEY `last_comment_uid` (`last_comment_uid`)
) ENGINE=InnoDB DEFAULT CHARSET=utf8 COMMENT='Maintains statistics of node and comments posts to show ...';

--
-- Dumping data for table `node_comment_statistics`
--

INSERT INTO `node_comment_statistics` VALUES (1,3,1381586339,'',1,3),(2,0,1381398750,NULL,1,0),(3,0,1381400296,NULL,1,0),(4,0,1381468752,NULL,1,0),(5,0,1381479372,NULL,1,0),(6,0,1381589882,NULL,1,0),(7,0,1381591200,NULL,1,0);

--
-- Table structure for table `node_revision`
--

CREATE TABLE `node_revision` (
  `nid` int(10) unsigned NOT NULL DEFAULT '0' COMMENT 'The node this version belongs to.',
  `vid` int(10) unsigned NOT NULL AUTO_INCREMENT COMMENT 'The primary identifier for this version.',
  `uid` int(11) NOT NULL DEFAULT '0' COMMENT 'The users.uid that created this version.',
  `title` varchar(255) NOT NULL DEFAULT '' COMMENT 'The title of this version.',
  `log` longtext NOT NULL COMMENT 'The log entry explaining the changes in this version.',
  `timestamp` int(11) NOT NULL DEFAULT '0' COMMENT 'A Unix timestamp indicating when this version was created.',
  `status` int(11) NOT NULL DEFAULT '1' COMMENT 'Boolean indicating whether the node (at the time of this revision) is published (visible to non-administrators).',
  `comment` int(11) NOT NULL DEFAULT '0' COMMENT 'Whether comments are allowed on this node (at the time of this revision): 0 = no, 1 = closed (read only), 2 = open (read/write).',
  `promote` int(11) NOT NULL DEFAULT '0' COMMENT 'Boolean indicating whether the node (at the time of this revision) should be displayed on the front page.',
  `sticky` int(11) NOT NULL DEFAULT '0' COMMENT 'Boolean indicating whether the node (at the time of this revision) should be displayed at the top of lists in which it appears.',
  PRIMARY KEY (`vid`),
  KEY `nid` (`nid`),
  KEY `uid` (`uid`)
) ENGINE=InnoDB AUTO_INCREMENT=8 DEFAULT CHARSET=utf8 COMMENT='Stores information about each saved version of a node.';

--
-- Dumping data for table `node_revision`
--

INSERT INTO `node_revision` VALUES (1,1,1,'Standard post with goodies','',1381468881,1,2,1,0),(2,2,1,'Gallery post with a gallery','',1381468875,1,2,1,0),(3,3,1,'Nam erat felis','',1381468865,1,2,1,0),(4,4,1,'Sweet candy','',1381468850,1,1,0,0),(5,5,1,'Soul digital','',1381479372,1,1,0,0),(6,6,1,'Shortcodes','',1381589882,1,1,0,0),(7,7,1,'Axel','',1381591200,1,1,0,0);

--
-- Table structure for table `node_type`
--

CREATE TABLE `node_type` (
  `type` varchar(32) NOT NULL COMMENT 'The machine-readable name of this type.',
  `name` varchar(255) NOT NULL DEFAULT '' COMMENT 'The human-readable name of this type.',
  `base` varchar(255) NOT NULL COMMENT 'The base string used to construct callbacks corresponding to this node type.',
  `module` varchar(255) NOT NULL COMMENT 'The module defining this node type.',
  `description` mediumtext NOT NULL COMMENT 'A brief description of this type.',
  `help` mediumtext NOT NULL COMMENT 'Help information shown to the user when creating a node of this type.',
  `has_title` tinyint(3) unsigned NOT NULL COMMENT 'Boolean indicating whether this type uses the node.title field.',
  `title_label` varchar(255) NOT NULL DEFAULT '' COMMENT 'The label displayed for the title field on the edit form.',
  `custom` tinyint(4) NOT NULL DEFAULT '0' COMMENT 'A boolean indicating whether this type is defined by a module (FALSE) or by a user via Add content type (TRUE).',
  `modified` tinyint(4) NOT NULL DEFAULT '0' COMMENT 'A boolean indicating whether this type has been modified by an administrator; currently not used in any way.',
  `locked` tinyint(4) NOT NULL DEFAULT '0' COMMENT 'A boolean indicating whether the administrator can change the machine name of this type.',
  `disabled` tinyint(4) NOT NULL DEFAULT '0' COMMENT 'A boolean indicating whether the node type is disabled.',
  `orig_type` varchar(255) NOT NULL DEFAULT '' COMMENT 'The original machine-readable name of this node type. This may be different from the current type name if the locked field is 0.',
  PRIMARY KEY (`type`)
) ENGINE=InnoDB DEFAULT CHARSET=utf8 COMMENT='Stores information about all defined node types.';

--
-- Dumping data for table `node_type`
--

INSERT INTO `node_type` VALUES ('article','Article','node_content','node','Use <em>articles</em> for time-sensitive content like news, press releases or blog posts.','',1,'Title',1,1,0,0,'article'),('blog','Blog','node_content','node','Blog entry.','',1,'Title',1,1,0,0,'blog'),('page','Basic page','node_content','node','Use <em>basic pages</em> for your static content, such as an \'About us\' page.','',1,'Title',1,1,0,0,'page'),('portfolio','Portfolio','node_content','node','Portfolio entry.','',1,'Title',1,1,0,0,'portfolio');

--
-- Table structure for table `pagebuilder`
--

CREATE TABLE `pagebuilder` (
  `id` int(11) NOT NULL AUTO_INCREMENT COMMENT 'TODO: please describe this field!',
  `page_title` varchar(255) DEFAULT NULL COMMENT 'TODO: please describe this field!',
  `show_title` int(11) NOT NULL DEFAULT '0' COMMENT 'TODO: please describe this field!',
  `active` int(11) NOT NULL DEFAULT '0' COMMENT 'TODO: please describe this field!',
  `data` longtext NOT NULL COMMENT 'TODO: please describe this field!',
  `created` int(11) NOT NULL COMMENT 'TODO: please describe this field!',
  `updated` int(11) DEFAULT NULL COMMENT 'TODO: please describe this field!',
  PRIMARY KEY (`id`)
) ENGINE=InnoDB AUTO_INCREMENT=3 DEFAULT CHARSET=utf8 COMMENT='TODO: please describe this table!';

--
-- Dumping data for table `pagebuilder`
--

INSERT INTO `pagebuilder` VALUES (1,'Home',0,1,'a:5:{s:4:\"rows\";a:6:{i:0;a:2:{s:6:\"weight\";s:1:\"0\";s:12:\"row_settings\";a:9:{s:6:\"css_id\";s:8:\"section1\";s:9:\"css_class\";s:9:\"height100\";s:15:\"inner_css_class\";s:34:\"dark content container text-center\";s:10:\"css_custom\";s:0:\"\";s:16:\"background_image\";s:2:\"15\";s:12:\"use_parallax\";i:1;s:8:\"parallax\";a:2:{s:10:\"p_position\";s:3:\"50%\";s:7:\"p_speed\";s:3:\"0.1\";}s:9:\"use_video\";i:0;s:5:\"video\";a:7:{s:8:\"videoURL\";s:0:\"\";s:4:\"mute\";i:1;s:8:\"autoPlay\";i:1;s:4:\"loop\";i:1;s:15:\"optimizeDisplay\";i:1;s:12:\"showControls\";i:0;s:7:\"quality\";s:5:\"hd720\";}}}i:1;a:2:{s:6:\"weight\";s:1:\"1\";s:12:\"row_settings\";a:9:{s:6:\"css_id\";s:8:\"section2\";s:9:\"css_class\";s:0:\"\";s:15:\"inner_css_class\";s:0:\"\";s:10:\"css_custom\";s:0:\"\";s:16:\"background_image\";i:0;s:12:\"use_parallax\";i:0;s:8:\"parallax\";a:2:{s:10:\"p_position\";s:3:\"50%\";s:7:\"p_speed\";s:3:\"0.1\";}s:9:\"use_video\";i:0;s:5:\"video\";a:7:{s:8:\"videoURL\";s:0:\"\";s:4:\"mute\";i:1;s:8:\"autoPlay\";i:1;s:4:\"loop\";i:1;s:15:\"optimizeDisplay\";i:1;s:12:\"showControls\";i:0;s:7:\"quality\";s:5:\"hd720\";}}}i:2;a:2:{s:6:\"weight\";s:1:\"2\";s:12:\"row_settings\";a:9:{s:6:\"css_id\";s:8:\"section3\";s:9:\"css_class\";s:0:\"\";s:15:\"inner_css_class\";s:21:\"dark padded container\";s:10:\"css_custom\";s:0:\"\";s:16:\"background_image\";s:2:\"16\";s:12:\"use_parallax\";i:1;s:8:\"parallax\";a:2:{s:10:\"p_position\";s:3:\"50%\";s:7:\"p_speed\";s:3:\"0.1\";}s:9:\"use_video\";i:0;s:5:\"video\";a:7:{s:8:\"videoURL\";s:0:\"\";s:4:\"mute\";i:1;s:8:\"autoPlay\";i:1;s:4:\"loop\";i:1;s:15:\"optimizeDisplay\";i:1;s:12:\"showControls\";i:0;s:7:\"quality\";s:5:\"hd720\";}}}i:3;a:2:{s:6:\"weight\";s:1:\"3\";s:12:\"row_settings\";a:9:{s:6:\"css_id\";s:8:\"section4\";s:9:\"css_class\";s:0:\"\";s:15:\"inner_css_class\";s:10:\"full-width\";s:10:\"css_custom\";s:0:\"\";s:16:\"background_image\";i:0;s:12:\"use_parallax\";i:0;s:8:\"parallax\";a:2:{s:10:\"p_position\";s:3:\"50%\";s:7:\"p_speed\";s:3:\"0.1\";}s:9:\"use_video\";i:0;s:5:\"video\";a:7:{s:8:\"videoURL\";s:0:\"\";s:4:\"mute\";i:1;s:8:\"autoPlay\";i:1;s:4:\"loop\";i:1;s:15:\"optimizeDisplay\";i:1;s:12:\"showControls\";i:0;s:7:\"quality\";s:5:\"hd720\";}}}i:4;a:2:{s:6:\"weight\";s:1:\"4\";s:12:\"row_settings\";a:9:{s:6:\"css_id\";s:8:\"section5\";s:9:\"css_class\";s:0:\"\";s:15:\"inner_css_class\";s:9:\"container\";s:10:\"css_custom\";s:35:\"padding-bottom:0;\r\nmargin-bottom:0;\";s:16:\"background_image\";i:0;s:12:\"use_parallax\";i:0;s:8:\"parallax\";a:2:{s:10:\"p_position\";s:3:\"50%\";s:7:\"p_speed\";s:3:\"0.1\";}s:9:\"use_video\";i:0;s:5:\"video\";a:7:{s:8:\"videoURL\";s:0:\"\";s:4:\"mute\";i:1;s:8:\"autoPlay\";i:1;s:4:\"loop\";i:1;s:15:\"optimizeDisplay\";i:1;s:12:\"showControls\";i:0;s:7:\"quality\";s:5:\"hd720\";}}}i:5;a:2:{s:6:\"weight\";s:1:\"5\";s:12:\"row_settings\";a:9:{s:6:\"css_id\";s:8:\"section6\";s:9:\"css_class\";s:0:\"\";s:15:\"inner_css_class\";s:21:\"container padded dark\";s:10:\"css_custom\";s:0:\"\";s:16:\"background_image\";s:2:\"17\";s:12:\"use_parallax\";i:1;s:8:\"parallax\";a:2:{s:10:\"p_position\";s:3:\"50%\";s:7:\"p_speed\";s:3:\"0.1\";}s:9:\"use_video\";i:0;s:5:\"video\";a:7:{s:8:\"videoURL\";s:0:\"\";s:4:\"mute\";i:1;s:8:\"autoPlay\";i:1;s:4:\"loop\";i:1;s:15:\"optimizeDisplay\";i:1;s:12:\"showControls\";i:0;s:7:\"quality\";s:5:\"hd720\";}}}}s:7:\"columns\";a:6:{i:0;a:1:{i:0;a:2:{s:6:\"weight\";s:1:\"0\";s:8:\"settings\";a:1:{s:9:\"grid_size\";s:2:\"12\";}}}i:1;a:1:{i:0;a:2:{s:6:\"weight\";s:1:\"0\";s:8:\"settings\";a:1:{s:9:\"grid_size\";s:2:\"12\";}}}i:2;a:1:{i:0;a:2:{s:6:\"weight\";s:1:\"0\";s:8:\"settings\";a:1:{s:9:\"grid_size\";s:2:\"12\";}}}i:3;a:1:{i:0;a:2:{s:6:\"weight\";s:1:\"0\";s:8:\"settings\";a:1:{s:9:\"grid_size\";s:2:\"12\";}}}i:4;a:5:{i:0;a:2:{s:6:\"weight\";s:1:\"0\";s:8:\"settings\";a:1:{s:9:\"grid_size\";s:2:\"12\";}}i:1;a:2:{s:6:\"weight\";s:1:\"1\";s:8:\"settings\";a:1:{s:9:\"grid_size\";s:1:\"4\";}}i:2;a:2:{s:6:\"weight\";s:1:\"2\";s:8:\"settings\";a:1:{s:9:\"grid_size\";s:1:\"4\";}}i:3;a:2:{s:6:\"weight\";s:1:\"3\";s:8:\"settings\";a:1:{s:9:\"grid_size\";s:1:\"4\";}}i:4;a:2:{s:6:\"weight\";s:1:\"4\";s:8:\"settings\";a:1:{s:9:\"grid_size\";s:2:\"12\";}}}i:5;a:1:{i:0;a:2:{s:6:\"weight\";s:1:\"0\";s:8:\"settings\";a:1:{s:9:\"grid_size\";s:2:\"12\";}}}}s:8:\"elements\";a:6:{i:0;a:1:{i:0;a:1:{i:0;a:5:{s:5:\"title\";s:18:\"[Home] Section One\";s:10:\"show_title\";s:1:\"0\";s:8:\"settings\";s:436:\"a:3:{s:4:\"type\";s:16:\"global_text_area\";s:4:\"info\";s:17:\"[Global] textarea\";s:7:\"content\";s:336:\"<div class=\"ticker\">\r\n	<h1>Creative solutions.</h1>\r\n	<h1>Creative ideas.</h1>\r\n 	<h1>Creative design.</h1>\r\n	</div>\r\n\r\n	<!-- Buttons -->\r\n<ul class=\"call-to-action\">\r\n	<li><a class=\"button\" href=\"#section2\">Learn more</a></li>\r\n	<li><a class=\"button no-border\" href=\"#\" target=\"_blank\">Buy now<i class=\"icon right\"></i></a></li>\r\n</ul>\";}\";s:4:\"type\";s:16:\"global_text_area\";s:6:\"weight\";s:1:\"0\";}}}i:1;a:1:{i:0;a:1:{i:0;a:5:{s:5:\"title\";s:8:\"About us\";s:10:\"show_title\";s:1:\"1\";s:8:\"settings\";s:468:\"a:3:{s:4:\"type\";s:16:\"global_text_area\";s:4:\"info\";s:17:\"[Global] textarea\";s:7:\"content\";s:368:\"<div class=\"text-center\">\r\n	<p class=\"sub-heading\">We are Visia. We offer creative solutions for every web-based project you can think of. We take pride in our work and everything we create is executed with precision and love.</p>\r\n\r\n<img class=\"animated slide\"  data-appear-bottom-offset=\"100\" src=\"/sites/all/themes/visia/images/about.jpg\" alt=\"About Visia\">\r\n</div>\";}\";s:4:\"type\";s:16:\"global_text_area\";s:6:\"weight\";s:1:\"0\";}}}i:2;a:1:{i:0;a:1:{i:0;a:5:{s:5:\"title\";s:8:\"Services\";s:10:\"show_title\";s:1:\"1\";s:8:\"settings\";s:4063:\"a:3:{s:4:\"type\";s:16:\"global_text_area\";s:4:\"info\";s:17:\"[Global] textarea\";s:7:\"content\";s:3962:\"			<!-- Text -->\r\n			<div class=\"text-center\">\r\n				<p class=\"sub-heading\">Our services offering ranges from UX design to e-commerce setups. Just check out all of the service lists below to get a general idea of what we are capable of delivering. And make sure to see our portfolio for proof of our awesomeness.</p>\r\n			</div>\r\n\r\n			<!-- Icons -->\r\n			<ul class=\"icons clearfix\">\r\n\r\n				<!-- Single Icon -->\r\n				<li class=\"overview animated entrance\" data-appear-bottom-offset=\"100\">\r\n\r\n					<!-- Feature List -->\r\n					<div class=\"icon ux\">\r\n						<div class=\"details\">\r\n							<span class=\"arrow-down\"></span>\r\n							<ul class=\"feature-list\">\r\n								<li><span class=\"list-dot\"></span>Wireframing</li>\r\n								<li><span class=\"list-dot\"></span>Content Strategy</li>\r\n								<li><span class=\"list-dot\"></span>Information Architecture</li>\r\n							</ul>\r\n						</div>\r\n					</div>\r\n\r\n					<!-- Title -->\r\n					<h4>UX</h4>\r\n\r\n				</li>\r\n\r\n				<!-- Single Icon -->\r\n				<li class=\"overview animated entrance\" data-appear-bottom-offset=\"100\">\r\n\r\n					<!-- Feature List -->\r\n					<div class=\"icon design\">\r\n						<div class=\"details\">\r\n							<span class=\"arrow-down\"></span>\r\n							<ul class=\"feature-list\">\r\n								<li><span class=\"list-dot\"></span>Branding</li>\r\n								<li><span class=\"list-dot\"></span>Web Design</li>\r\n								<li><span class=\"list-dot\"></span>Mobile Apps</li>\r\n								<li><span class=\"list-dot\"></span>Animation and Motion</li>\r\n							</ul>\r\n						</div>\r\n					</div>\r\n\r\n					<!-- Title -->\r\n					<h4>Design</h4>\r\n				</li>\r\n\r\n				<!-- Single Icon -->\r\n				<li class=\"overview animated entrance\" data-appear-bottom-offset=\"100\">\r\n\r\n					<!-- Feature List -->\r\n					<div class=\"icon seo\">\r\n						<div class=\"details\">\r\n							<span class=\"arrow-down\"></span>\r\n							<ul class=\"feature-list\">\r\n								<li><span class=\"list-dot\"></span>Meta Information</li>\r\n								<li><span class=\"list-dot\"></span>Ad Words Campaign</li>\r\n								<li><span class=\"list-dot\"></span>Google Optimization</li>\r\n								<li><span class=\"list-dot\"></span>Bing Optimization</li>\r\n							</ul>\r\n						</div>\r\n					</div>\r\n\r\n					<!-- Title -->\r\n					<h4>Seo</h4>\r\n				</li>\r\n\r\n				<!-- Single Icon -->\r\n				<li class=\"overview animated entrance\" data-appear-bottom-offset=\"100\">\r\n\r\n					<!-- Feature List -->\r\n					<div class=\"icon social\">\r\n						<div class=\"details\">\r\n							<span class=\"arrow-down\"></span>\r\n							<ul class=\"feature-list\">\r\n								<li><span class=\"list-dot\"></span>Facebook Apps and Pages</li>\r\n								<li><span class=\"list-dot\"></span>Twitter Setup</li>\r\n								<li><span class=\"list-dot\"></span>Social Strategy and Planing</li>\r\n							</ul>\r\n						</div>\r\n					</div>\r\n\r\n					<!-- Title -->\r\n					<h4>Social</h4>\r\n				</li>\r\n\r\n				<!-- Single Icon -->\r\n				<li class=\"overview animated entrance\" data-appear-bottom-offset=\"100\">\r\n\r\n					<!-- Feature List -->\r\n					<div class=\"icon tech\">\r\n						<div class=\"details\">\r\n							<span class=\"arrow-down\"></span>\r\n							<ul class=\"feature-list\">\r\n								<li><span class=\"list-dot\"></span>HTML and CSS</li>\r\n								<li><span class=\"list-dot\"></span>PHP, Ruby and Python</li>\r\n								<li><span class=\"list-dot\"></span>Object C</li>\r\n								<li><span class=\"list-dot\"></span>Javascript and jQuery</li>\r\n							</ul>\r\n						</div>\r\n					</div>\r\n\r\n					<!-- Title -->\r\n					<h4>Tech</h4>\r\n				</li>\r\n\r\n				<!-- Single Icon -->\r\n				<li class=\"overview animated entrance\" data-appear-bottom-offset=\"100\">\r\n\r\n					<!-- Feature List -->\r\n					<div class=\"icon commerce\">\r\n						<div class=\"details\">\r\n							<span class=\"arrow-down\"></span>\r\n							<ul class=\"feature-list\">\r\n								<li><span class=\"list-dot\"></span>Online Shop Management</li>\r\n								<li><span class=\"list-dot\"></span>Database Support</li>\r\n								<li><span class=\"list-dot\"></span>E-commerce Cart</li>\r\n							</ul>\r\n						</div>\r\n					</div>\r\n\r\n					<!-- Title -->\r\n					<h4>Commerce</h4>\r\n				</li>\r\n\r\n			</ul>\";}\";s:4:\"type\";s:16:\"global_text_area\";s:6:\"weight\";s:1:\"0\";}}}i:3;a:1:{i:0;a:1:{i:0;a:5:{s:5:\"title\";s:8:\"Our work\";s:10:\"show_title\";s:1:\"1\";s:8:\"settings\";s:177:\"a:6:{s:4:\"type\";s:5:\"block\";s:6:\"module\";s:5:\"views\";s:5:\"title\";s:0:\"\";s:5:\"delta\";s:23:\"portfolio_section-block\";s:3:\"bid\";s:2:\"65\";s:4:\"info\";s:23:\"View: Portfolio section\";}\";s:4:\"type\";s:5:\"block\";s:6:\"weight\";s:1:\"0\";}}}i:4;a:5:{i:0;a:1:{i:0;a:5:{s:5:\"title\";s:8:\"The Team\";s:10:\"show_title\";s:1:\"1\";s:8:\"settings\";s:105:\"a:3:{s:4:\"type\";s:16:\"global_text_area\";s:4:\"info\";s:17:\"[Global] textarea\";s:7:\"content\";s:7:\"<p></p>\";}\";s:4:\"type\";s:16:\"global_text_area\";s:6:\"weight\";s:1:\"0\";}}i:1;a:1:{i:0;a:5:{s:5:\"title\";s:8:\"member 1\";s:10:\"show_title\";s:1:\"0\";s:8:\"settings\";s:586:\"a:3:{s:4:\"type\";s:16:\"global_text_area\";s:4:\"info\";s:17:\"[Global] textarea\";s:7:\"content\";s:486:\"<div class=\"team-member\">\r\n<div class=\"name\">\r\n			<h4>Bruce Wayne</h4>\r\n			<h6><em>designer</em></h6>\r\n		</div>\r\n		<p>Bruce is the man responsible for most of the graphic design. He is also a famous super hero by night.</p>\r\n		<ul class=\"social-list\">\r\n			<li><a href=\"http://www.facebook.com\" target=\"_blank\"><i class=\"social-icon facebook small\"></i></a></li>\r\n			<li><a href=\"http://www.twitter.com\" target=\"_blank\"><i class=\"social-icon twitter small\"></i></a></li>\r\n		</ul>\r\n</div>\";}\";s:4:\"type\";s:16:\"global_text_area\";s:6:\"weight\";s:1:\"0\";}}i:2;a:1:{i:0;a:5:{s:5:\"title\";s:8:\"Member 2\";s:10:\"show_title\";s:1:\"0\";s:8:\"settings\";s:597:\"a:3:{s:4:\"type\";s:16:\"global_text_area\";s:4:\"info\";s:17:\"[Global] textarea\";s:7:\"content\";s:497:\"<div class=\"team-member\">\r\n<div class=\"name\">\r\n			<h4>James T. Kirk</h4>\r\n			<h6><em>founder</em></h6>\r\n		</div>\r\n		<p>James is the founder of our small agency. He is the driving force behid all the creativity that goes around here.</p>\r\n		<ul class=\"social-list\">\r\n			<li><a href=\"http://www.google.com\" target=\"_blank\"><i class=\"social-icon google small\"></i></a></li>\r\n			<li><a href=\"http://www.linkedin.com\" target=\"_blank\"><i class=\"social-icon linkedin small\"></i></a></li>\r\n		</ul>\r\n</div>\";}\";s:4:\"type\";s:16:\"global_text_area\";s:6:\"weight\";s:1:\"0\";}}i:3;a:1:{i:0;a:5:{s:5:\"title\";s:8:\"Member 3\";s:10:\"show_title\";s:1:\"0\";s:8:\"settings\";s:590:\"a:3:{s:4:\"type\";s:16:\"global_text_area\";s:4:\"info\";s:17:\"[Global] textarea\";s:7:\"content\";s:490:\"<div class=\"team-member\">\r\n<div class=\"name\">\r\n			<h4>Dick Grayson</h4>\r\n			<h6><em>developer</em></h6>\r\n		</div>\r\n		<p>Dick is the best developer out there. His skills are unmatched and the stuff he does is simply amazing.</p>\r\n		<ul class=\"social-list\">\r\n			<li><a href=\"http://www.facebook.com\" target=\"_blank\"><i class=\"social-icon facebook small\"></i></a></li>\r\n			<li><a href=\"http://www.behance.net\" target=\"_blank\"><i class=\"social-icon behance small\"></i></a></li>\r\n		</ul>\r\n</div>\";}\";s:4:\"type\";s:16:\"global_text_area\";s:6:\"weight\";s:1:\"0\";}}i:4;a:1:{i:0;a:5:{s:5:\"title\";s:10:\"Team Image\";s:10:\"show_title\";s:1:\"0\";s:8:\"settings\";s:266:\"a:3:{s:4:\"type\";s:16:\"global_text_area\";s:4:\"info\";s:17:\"[Global] textarea\";s:7:\"content\";s:166:\"<div class=\"text-center team-image\"><p><img class=\"animated slide\" src=\"/sites/all/themes/visia/images/team.jpg\" alt=\"team\" data-appear-bottom-offset=\"150\"></p></div>\";}\";s:4:\"type\";s:16:\"global_text_area\";s:6:\"weight\";s:1:\"0\";}}}i:5;a:1:{i:0;a:1:{i:0;a:5:{s:5:\"title\";s:7:\"Clients\";s:10:\"show_title\";s:1:\"1\";s:8:\"settings\";s:1722:\"a:3:{s:4:\"type\";s:16:\"global_text_area\";s:4:\"info\";s:17:\"[Global] textarea\";s:7:\"content\";s:1621:\"<ul id=\"bx-pager\" class=\"animated fade grid-full\" data-appear-bottom-offset=\"150\">\r\n	<li><a data-slide-index=\"0\" href=\"\"><img src=\"/sites/all/themes/visia/images/clients/logo1.png\" alt=\"logo\" width=\"142\" height=\"95\"></a></li>\r\n	<li><a data-slide-index=\"1\" href=\"\"><img src=\"/sites/all/themes/visia/images/clients/logo2.png\" alt=\"logo\" width=\"142\" height=\"95\"></a></li>\r\n	<li><a data-slide-index=\"2\" href=\"\"><img src=\"/sites/all/themes/visia/images/clients/logo3.png\" alt=\"logo\" width=\"142\" height=\"95\"></a></li>\r\n	<li><a data-slide-index=\"3\" href=\"\"><img src=\"/sites/all/themes/visia/images/clients/logo4.png\" alt=\"logo\" width=\"142\" height=\"95\"></a></li>\r\n</ul>\r\n\r\n	<div id=\"bx-prev\"></div>\r\n	<div id=\"bx-next\"></div>\r\n\r\n<!-- Testimonials -->\r\n<div class=\"grid-full\">\r\n	<ul class=\"bxslider\">\r\n		<li>\r\n			<h3>“Awesome, awesome theme. Easy to use and the code and accompanying files are super easy to understand and modify. Well done.”</h3>\r\n			<h6>Ratings via twitter</h6>\r\n		</li>\r\n		<li>\r\n			<h3>“Nice design! Looks / performs great on our iPad 3 – and this is not the case with most themes honestly!”</h3>\r\n			<h6>Deorham via themeforest</h6>\r\n		</li>\r\n		<li>\r\n			<h3>“Incredible project. Superclean code. It’s one of the best templates I’ve ever purchased. 5 stars and recommended to everyone. Thank you, Aether-Themes!”</h3>\r\n			<h6>Malik via facebook</h6>\r\n		</li>\r\n		<li>\r\n			<h3>“I just wanted to say, that the site and the framework are next to brilliant. Everything about it works great, and it was a cinch to put together.”</h3>\r\n			<h6>bcause via themeforest</h6>\r\n		</li>\r\n	</ul>\r\n</div>\";}\";s:4:\"type\";s:16:\"global_text_area\";s:6:\"weight\";s:1:\"0\";}}}}s:10:\"global_css\";s:0:\"\";s:9:\"global_js\";s:0:\"\";}',1402285685,1402295886),(2,'Home parallax video',0,1,'a:5:{s:4:\"rows\";a:6:{i:1;a:2:{s:6:\"weight\";s:1:\"3\";s:12:\"row_settings\";a:9:{s:6:\"css_id\";s:8:\"section2\";s:9:\"css_class\";s:0:\"\";s:15:\"inner_css_class\";s:0:\"\";s:10:\"css_custom\";s:0:\"\";s:16:\"background_image\";i:0;s:12:\"use_parallax\";i:0;s:8:\"parallax\";a:2:{s:10:\"p_position\";s:3:\"50%\";s:7:\"p_speed\";s:3:\"0.1\";}s:9:\"use_video\";i:0;s:5:\"video\";a:7:{s:8:\"videoURL\";s:0:\"\";s:4:\"mute\";i:1;s:8:\"autoPlay\";i:1;s:4:\"loop\";i:1;s:15:\"optimizeDisplay\";i:1;s:12:\"showControls\";i:0;s:7:\"quality\";s:5:\"hd720\";}}}i:2;a:2:{s:6:\"weight\";s:1:\"4\";s:12:\"row_settings\";a:9:{s:6:\"css_id\";s:8:\"section3\";s:9:\"css_class\";s:0:\"\";s:15:\"inner_css_class\";s:21:\"dark padded container\";s:10:\"css_custom\";s:0:\"\";s:16:\"background_image\";s:2:\"16\";s:12:\"use_parallax\";i:1;s:8:\"parallax\";a:2:{s:10:\"p_position\";s:3:\"50%\";s:7:\"p_speed\";s:3:\"0.1\";}s:9:\"use_video\";i:0;s:5:\"video\";a:7:{s:8:\"videoURL\";s:0:\"\";s:4:\"mute\";i:1;s:8:\"autoPlay\";i:1;s:4:\"loop\";i:1;s:15:\"optimizeDisplay\";i:1;s:12:\"showControls\";i:0;s:7:\"quality\";s:5:\"hd720\";}}}i:3;a:2:{s:6:\"weight\";s:1:\"5\";s:12:\"row_settings\";a:9:{s:6:\"css_id\";s:8:\"section4\";s:9:\"css_class\";s:0:\"\";s:15:\"inner_css_class\";s:10:\"full-width\";s:10:\"css_custom\";s:0:\"\";s:16:\"background_image\";i:0;s:12:\"use_parallax\";i:0;s:8:\"parallax\";a:2:{s:10:\"p_position\";s:3:\"50%\";s:7:\"p_speed\";s:3:\"0.1\";}s:9:\"use_video\";i:0;s:5:\"video\";a:7:{s:8:\"videoURL\";s:0:\"\";s:4:\"mute\";i:1;s:8:\"autoPlay\";i:1;s:4:\"loop\";i:1;s:15:\"optimizeDisplay\";i:1;s:12:\"showControls\";i:0;s:7:\"quality\";s:5:\"hd720\";}}}i:4;a:2:{s:6:\"weight\";s:1:\"6\";s:12:\"row_settings\";a:9:{s:6:\"css_id\";s:8:\"section5\";s:9:\"css_class\";s:0:\"\";s:15:\"inner_css_class\";s:9:\"container\";s:10:\"css_custom\";s:35:\"padding-bottom:0;\r\nmargin-bottom:0;\";s:16:\"background_image\";i:0;s:12:\"use_parallax\";i:0;s:8:\"parallax\";a:2:{s:10:\"p_position\";s:3:\"50%\";s:7:\"p_speed\";s:3:\"0.1\";}s:9:\"use_video\";i:0;s:5:\"video\";a:7:{s:8:\"videoURL\";s:0:\"\";s:4:\"mute\";i:1;s:8:\"autoPlay\";i:1;s:4:\"loop\";i:1;s:15:\"optimizeDisplay\";i:1;s:12:\"showControls\";i:0;s:7:\"quality\";s:5:\"hd720\";}}}i:5;a:2:{s:6:\"weight\";s:1:\"7\";s:12:\"row_settings\";a:9:{s:6:\"css_id\";s:8:\"section6\";s:9:\"css_class\";s:0:\"\";s:15:\"inner_css_class\";s:21:\"container padded dark\";s:10:\"css_custom\";s:0:\"\";s:16:\"background_image\";s:2:\"17\";s:12:\"use_parallax\";i:1;s:8:\"parallax\";a:2:{s:10:\"p_position\";s:3:\"50%\";s:7:\"p_speed\";s:3:\"0.1\";}s:9:\"use_video\";i:0;s:5:\"video\";a:7:{s:8:\"videoURL\";s:0:\"\";s:4:\"mute\";i:1;s:8:\"autoPlay\";i:1;s:4:\"loop\";i:1;s:15:\"optimizeDisplay\";i:1;s:12:\"showControls\";i:0;s:7:\"quality\";s:5:\"hd720\";}}}i:0;a:2:{s:6:\"weight\";s:1:\"2\";s:12:\"row_settings\";a:9:{s:6:\"css_id\";s:8:\"section1\";s:9:\"css_class\";s:0:\"\";s:15:\"inner_css_class\";s:34:\"dark content container text-center\";s:10:\"css_custom\";s:14:\"height: 700px;\";s:16:\"background_image\";i:0;s:12:\"use_parallax\";i:0;s:8:\"parallax\";a:2:{s:10:\"p_position\";s:3:\"50%\";s:7:\"p_speed\";s:3:\"0.1\";}s:9:\"use_video\";i:1;s:5:\"video\";a:7:{s:8:\"videoURL\";s:43:\"https://www.youtube.com/watch?v=R5sh426m_sE\";s:4:\"mute\";i:1;s:8:\"autoPlay\";i:1;s:4:\"loop\";i:1;s:15:\"optimizeDisplay\";i:1;s:12:\"showControls\";i:0;s:7:\"quality\";s:5:\"hd720\";}}}}s:7:\"columns\";a:6:{i:1;a:1:{i:0;a:2:{s:6:\"weight\";s:1:\"0\";s:8:\"settings\";a:1:{s:9:\"grid_size\";s:2:\"12\";}}}i:2;a:1:{i:0;a:2:{s:6:\"weight\";s:1:\"0\";s:8:\"settings\";a:1:{s:9:\"grid_size\";s:2:\"12\";}}}i:3;a:1:{i:0;a:2:{s:6:\"weight\";s:1:\"0\";s:8:\"settings\";a:1:{s:9:\"grid_size\";s:2:\"12\";}}}i:4;a:5:{i:0;a:2:{s:6:\"weight\";s:1:\"0\";s:8:\"settings\";a:1:{s:9:\"grid_size\";s:2:\"12\";}}i:1;a:2:{s:6:\"weight\";s:1:\"1\";s:8:\"settings\";a:1:{s:9:\"grid_size\";s:1:\"4\";}}i:2;a:2:{s:6:\"weight\";s:1:\"2\";s:8:\"settings\";a:1:{s:9:\"grid_size\";s:1:\"4\";}}i:3;a:2:{s:6:\"weight\";s:1:\"3\";s:8:\"settings\";a:1:{s:9:\"grid_size\";s:1:\"4\";}}i:4;a:2:{s:6:\"weight\";s:1:\"4\";s:8:\"settings\";a:1:{s:9:\"grid_size\";s:2:\"12\";}}}i:5;a:1:{i:0;a:2:{s:6:\"weight\";s:1:\"0\";s:8:\"settings\";a:1:{s:9:\"grid_size\";s:2:\"12\";}}}i:0;a:1:{i:0;a:2:{s:6:\"weight\";s:1:\"0\";s:8:\"settings\";a:1:{s:9:\"grid_size\";s:2:\"12\";}}}}s:8:\"elements\";a:6:{i:0;a:1:{i:0;a:1:{i:0;a:5:{s:5:\"title\";s:18:\"[Home] Section One\";s:10:\"show_title\";s:1:\"0\";s:8:\"settings\";s:436:\"a:3:{s:4:\"type\";s:16:\"global_text_area\";s:4:\"info\";s:17:\"[Global] textarea\";s:7:\"content\";s:336:\"<div class=\"ticker\">\r\n	<h1>Creative solutions.</h1>\r\n	<h1>Creative ideas.</h1>\r\n 	<h1>Creative design.</h1>\r\n	</div>\r\n\r\n	<!-- Buttons -->\r\n<ul class=\"call-to-action\">\r\n	<li><a class=\"button\" href=\"#section2\">Learn more</a></li>\r\n	<li><a class=\"button no-border\" href=\"#\" target=\"_blank\">Buy now<i class=\"icon right\"></i></a></li>\r\n</ul>\";}\";s:4:\"type\";s:16:\"global_text_area\";s:6:\"weight\";s:1:\"0\";}}}i:1;a:1:{i:0;a:1:{i:0;a:5:{s:5:\"title\";s:8:\"About us\";s:10:\"show_title\";s:1:\"1\";s:8:\"settings\";s:468:\"a:3:{s:4:\"type\";s:16:\"global_text_area\";s:4:\"info\";s:17:\"[Global] textarea\";s:7:\"content\";s:368:\"<div class=\"text-center\">\r\n	<p class=\"sub-heading\">We are Visia. We offer creative solutions for every web-based project you can think of. We take pride in our work and everything we create is executed with precision and love.</p>\r\n\r\n<img class=\"animated slide\"  data-appear-bottom-offset=\"100\" src=\"/sites/all/themes/visia/images/about.jpg\" alt=\"About Visia\">\r\n</div>\";}\";s:4:\"type\";s:16:\"global_text_area\";s:6:\"weight\";s:1:\"0\";}}}i:2;a:1:{i:0;a:1:{i:0;a:5:{s:5:\"title\";s:8:\"Services\";s:10:\"show_title\";s:1:\"1\";s:8:\"settings\";s:4063:\"a:3:{s:4:\"type\";s:16:\"global_text_area\";s:4:\"info\";s:17:\"[Global] textarea\";s:7:\"content\";s:3962:\"			<!-- Text -->\r\n			<div class=\"text-center\">\r\n				<p class=\"sub-heading\">Our services offering ranges from UX design to e-commerce setups. Just check out all of the service lists below to get a general idea of what we are capable of delivering. And make sure to see our portfolio for proof of our awesomeness.</p>\r\n			</div>\r\n\r\n			<!-- Icons -->\r\n			<ul class=\"icons clearfix\">\r\n\r\n				<!-- Single Icon -->\r\n				<li class=\"overview animated entrance\" data-appear-bottom-offset=\"100\">\r\n\r\n					<!-- Feature List -->\r\n					<div class=\"icon ux\">\r\n						<div class=\"details\">\r\n							<span class=\"arrow-down\"></span>\r\n							<ul class=\"feature-list\">\r\n								<li><span class=\"list-dot\"></span>Wireframing</li>\r\n								<li><span class=\"list-dot\"></span>Content Strategy</li>\r\n								<li><span class=\"list-dot\"></span>Information Architecture</li>\r\n							</ul>\r\n						</div>\r\n					</div>\r\n\r\n					<!-- Title -->\r\n					<h4>UX</h4>\r\n\r\n				</li>\r\n\r\n				<!-- Single Icon -->\r\n				<li class=\"overview animated entrance\" data-appear-bottom-offset=\"100\">\r\n\r\n					<!-- Feature List -->\r\n					<div class=\"icon design\">\r\n						<div class=\"details\">\r\n							<span class=\"arrow-down\"></span>\r\n							<ul class=\"feature-list\">\r\n								<li><span class=\"list-dot\"></span>Branding</li>\r\n								<li><span class=\"list-dot\"></span>Web Design</li>\r\n								<li><span class=\"list-dot\"></span>Mobile Apps</li>\r\n								<li><span class=\"list-dot\"></span>Animation and Motion</li>\r\n							</ul>\r\n						</div>\r\n					</div>\r\n\r\n					<!-- Title -->\r\n					<h4>Design</h4>\r\n				</li>\r\n\r\n				<!-- Single Icon -->\r\n				<li class=\"overview animated entrance\" data-appear-bottom-offset=\"100\">\r\n\r\n					<!-- Feature List -->\r\n					<div class=\"icon seo\">\r\n						<div class=\"details\">\r\n							<span class=\"arrow-down\"></span>\r\n							<ul class=\"feature-list\">\r\n								<li><span class=\"list-dot\"></span>Meta Information</li>\r\n								<li><span class=\"list-dot\"></span>Ad Words Campaign</li>\r\n								<li><span class=\"list-dot\"></span>Google Optimization</li>\r\n								<li><span class=\"list-dot\"></span>Bing Optimization</li>\r\n							</ul>\r\n						</div>\r\n					</div>\r\n\r\n					<!-- Title -->\r\n					<h4>Seo</h4>\r\n				</li>\r\n\r\n				<!-- Single Icon -->\r\n				<li class=\"overview animated entrance\" data-appear-bottom-offset=\"100\">\r\n\r\n					<!-- Feature List -->\r\n					<div class=\"icon social\">\r\n						<div class=\"details\">\r\n							<span class=\"arrow-down\"></span>\r\n							<ul class=\"feature-list\">\r\n								<li><span class=\"list-dot\"></span>Facebook Apps and Pages</li>\r\n								<li><span class=\"list-dot\"></span>Twitter Setup</li>\r\n								<li><span class=\"list-dot\"></span>Social Strategy and Planing</li>\r\n							</ul>\r\n						</div>\r\n					</div>\r\n\r\n					<!-- Title -->\r\n					<h4>Social</h4>\r\n				</li>\r\n\r\n				<!-- Single Icon -->\r\n				<li class=\"overview animated entrance\" data-appear-bottom-offset=\"100\">\r\n\r\n					<!-- Feature List -->\r\n					<div class=\"icon tech\">\r\n						<div class=\"details\">\r\n							<span class=\"arrow-down\"></span>\r\n							<ul class=\"feature-list\">\r\n								<li><span class=\"list-dot\"></span>HTML and CSS</li>\r\n								<li><span class=\"list-dot\"></span>PHP, Ruby and Python</li>\r\n								<li><span class=\"list-dot\"></span>Object C</li>\r\n								<li><span class=\"list-dot\"></span>Javascript and jQuery</li>\r\n							</ul>\r\n						</div>\r\n					</div>\r\n\r\n					<!-- Title -->\r\n					<h4>Tech</h4>\r\n				</li>\r\n\r\n				<!-- Single Icon -->\r\n				<li class=\"overview animated entrance\" data-appear-bottom-offset=\"100\">\r\n\r\n					<!-- Feature List -->\r\n					<div class=\"icon commerce\">\r\n						<div class=\"details\">\r\n							<span class=\"arrow-down\"></span>\r\n							<ul class=\"feature-list\">\r\n								<li><span class=\"list-dot\"></span>Online Shop Management</li>\r\n								<li><span class=\"list-dot\"></span>Database Support</li>\r\n								<li><span class=\"list-dot\"></span>E-commerce Cart</li>\r\n							</ul>\r\n						</div>\r\n					</div>\r\n\r\n					<!-- Title -->\r\n					<h4>Commerce</h4>\r\n				</li>\r\n\r\n			</ul>\";}\";s:4:\"type\";s:16:\"global_text_area\";s:6:\"weight\";s:1:\"0\";}}}i:3;a:1:{i:0;a:1:{i:0;a:5:{s:5:\"title\";s:8:\"Our work\";s:10:\"show_title\";s:1:\"1\";s:8:\"settings\";s:177:\"a:6:{s:4:\"type\";s:5:\"block\";s:6:\"module\";s:5:\"views\";s:5:\"title\";s:0:\"\";s:5:\"delta\";s:23:\"portfolio_section-block\";s:3:\"bid\";s:2:\"65\";s:4:\"info\";s:23:\"View: Portfolio section\";}\";s:4:\"type\";s:5:\"block\";s:6:\"weight\";s:1:\"0\";}}}i:4;a:5:{i:0;a:1:{i:0;a:5:{s:5:\"title\";s:8:\"The Team\";s:10:\"show_title\";s:1:\"1\";s:8:\"settings\";s:105:\"a:3:{s:4:\"type\";s:16:\"global_text_area\";s:4:\"info\";s:17:\"[Global] textarea\";s:7:\"content\";s:7:\"<p></p>\";}\";s:4:\"type\";s:16:\"global_text_area\";s:6:\"weight\";s:1:\"0\";}}i:1;a:1:{i:0;a:5:{s:5:\"title\";s:8:\"member 1\";s:10:\"show_title\";s:1:\"0\";s:8:\"settings\";s:586:\"a:3:{s:4:\"type\";s:16:\"global_text_area\";s:4:\"info\";s:17:\"[Global] textarea\";s:7:\"content\";s:486:\"<div class=\"team-member\">\r\n<div class=\"name\">\r\n			<h4>Bruce Wayne</h4>\r\n			<h6><em>designer</em></h6>\r\n		</div>\r\n		<p>Bruce is the man responsible for most of the graphic design. He is also a famous super hero by night.</p>\r\n		<ul class=\"social-list\">\r\n			<li><a href=\"http://www.facebook.com\" target=\"_blank\"><i class=\"social-icon facebook small\"></i></a></li>\r\n			<li><a href=\"http://www.twitter.com\" target=\"_blank\"><i class=\"social-icon twitter small\"></i></a></li>\r\n		</ul>\r\n</div>\";}\";s:4:\"type\";s:16:\"global_text_area\";s:6:\"weight\";s:1:\"0\";}}i:2;a:1:{i:0;a:5:{s:5:\"title\";s:8:\"Member 2\";s:10:\"show_title\";s:1:\"0\";s:8:\"settings\";s:597:\"a:3:{s:4:\"type\";s:16:\"global_text_area\";s:4:\"info\";s:17:\"[Global] textarea\";s:7:\"content\";s:497:\"<div class=\"team-member\">\r\n<div class=\"name\">\r\n			<h4>James T. Kirk</h4>\r\n			<h6><em>founder</em></h6>\r\n		</div>\r\n		<p>James is the founder of our small agency. He is the driving force behid all the creativity that goes around here.</p>\r\n		<ul class=\"social-list\">\r\n			<li><a href=\"http://www.google.com\" target=\"_blank\"><i class=\"social-icon google small\"></i></a></li>\r\n			<li><a href=\"http://www.linkedin.com\" target=\"_blank\"><i class=\"social-icon linkedin small\"></i></a></li>\r\n		</ul>\r\n</div>\";}\";s:4:\"type\";s:16:\"global_text_area\";s:6:\"weight\";s:1:\"0\";}}i:3;a:1:{i:0;a:5:{s:5:\"title\";s:8:\"Member 3\";s:10:\"show_title\";s:1:\"0\";s:8:\"settings\";s:590:\"a:3:{s:4:\"type\";s:16:\"global_text_area\";s:4:\"info\";s:17:\"[Global] textarea\";s:7:\"content\";s:490:\"<div class=\"team-member\">\r\n<div class=\"name\">\r\n			<h4>Dick Grayson</h4>\r\n			<h6><em>developer</em></h6>\r\n		</div>\r\n		<p>Dick is the best developer out there. His skills are unmatched and the stuff he does is simply amazing.</p>\r\n		<ul class=\"social-list\">\r\n			<li><a href=\"http://www.facebook.com\" target=\"_blank\"><i class=\"social-icon facebook small\"></i></a></li>\r\n			<li><a href=\"http://www.behance.net\" target=\"_blank\"><i class=\"social-icon behance small\"></i></a></li>\r\n		</ul>\r\n</div>\";}\";s:4:\"type\";s:16:\"global_text_area\";s:6:\"weight\";s:1:\"0\";}}i:4;a:1:{i:0;a:5:{s:5:\"title\";s:10:\"Team Image\";s:10:\"show_title\";s:1:\"0\";s:8:\"settings\";s:266:\"a:3:{s:4:\"type\";s:16:\"global_text_area\";s:4:\"info\";s:17:\"[Global] textarea\";s:7:\"content\";s:166:\"<div class=\"text-center team-image\"><p><img class=\"animated slide\" src=\"/sites/all/themes/visia/images/team.jpg\" alt=\"team\" data-appear-bottom-offset=\"150\"></p></div>\";}\";s:4:\"type\";s:16:\"global_text_area\";s:6:\"weight\";s:1:\"0\";}}}i:5;a:1:{i:0;a:1:{i:0;a:5:{s:5:\"title\";s:7:\"Clients\";s:10:\"show_title\";s:1:\"1\";s:8:\"settings\";s:1722:\"a:3:{s:4:\"type\";s:16:\"global_text_area\";s:4:\"info\";s:17:\"[Global] textarea\";s:7:\"content\";s:1621:\"<ul id=\"bx-pager\" class=\"animated fade grid-full\" data-appear-bottom-offset=\"150\">\r\n	<li><a data-slide-index=\"0\" href=\"\"><img src=\"/sites/all/themes/visia/images/clients/logo1.png\" alt=\"logo\" width=\"142\" height=\"95\"></a></li>\r\n	<li><a data-slide-index=\"1\" href=\"\"><img src=\"/sites/all/themes/visia/images/clients/logo2.png\" alt=\"logo\" width=\"142\" height=\"95\"></a></li>\r\n	<li><a data-slide-index=\"2\" href=\"\"><img src=\"/sites/all/themes/visia/images/clients/logo3.png\" alt=\"logo\" width=\"142\" height=\"95\"></a></li>\r\n	<li><a data-slide-index=\"3\" href=\"\"><img src=\"/sites/all/themes/visia/images/clients/logo4.png\" alt=\"logo\" width=\"142\" height=\"95\"></a></li>\r\n</ul>\r\n\r\n	<div id=\"bx-prev\"></div>\r\n	<div id=\"bx-next\"></div>\r\n\r\n<!-- Testimonials -->\r\n<div class=\"grid-full\">\r\n	<ul class=\"bxslider\">\r\n		<li>\r\n			<h3>“Awesome, awesome theme. Easy to use and the code and accompanying files are super easy to understand and modify. Well done.”</h3>\r\n			<h6>Ratings via twitter</h6>\r\n		</li>\r\n		<li>\r\n			<h3>“Nice design! Looks / performs great on our iPad 3 – and this is not the case with most themes honestly!”</h3>\r\n			<h6>Deorham via themeforest</h6>\r\n		</li>\r\n		<li>\r\n			<h3>“Incredible project. Superclean code. It’s one of the best templates I’ve ever purchased. 5 stars and recommended to everyone. Thank you, Aether-Themes!”</h3>\r\n			<h6>Malik via facebook</h6>\r\n		</li>\r\n		<li>\r\n			<h3>“I just wanted to say, that the site and the framework are next to brilliant. Everything about it works great, and it was a cinch to put together.”</h3>\r\n			<h6>bcause via themeforest</h6>\r\n		</li>\r\n	</ul>\r\n</div>\";}\";s:4:\"type\";s:16:\"global_text_area\";s:6:\"weight\";s:1:\"0\";}}}}s:10:\"global_css\";s:0:\"\";s:9:\"global_js\";s:0:\"\";}',1402297886,1402298450);

--
-- Table structure for table `queue`
--

CREATE TABLE `queue` (
  `item_id` int(10) unsigned NOT NULL AUTO_INCREMENT COMMENT 'Primary Key: Unique item ID.',
  `name` varchar(255) NOT NULL DEFAULT '' COMMENT 'The queue name.',
  `data` longblob COMMENT 'The arbitrary data for the item.',
  `expire` int(11) NOT NULL DEFAULT '0' COMMENT 'Timestamp when the claim lease expires on the item.',
  `created` int(11) NOT NULL DEFAULT '0' COMMENT 'Timestamp when the item was created.',
  PRIMARY KEY (`item_id`),
  KEY `name_created` (`name`,`created`),
  KEY `expire` (`expire`)
) ENGINE=InnoDB AUTO_INCREMENT=8 DEFAULT CHARSET=utf8 COMMENT='Stores items in queues.';

--
-- Dumping data for table `queue`
--


--
-- Table structure for table `rdf_mapping`
--

CREATE TABLE `rdf_mapping` (
  `type` varchar(128) NOT NULL COMMENT 'The name of the entity type a mapping applies to (node, user, comment, etc.).',
  `bundle` varchar(128) NOT NULL COMMENT 'The name of the bundle a mapping applies to.',
  `mapping` longblob COMMENT 'The serialized mapping of the bundle type and fields to RDF terms.',
  PRIMARY KEY (`type`,`bundle`)
) ENGINE=InnoDB DEFAULT CHARSET=utf8 COMMENT='Stores custom RDF mappings for user defined content types...';

--
-- Dumping data for table `rdf_mapping`
--

INSERT INTO `rdf_mapping` VALUES ('node','article','a:11:{s:11:\"field_image\";a:2:{s:10:\"predicates\";a:2:{i:0;s:8:\"og:image\";i:1;s:12:\"rdfs:seeAlso\";}s:4:\"type\";s:3:\"rel\";}s:10:\"field_tags\";a:2:{s:10:\"predicates\";a:1:{i:0;s:10:\"dc:subject\";}s:4:\"type\";s:3:\"rel\";}s:7:\"rdftype\";a:2:{i:0;s:9:\"sioc:Item\";i:1;s:13:\"foaf:Document\";}s:5:\"title\";a:1:{s:10:\"predicates\";a:1:{i:0;s:8:\"dc:title\";}}s:7:\"created\";a:3:{s:10:\"predicates\";a:2:{i:0;s:7:\"dc:date\";i:1;s:10:\"dc:created\";}s:8:\"datatype\";s:12:\"xsd:dateTime\";s:8:\"callback\";s:12:\"date_iso8601\";}s:7:\"changed\";a:3:{s:10:\"predicates\";a:1:{i:0;s:11:\"dc:modified\";}s:8:\"datatype\";s:12:\"xsd:dateTime\";s:8:\"callback\";s:12:\"date_iso8601\";}s:4:\"body\";a:1:{s:10:\"predicates\";a:1:{i:0;s:15:\"content:encoded\";}}s:3:\"uid\";a:2:{s:10:\"predicates\";a:1:{i:0;s:16:\"sioc:has_creator\";}s:4:\"type\";s:3:\"rel\";}s:4:\"name\";a:1:{s:10:\"predicates\";a:1:{i:0;s:9:\"foaf:name\";}}s:13:\"comment_count\";a:2:{s:10:\"predicates\";a:1:{i:0;s:16:\"sioc:num_replies\";}s:8:\"datatype\";s:11:\"xsd:integer\";}s:13:\"last_activity\";a:3:{s:10:\"predicates\";a:1:{i:0;s:23:\"sioc:last_activity_date\";}s:8:\"datatype\";s:12:\"xsd:dateTime\";s:8:\"callback\";s:12:\"date_iso8601\";}}'),('node','page','a:9:{s:7:\"rdftype\";a:1:{i:0;s:13:\"foaf:Document\";}s:5:\"title\";a:1:{s:10:\"predicates\";a:1:{i:0;s:8:\"dc:title\";}}s:7:\"created\";a:3:{s:10:\"predicates\";a:2:{i:0;s:7:\"dc:date\";i:1;s:10:\"dc:created\";}s:8:\"datatype\";s:12:\"xsd:dateTime\";s:8:\"callback\";s:12:\"date_iso8601\";}s:7:\"changed\";a:3:{s:10:\"predicates\";a:1:{i:0;s:11:\"dc:modified\";}s:8:\"datatype\";s:12:\"xsd:dateTime\";s:8:\"callback\";s:12:\"date_iso8601\";}s:4:\"body\";a:1:{s:10:\"predicates\";a:1:{i:0;s:15:\"content:encoded\";}}s:3:\"uid\";a:2:{s:10:\"predicates\";a:1:{i:0;s:16:\"sioc:has_creator\";}s:4:\"type\";s:3:\"rel\";}s:4:\"name\";a:1:{s:10:\"predicates\";a:1:{i:0;s:9:\"foaf:name\";}}s:13:\"comment_count\";a:2:{s:10:\"predicates\";a:1:{i:0;s:16:\"sioc:num_replies\";}s:8:\"datatype\";s:11:\"xsd:integer\";}s:13:\"last_activity\";a:3:{s:10:\"predicates\";a:1:{i:0;s:23:\"sioc:last_activity_date\";}s:8:\"datatype\";s:12:\"xsd:dateTime\";s:8:\"callback\";s:12:\"date_iso8601\";}}');

--
-- Table structure for table `registry`
--

CREATE TABLE `registry` (
  `name` varchar(255) NOT NULL DEFAULT '' COMMENT 'The name of the function, class, or interface.',
  `type` varchar(9) NOT NULL DEFAULT '' COMMENT 'Either function or class or interface.',
  `filename` varchar(255) NOT NULL COMMENT 'Name of the file.',
  `module` varchar(255) NOT NULL DEFAULT '' COMMENT 'Name of the module the file belongs to.',
  `weight` int(11) NOT NULL DEFAULT '0' COMMENT 'The order in which this module’s hooks should be invoked relative to other modules. Equal-weighted modules are ordered by name.',
  PRIMARY KEY (`name`,`type`),
  KEY `hook` (`type`,`weight`,`module`)
) ENGINE=InnoDB DEFAULT CHARSET=utf8 COMMENT='Each record is a function, class, or interface name and...';

--
-- Dumping data for table `registry`
--

INSERT INTO `registry` VALUES ('AccessDeniedTestCase','class','modules/system/system.test','system',0),('AdminMenuCustomizedTestCase','class','sites/all/modules/admin_menu/tests/admin_menu.test','admin_menu',100),('AdminMenuDynamicLinksTestCase','class','sites/all/modules/admin_menu/tests/admin_menu.test','admin_menu',100),('AdminMenuLinkTypesTestCase','class','sites/all/modules/admin_menu/tests/admin_menu.test','admin_menu',100),('AdminMenuPermissionsTestCase','class','sites/all/modules/admin_menu/tests/admin_menu.test','admin_menu',100),('AdminMenuWebTestCase','class','sites/all/modules/admin_menu/tests/admin_menu.test','admin_menu',100),('AdminMetaTagTestCase','class','modules/system/system.test','system',0),('ArchiverInterface','interface','includes/archiver.inc','',0),('ArchiverTar','class','modules/system/system.archiver.inc','system',0),('ArchiverZip','class','modules/system/system.archiver.inc','system',0),('Archive_Tar','class','modules/system/system.tar.inc','system',0),('BatchMemoryQueue','class','includes/batch.queue.inc','',0),('BatchQueue','class','includes/batch.queue.inc','',0),('BlockAdminThemeTestCase','class','modules/block/block.test','block',-5),('BlockCacheTestCase','class','modules/block/block.test','block',-5),('BlockHashTestCase','class','modules/block/block.test','block',-5),('BlockHiddenRegionTestCase','class','modules/block/block.test','block',-5),('BlockHTMLIdTestCase','class','modules/block/block.test','block',-5),('BlockInvalidRegionTestCase','class','modules/block/block.test','block',-5),('BlockTemplateSuggestionsUnitTest','class','modules/block/block.test','block',-5),('BlockTestCase','class','modules/block/block.test','block',-5),('BlockViewModuleDeltaAlterWebTest','class','modules/block/block.test','block',-5),('ColorTestCase','class','modules/color/color.test','color',0),('CommentActionsTestCase','class','modules/comment/comment.test','comment',0),('CommentAnonymous','class','modules/comment/comment.test','comment',0),('CommentApprovalTest','class','modules/comment/comment.test','comment',0),('CommentBlockFunctionalTest','class','modules/comment/comment.test','comment',0),('CommentContentRebuild','class','modules/comment/comment.test','comment',0),('CommentController','class','modules/comment/comment.module','comment',0),('CommentFieldsTest','class','modules/comment/comment.test','comment',0),('CommentHelperCase','class','modules/comment/comment.test','comment',0),('CommentInterfaceTest','class','modules/comment/comment.test','comment',0),('CommentNodeAccessTest','class','modules/comment/comment.test','comment',0),('CommentNodeChangesTestCase','class','modules/comment/comment.test','comment',0),('CommentPagerTest','class','modules/comment/comment.test','comment',0),('CommentPreviewTest','class','modules/comment/comment.test','comment',0),('CommentRSSUnitTest','class','modules/comment/comment.test','comment',0),('CommentThreadingTestCase','class','modules/comment/comment.test','comment',0),('CommentTokenReplaceTestCase','class','modules/comment/comment.test','comment',0),('ContextualDynamicContextTestCase','class','modules/contextual/contextual.test','contextual',0),('CronQueueTestCase','class','modules/system/system.test','system',0),('CronRunTestCase','class','modules/system/system.test','system',0),('ctools_context','class','sites/all/modules/ctools/includes/context.inc','ctools',0),('ctools_context_optional','class','sites/all/modules/ctools/includes/context.inc','ctools',0),('ctools_context_required','class','sites/all/modules/ctools/includes/context.inc','ctools',0),('ctools_export_ui','class','sites/all/modules/ctools/plugins/export_ui/ctools_export_ui.class.php','ctools',0),('ctools_math_expr','class','sites/all/modules/ctools/includes/math-expr.inc','ctools',0),('ctools_math_expr_stack','class','sites/all/modules/ctools/includes/math-expr.inc','ctools',0),('ctools_stylizer_image_processor','class','sites/all/modules/ctools/includes/stylizer.inc','ctools',0),('DashboardBlocksTestCase','class','modules/dashboard/dashboard.test','dashboard',0),('Database','class','includes/database/database.inc','',0),('DatabaseCondition','class','includes/database/query.inc','',0),('DatabaseConnection','class','includes/database/database.inc','',0),('DatabaseConnectionNotDefinedException','class','includes/database/database.inc','',0),('DatabaseConnection_mysql','class','includes/database/mysql/database.inc','',0),('DatabaseConnection_pgsql','class','includes/database/pgsql/database.inc','',0),('DatabaseConnection_sqlite','class','includes/database/sqlite/database.inc','',0),('DatabaseDriverNotSpecifiedException','class','includes/database/database.inc','',0),('DatabaseLog','class','includes/database/log.inc','',0),('DatabaseSchema','class','includes/database/schema.inc','',0),('DatabaseSchemaObjectDoesNotExistException','class','includes/database/schema.inc','',0),('DatabaseSchemaObjectExistsException','class','includes/database/schema.inc','',0),('DatabaseSchema_mysql','class','includes/database/mysql/schema.inc','',0),('DatabaseSchema_pgsql','class','includes/database/pgsql/schema.inc','',0),('DatabaseSchema_sqlite','class','includes/database/sqlite/schema.inc','',0),('DatabaseStatementBase','class','includes/database/database.inc','',0),('DatabaseStatementEmpty','class','includes/database/database.inc','',0),('DatabaseStatementInterface','interface','includes/database/database.inc','',0),('DatabaseStatementPrefetch','class','includes/database/prefetch.inc','',0),('DatabaseStatement_sqlite','class','includes/database/sqlite/database.inc','',0),('DatabaseTaskException','class','includes/install.inc','',0),('DatabaseTasks','class','includes/install.inc','',0),('DatabaseTasks_mysql','class','includes/database/mysql/install.inc','',0),('DatabaseTasks_pgsql','class','includes/database/pgsql/install.inc','',0),('DatabaseTasks_sqlite','class','includes/database/sqlite/install.inc','',0),('DatabaseTransaction','class','includes/database/database.inc','',0),('DatabaseTransactionCommitFailedException','class','includes/database/database.inc','',0),('DatabaseTransactionExplicitCommitNotAllowedException','class','includes/database/database.inc','',0),('DatabaseTransactionNameNonUniqueException','class','includes/database/database.inc','',0),('DatabaseTransactionNoActiveException','class','includes/database/database.inc','',0),('DatabaseTransactionOutOfOrderException','class','includes/database/database.inc','',0),('DateTimeFunctionalTest','class','modules/system/system.test','system',0),('DBLogTestCase','class','modules/dblog/dblog.test','dblog',0),('DefaultMailSystem','class','modules/system/system.mail.inc','system',0),('DeleteQuery','class','includes/database/query.inc','',0),('DeleteQuery_sqlite','class','includes/database/sqlite/query.inc','',0),('DrupalCacheArray','class','includes/bootstrap.inc','',0),('DrupalCacheInterface','interface','includes/cache.inc','',0),('DrupalDatabaseCache','class','includes/cache.inc','',0),('DrupalDefaultEntityController','class','includes/entity.inc','',0),('DrupalEntityControllerInterface','interface','includes/entity.inc','',0),('DrupalFakeCache','class','includes/cache-install.inc','',0),('DrupalLocalStreamWrapper','class','includes/stream_wrappers.inc','',0),('DrupalPrivateStreamWrapper','class','includes/stream_wrappers.inc','',0),('DrupalPublicStreamWrapper','class','includes/stream_wrappers.inc','',0),('DrupalQueue','class','modules/system/system.queue.inc','system',0),('DrupalQueueInterface','interface','modules/system/system.queue.inc','system',0),('DrupalReliableQueueInterface','interface','modules/system/system.queue.inc','system',0),('DrupalStreamWrapperInterface','interface','includes/stream_wrappers.inc','',0),('DrupalTemporaryStreamWrapper','class','includes/stream_wrappers.inc','',0),('DrupalUpdateException','class','includes/update.inc','',0),('DrupalUpdaterInterface','interface','includes/updater.inc','',0),('EnableDisableTestCase','class','modules/system/system.test','system',0),('EntityFieldQuery','class','includes/entity.inc','',0),('EntityFieldQueryException','class','includes/entity.inc','',0),('EntityMalformedException','class','includes/entity.inc','',0),('EntityPropertiesTestCase','class','modules/field/tests/field.test','field',0),('FieldAttachOtherTestCase','class','modules/field/tests/field.test','field',0),('FieldAttachStorageTestCase','class','modules/field/tests/field.test','field',0),('FieldAttachTestCase','class','modules/field/tests/field.test','field',0),('FieldBulkDeleteTestCase','class','modules/field/tests/field.test','field',0),('FieldCrudTestCase','class','modules/field/tests/field.test','field',0),('FieldDisplayAPITestCase','class','modules/field/tests/field.test','field',0),('FieldException','class','modules/field/field.module','field',0),('FieldFormTestCase','class','modules/field/tests/field.test','field',0),('FieldInfo','class','modules/field/field.info.class.inc','field',0),('FieldInfoTestCase','class','modules/field/tests/field.test','field',0),('FieldInstanceCrudTestCase','class','modules/field/tests/field.test','field',0),('FieldsOverlapException','class','includes/database/database.inc','',0),('FieldSqlStorageTestCase','class','modules/field/modules/field_sql_storage/field_sql_storage.test','field_sql_storage',0),('FieldTestCase','class','modules/field/tests/field.test','field',0),('FieldTranslationsTestCase','class','modules/field/tests/field.test','field',0),('FieldUIAlterTestCase','class','modules/field_ui/field_ui.test','field_ui',0),('FieldUIManageDisplayTestCase','class','modules/field_ui/field_ui.test','field_ui',0),('FieldUIManageFieldsTestCase','class','modules/field_ui/field_ui.test','field_ui',0),('FieldUITestCase','class','modules/field_ui/field_ui.test','field_ui',0),('FieldUpdateForbiddenException','class','modules/field/field.module','field',0),('FieldValidationException','class','modules/field/field.attach.inc','field',0),('FileFieldDisplayTestCase','class','modules/file/tests/file.test','file',0),('FileFieldPathTestCase','class','modules/file/tests/file.test','file',0),('FileFieldRevisionTestCase','class','modules/file/tests/file.test','file',0),('FileFieldTestCase','class','modules/file/tests/file.test','file',0),('FileFieldValidateTestCase','class','modules/file/tests/file.test','file',0),('FileFieldWidgetTestCase','class','modules/file/tests/file.test','file',0),('FileManagedFileElementTestCase','class','modules/file/tests/file.test','file',0),('FilePrivateTestCase','class','modules/file/tests/file.test','file',0),('FileTokenReplaceTestCase','class','modules/file/tests/file.test','file',0),('FileTransfer','class','includes/filetransfer/filetransfer.inc','',0),('FileTransferChmodInterface','interface','includes/filetransfer/filetransfer.inc','',0),('FileTransferException','class','includes/filetransfer/filetransfer.inc','',0),('FileTransferFTP','class','includes/filetransfer/ftp.inc','',0),('FileTransferFTPExtension','class','includes/filetransfer/ftp.inc','',0),('FileTransferLocal','class','includes/filetransfer/local.inc','',0),('FileTransferSSH','class','includes/filetransfer/ssh.inc','',0),('FilterAdminTestCase','class','modules/filter/filter.test','filter',0),('FilterCRUDTestCase','class','modules/filter/filter.test','filter',0),('FilterDefaultFormatTestCase','class','modules/filter/filter.test','filter',0),('FilterFormatAccessTestCase','class','modules/filter/filter.test','filter',0),('FilterHooksTestCase','class','modules/filter/filter.test','filter',0),('FilterNoFormatTestCase','class','modules/filter/filter.test','filter',0),('FilterSecurityTestCase','class','modules/filter/filter.test','filter',0),('FilterSettingsTestCase','class','modules/filter/filter.test','filter',0),('FilterUnitTestCase','class','modules/filter/filter.test','filter',0),('FloodFunctionalTest','class','modules/system/system.test','system',0),('FrontPageTestCase','class','modules/system/system.test','system',0),('HelpTestCase','class','modules/help/help.test','help',0),('HookRequirementsTestCase','class','modules/system/system.test','system',0),('ImageAdminStylesUnitTest','class','modules/image/image.test','image',0),('ImageDimensionsScaleTestCase','class','modules/image/image.test','image',0),('ImageDimensionsTestCase','class','modules/image/image.test','image',0),('ImageEffectsUnitTest','class','modules/image/image.test','image',0),('ImageFieldDefaultImagesTestCase','class','modules/image/image.test','image',0),('ImageFieldDisplayTestCase','class','modules/image/image.test','image',0),('ImageFieldTestCase','class','modules/image/image.test','image',0),('ImageFieldValidateTestCase','class','modules/image/image.test','image',0),('ImageStyleFlushTest','class','modules/image/image.test','image',0),('ImageStylesPathAndUrlTestCase','class','modules/image/image.test','image',0),('ImageThemeFunctionWebTestCase','class','modules/image/image.test','image',0),('InfoFileParserTestCase','class','modules/system/system.test','system',0),('InsertQuery','class','includes/database/query.inc','',0),('InsertQuery_mysql','class','includes/database/mysql/query.inc','',0),('InsertQuery_pgsql','class','includes/database/pgsql/query.inc','',0),('InsertQuery_sqlite','class','includes/database/sqlite/query.inc','',0),('InvalidMergeQueryException','class','includes/database/database.inc','',0),('IPAddressBlockingTestCase','class','modules/system/system.test','system',0),('ListDynamicValuesTestCase','class','modules/field/modules/list/tests/list.test','list',0),('ListDynamicValuesValidationTestCase','class','modules/field/modules/list/tests/list.test','list',0),('ListFieldTestCase','class','modules/field/modules/list/tests/list.test','list',0),('ListFieldUITestCase','class','modules/field/modules/list/tests/list.test','list',0),('MailSystemInterface','interface','includes/mail.inc','',0),('MemoryQueue','class','modules/system/system.queue.inc','system',0),('MenuNodeTestCase','class','modules/menu/menu.test','menu',0),('MenuTestCase','class','modules/menu/menu.test','menu',0),('MergeQuery','class','includes/database/query.inc','',0),('ModuleDependencyTestCase','class','modules/system/system.test','system',0),('ModuleRequiredTestCase','class','modules/system/system.test','system',0),('ModuleTestCase','class','modules/system/system.test','system',0),('ModuleUpdater','class','modules/system/system.updater.inc','system',0),('ModuleVersionTestCase','class','modules/system/system.test','system',0),('MultiStepNodeFormBasicOptionsTest','class','modules/node/node.test','node',0),('NewDefaultThemeBlocks','class','modules/block/block.test','block',-5),('NodeAccessBaseTableTestCase','class','modules/node/node.test','node',0),('NodeAccessFieldTestCase','class','modules/node/node.test','node',0),('NodeAccessPagerTestCase','class','modules/node/node.test','node',0),('NodeAccessRebuildTestCase','class','modules/node/node.test','node',0),('NodeAccessRecordsTestCase','class','modules/node/node.test','node',0),('NodeAccessTestCase','class','modules/node/node.test','node',0),('NodeAdminTestCase','class','modules/node/node.test','node',0),('NodeBlockFunctionalTest','class','modules/node/node.test','node',0),('NodeBlockTestCase','class','modules/node/node.test','node',0),('NodeBuildContent','class','modules/node/node.test','node',0),('NodeController','class','modules/node/node.module','node',0),('NodeCreationTestCase','class','modules/node/node.test','node',0),('NodeEntityFieldQueryAlter','class','modules/node/node.test','node',0),('NodeEntityViewModeAlterTest','class','modules/node/node.test','node',0),('NodeFeedTestCase','class','modules/node/node.test','node',0),('NodeLoadHooksTestCase','class','modules/node/node.test','node',0),('NodeLoadMultipleTestCase','class','modules/node/node.test','node',0),('NodePageCacheTest','class','modules/node/node.test','node',0),('NodePostSettingsTestCase','class','modules/node/node.test','node',0),('NodeQueryAlter','class','modules/node/node.test','node',0),('NodeRevisionPermissionsTestCase','class','modules/node/node.test','node',0),('NodeRevisionsTestCase','class','modules/node/node.test','node',0),('NodeRSSContentTestCase','class','modules/node/node.test','node',0),('NodeSaveTestCase','class','modules/node/node.test','node',0),('NodeTitleTestCase','class','modules/node/node.test','node',0),('NodeTitleXSSTestCase','class','modules/node/node.test','node',0),('NodeTokenReplaceTestCase','class','modules/node/node.test','node',0),('NodeTypePersistenceTestCase','class','modules/node/node.test','node',0),('NodeTypeTestCase','class','modules/node/node.test','node',0),('NodeWebTestCase','class','modules/node/node.test','node',0),('NoFieldsException','class','includes/database/database.inc','',0),('NoHelpTestCase','class','modules/help/help.test','help',0),('NonDefaultBlockAdmin','class','modules/block/block.test','block',-5),('NumberFieldTestCase','class','modules/field/modules/number/number.test','number',0),('OptionsSelectDynamicValuesTestCase','class','modules/field/modules/options/options.test','options',0),('OptionsWidgetsTestCase','class','modules/field/modules/options/options.test','options',0),('PageEditTestCase','class','modules/node/node.test','node',0),('PageNotFoundTestCase','class','modules/system/system.test','system',0),('PagePreviewTestCase','class','modules/node/node.test','node',0),('PagerDefault','class','includes/pager.inc','',0),('PageTitleFiltering','class','modules/system/system.test','system',0),('PageViewTestCase','class','modules/node/node.test','node',0),('PathautoBulkUpdateTestCase','class','sites/all/modules/pathauto/pathauto.test','pathauto',0),('PathautoFunctionalTestCase','class','sites/all/modules/pathauto/pathauto.test','pathauto',0),('PathautoFunctionalTestHelper','class','sites/all/modules/pathauto/pathauto.test','pathauto',0),('PathautoLocaleTestCase','class','sites/all/modules/pathauto/pathauto.test','pathauto',0),('PathautoTestHelper','class','sites/all/modules/pathauto/pathauto.test','pathauto',0),('PathautoTokenTestCase','class','sites/all/modules/pathauto/pathauto.test','pathauto',0),('PathautoUnitTestCase','class','sites/all/modules/pathauto/pathauto.test','pathauto',0),('PathLanguageTestCase','class','modules/path/path.test','path',0),('PathLanguageUITestCase','class','modules/path/path.test','path',0),('PathMonolingualTestCase','class','modules/path/path.test','path',0),('PathTaxonomyTermTestCase','class','modules/path/path.test','path',0),('PathTestCase','class','modules/path/path.test','path',0),('Query','class','includes/database/query.inc','',0),('QueryAlterableInterface','interface','includes/database/query.inc','',0),('QueryConditionInterface','interface','includes/database/query.inc','',0),('QueryExtendableInterface','interface','includes/database/select.inc','',0),('QueryPlaceholderInterface','interface','includes/database/query.inc','',0),('QueueTestCase','class','modules/system/system.test','system',0),('RdfCommentAttributesTestCase','class','modules/rdf/rdf.test','rdf',0),('RdfCrudTestCase','class','modules/rdf/rdf.test','rdf',0),('RdfGetRdfNamespacesTestCase','class','modules/rdf/rdf.test','rdf',0),('RdfMappingDefinitionTestCase','class','modules/rdf/rdf.test','rdf',0),('RdfMappingHookTestCase','class','modules/rdf/rdf.test','rdf',0),('RdfRdfaMarkupTestCase','class','modules/rdf/rdf.test','rdf',0),('RdfTrackerAttributesTestCase','class','modules/rdf/rdf.test','rdf',0),('RetrieveFileTestCase','class','modules/system/system.test','system',0),('SchemaCache','class','includes/bootstrap.inc','',0),('SearchAdvancedSearchForm','class','modules/search/search.test','search',0),('SearchBlockTestCase','class','modules/search/search.test','search',0),('SearchCommentCountToggleTestCase','class','modules/search/search.test','search',0),('SearchCommentTestCase','class','modules/search/search.test','search',0),('SearchConfigSettingsForm','class','modules/search/search.test','search',0),('SearchEmbedForm','class','modules/search/search.test','search',0),('SearchExactTestCase','class','modules/search/search.test','search',0),('SearchExcerptTestCase','class','modules/search/search.test','search',0),('SearchExpressionInsertExtractTestCase','class','modules/search/search.test','search',0),('SearchKeywordsConditions','class','modules/search/search.test','search',0),('SearchLanguageTestCase','class','modules/search/search.test','search',0),('SearchMatchTestCase','class','modules/search/search.test','search',0),('SearchNodeAccessTest','class','modules/search/search.test','search',0),('SearchNumberMatchingTestCase','class','modules/search/search.test','search',0),('SearchNumbersTestCase','class','modules/search/search.test','search',0),('SearchPageOverride','class','modules/search/search.test','search',0),('SearchPageText','class','modules/search/search.test','search',0),('SearchQuery','class','modules/search/search.extender.inc','search',0),('SearchRankingTestCase','class','modules/search/search.test','search',0),('SearchSetLocaleTest','class','modules/search/search.test','search',0),('SearchSimplifyTestCase','class','modules/search/search.test','search',0),('SearchTokenizerTestCase','class','modules/search/search.test','search',0),('SelectQuery','class','includes/database/select.inc','',0),('SelectQueryExtender','class','includes/database/select.inc','',0),('SelectQueryInterface','interface','includes/database/select.inc','',0),('SelectQuery_pgsql','class','includes/database/pgsql/select.inc','',0),('SelectQuery_sqlite','class','includes/database/sqlite/select.inc','',0),('ShortcutLinksTestCase','class','modules/shortcut/shortcut.test','shortcut',0),('ShortcutSetsTestCase','class','modules/shortcut/shortcut.test','shortcut',0),('ShortcutTestCase','class','modules/shortcut/shortcut.test','shortcut',0),('ShutdownFunctionsTest','class','modules/system/system.test','system',0),('SiteMaintenanceTestCase','class','modules/system/system.test','system',0),('SkipDotsRecursiveDirectoryIterator','class','includes/filetransfer/filetransfer.inc','',0),('StreamWrapperInterface','interface','includes/stream_wrappers.inc','',0),('SummaryLengthTestCase','class','modules/node/node.test','node',0),('SystemAdminTestCase','class','modules/system/system.test','system',0),('SystemAuthorizeCase','class','modules/system/system.test','system',0),('SystemBlockTestCase','class','modules/system/system.test','system',0),('SystemIndexPhpTest','class','modules/system/system.test','system',0),('SystemInfoAlterTestCase','class','modules/system/system.test','system',0),('SystemMainContentFallback','class','modules/system/system.test','system',0),('SystemQueue','class','modules/system/system.queue.inc','system',0),('SystemThemeFunctionalTest','class','modules/system/system.test','system',0),('SystemValidTokenTest','class','modules/system/system.test','system',0),('TableSort','class','includes/tablesort.inc','',0),('TaxonomyEFQTestCase','class','modules/taxonomy/taxonomy.test','taxonomy',0),('TaxonomyHooksTestCase','class','modules/taxonomy/taxonomy.test','taxonomy',0),('TaxonomyLegacyTestCase','class','modules/taxonomy/taxonomy.test','taxonomy',0),('TaxonomyLoadMultipleTestCase','class','modules/taxonomy/taxonomy.test','taxonomy',0),('TaxonomyRSSTestCase','class','modules/taxonomy/taxonomy.test','taxonomy',0),('TaxonomyTermController','class','modules/taxonomy/taxonomy.module','taxonomy',0),('TaxonomyTermFieldMultipleVocabularyTestCase','class','modules/taxonomy/taxonomy.test','taxonomy',0),('TaxonomyTermFieldTestCase','class','modules/taxonomy/taxonomy.test','taxonomy',0),('TaxonomyTermFunctionTestCase','class','modules/taxonomy/taxonomy.test','taxonomy',0),('TaxonomyTermIndexTestCase','class','modules/taxonomy/taxonomy.test','taxonomy',0),('TaxonomyTermTestCase','class','modules/taxonomy/taxonomy.test','taxonomy',0),('TaxonomyThemeTestCase','class','modules/taxonomy/taxonomy.test','taxonomy',0),('TaxonomyTokenReplaceTestCase','class','modules/taxonomy/taxonomy.test','taxonomy',0),('TaxonomyVocabularyController','class','modules/taxonomy/taxonomy.module','taxonomy',0),('TaxonomyVocabularyFunctionalTest','class','modules/taxonomy/taxonomy.test','taxonomy',0),('TaxonomyVocabularyTestCase','class','modules/taxonomy/taxonomy.test','taxonomy',0),('TaxonomyWebTestCase','class','modules/taxonomy/taxonomy.test','taxonomy',0),('TestingMailSystem','class','modules/system/system.mail.inc','system',0),('TextFieldTestCase','class','modules/field/modules/text/text.test','text',0),('TextSummaryTestCase','class','modules/field/modules/text/text.test','text',0),('TextTranslationTestCase','class','modules/field/modules/text/text.test','text',0),('ThemeRegistry','class','includes/theme.inc','',0),('ThemeUpdater','class','modules/system/system.updater.inc','system',0),('TokenArrayTestCase','class','sites/all/modules/token/token.test','token',0),('TokenBlockTestCase','class','sites/all/modules/token/token.test','token',0),('TokenCommentTestCase','class','sites/all/modules/token/token.test','token',0),('TokenCurrentPageTestCase','class','sites/all/modules/token/token.test','token',0),('TokenDateTestCase','class','sites/all/modules/token/token.test','token',0),('TokenEntityTestCase','class','sites/all/modules/token/token.test','token',0),('TokenFileTestCase','class','sites/all/modules/token/token.test','token',0),('TokenMenuTestCase','class','sites/all/modules/token/token.test','token',0),('TokenNodeTestCase','class','sites/all/modules/token/token.test','token',0),('TokenProfileTestCase','class','sites/all/modules/token/token.test','token',0),('TokenRandomTestCase','class','sites/all/modules/token/token.test','token',0),('TokenReplaceTestCase','class','modules/system/system.test','system',0),('TokenScanTest','class','modules/system/system.test','system',0),('TokenTaxonomyTestCase','class','sites/all/modules/token/token.test','token',0),('TokenTestHelper','class','sites/all/modules/token/token.test','token',0),('TokenUnitTestCase','class','sites/all/modules/token/token.test','token',0),('TokenURLTestCase','class','sites/all/modules/token/token.test','token',0),('TokenUserTestCase','class','sites/all/modules/token/token.test','token',0),('TruncateQuery','class','includes/database/query.inc','',0),('TruncateQuery_mysql','class','includes/database/mysql/query.inc','',0),('TruncateQuery_sqlite','class','includes/database/sqlite/query.inc','',0),('UpdateCoreTestCase','class','modules/update/update.test','update',0),('UpdateCoreUnitTestCase','class','modules/update/update.test','update',0),('UpdateQuery','class','includes/database/query.inc','',0),('UpdateQuery_pgsql','class','includes/database/pgsql/query.inc','',0),('UpdateQuery_sqlite','class','includes/database/sqlite/query.inc','',0),('Updater','class','includes/updater.inc','',0),('UpdaterException','class','includes/updater.inc','',0),('UpdaterFileTransferException','class','includes/updater.inc','',0),('UpdateScriptFunctionalTest','class','modules/system/system.test','system',0),('UpdateTestContribCase','class','modules/update/update.test','update',0),('UpdateTestHelper','class','modules/update/update.test','update',0),('UpdateTestUploadCase','class','modules/update/update.test','update',0),('UserAccountLinksUnitTests','class','modules/user/user.test','user',0),('UserAdminTestCase','class','modules/user/user.test','user',0),('UserAuthmapAssignmentTestCase','class','modules/user/user.test','user',0),('UserAutocompleteTestCase','class','modules/user/user.test','user',0),('UserBlocksUnitTests','class','modules/user/user.test','user',0),('UserCancelTestCase','class','modules/user/user.test','user',0),('UserController','class','modules/user/user.module','user',0),('UserCreateTestCase','class','modules/user/user.test','user',0),('UserEditedOwnAccountTestCase','class','modules/user/user.test','user',0),('UserEditTestCase','class','modules/user/user.test','user',0),('UserLoginTestCase','class','modules/user/user.test','user',0),('UserPasswordResetTestCase','class','modules/user/user.test','user',0),('UserPermissionsTestCase','class','modules/user/user.test','user',0),('UserPictureTestCase','class','modules/user/user.test','user',0),('UserRegistrationTestCase','class','modules/user/user.test','user',0),('UserRoleAdminTestCase','class','modules/user/user.test','user',0),('UserRolesAssignmentTestCase','class','modules/user/user.test','user',0),('UserSaveTestCase','class','modules/user/user.test','user',0),('UserSignatureTestCase','class','modules/user/user.test','user',0),('UserTimeZoneFunctionalTest','class','modules/user/user.test','user',0),('UserTokenReplaceTestCase','class','modules/user/user.test','user',0),('UserUserSearchTestCase','class','modules/user/user.test','user',0),('UserValidateCurrentPassCustomForm','class','modules/user/user.test','user',0),('UserValidationTestCase','class','modules/user/user.test','user',0),('view','class','sites/all/modules/views/includes/view.inc','views',10),('ViewsAccessTest','class','sites/all/modules/views/tests/views_access.test','views',0),('ViewsAnalyzeTest','class','sites/all/modules/views/tests/views_analyze.test','views',0),('ViewsArgumentDefaultTest','class','sites/all/modules/views/tests/views_argument_default.test','views',0),('ViewsArgumentValidatorTest','class','sites/all/modules/views/tests/views_argument_validator.test','views',0),('ViewsBasicTest','class','sites/all/modules/views/tests/views_basic.test','views',0),('ViewsBsIsotopePluginStyle','class','sites/all/modules/tabvn/views_bs/plugins/isotope/views_bs_isotope_plugin_style.inc','views_bs',0),('ViewsBsOwlPluginStyle','class','sites/all/modules/tabvn/views_bs/plugins/owl/views_bs_owl_plugin_style.inc','views_bs',0),('ViewsBsTimelinePluginStyle','class','sites/all/modules/tabvn/views_bs/plugins/timeline/views_bs_timeline_plugin_style.inc','views_bs',0),('ViewsCacheTest','class','sites/all/modules/views/tests/views_cache.test','views',10),('ViewsExposedFormTest','class','sites/all/modules/views/tests/views_exposed_form.test','views',0),('viewsFieldApiDataTest','class','sites/all/modules/views/tests/field/views_fieldapi.test','views',0),('ViewsFieldApiTestHelper','class','sites/all/modules/views/tests/field/views_fieldapi.test','views',0),('ViewsGlossaryTestCase','class','sites/all/modules/views/tests/views_glossary.test','views',0),('ViewsHandlerAreaTextTest','class','sites/all/modules/views/tests/handlers/views_handler_area_text.test','views',0),('viewsHandlerArgumentCommentUserUidTest','class','sites/all/modules/views/tests/comment/views_handler_argument_comment_user_uid.test','views',0),('ViewsHandlerArgumentNullTest','class','sites/all/modules/views/tests/handlers/views_handler_argument_null.test','views',0),('ViewsHandlerArgumentStringTest','class','sites/all/modules/views/tests/handlers/views_handler_argument_string.test','views',0),('ViewsHandlerFieldBooleanTest','class','sites/all/modules/views/tests/handlers/views_handler_field_boolean.test','views',0),('ViewsHandlerFieldCustomTest','class','sites/all/modules/views/tests/handlers/views_handler_field_custom.test','views',0),('ViewsHandlerFieldDateTest','class','sites/all/modules/views/tests/handlers/views_handler_field_date.test','views',10),('viewsHandlerFieldFieldTest','class','sites/all/modules/views/tests/field/views_fieldapi.test','views',0),('ViewsHandlerFieldMath','class','sites/all/modules/views/tests/handlers/views_handler_field_math.test','views',0),('ViewsHandlerFieldTest','class','sites/all/modules/views/tests/handlers/views_handler_field.test','views',0),('ViewsHandlerFieldUrlTest','class','sites/all/modules/views/tests/handlers/views_handler_field_url.test','views',0),('viewsHandlerFieldUserNameTest','class','sites/all/modules/views/tests/user/views_handler_field_user_name.test','views',0),('ViewsHandlerFileExtensionTest','class','sites/all/modules/views/tests/handlers/views_handler_field_file_extension.test','views',10),('ViewsHandlerFilterCombineTest','class','sites/all/modules/views/tests/handlers/views_handler_filter_combine.test','views',0),('viewsHandlerFilterCommentUserUidTest','class','sites/all/modules/views/tests/comment/views_handler_filter_comment_user_uid.test','views',0),('ViewsHandlerFilterCounterTest','class','sites/all/modules/views/tests/handlers/views_handler_field_counter.test','views',0),('ViewsHandlerFilterDateTest','class','sites/all/modules/views/tests/handlers/views_handler_filter_date.test','views',0),('ViewsHandlerFilterEqualityTest','class','sites/all/modules/views/tests/handlers/views_handler_filter_equality.test','views',0),('ViewsHandlerFilterInOperator','class','sites/all/modules/views/tests/handlers/views_handler_filter_in_operator.test','views',0),('ViewsHandlerFilterNumericTest','class','sites/all/modules/views/tests/handlers/views_handler_filter_numeric.test','views',0),('ViewsHandlerFilterStringTest','class','sites/all/modules/views/tests/handlers/views_handler_filter_string.test','views',0),('ViewsHandlerRelationshipNodeTermDataTest','class','sites/all/modules/views/tests/taxonomy/views_handler_relationship_node_term_data.test','views',0),('ViewsHandlerSortDateTest','class','sites/all/modules/views/tests/handlers/views_handler_sort_date.test','views',0),('ViewsHandlerSortRandomTest','class','sites/all/modules/views/tests/handlers/views_handler_sort_random.test','views',0),('ViewsHandlerSortTest','class','sites/all/modules/views/tests/handlers/views_handler_sort.test','views',0),('ViewsHandlersTest','class','sites/all/modules/views/tests/views_handlers.test','views',0),('ViewsHandlerTest','class','sites/all/modules/views/tests/handlers/views_handlers.test','views',10),('ViewsHandlerTestFileSize','class','sites/all/modules/views/tests/handlers/views_handler_field_file_size.test','views',0),('ViewsHandlerTestXss','class','sites/all/modules/views/tests/handlers/views_handler_field_xss.test','views',0),('ViewsModuleTest','class','sites/all/modules/views/tests/views_module.test','views',10),('ViewsNodeRevisionRelationsTestCase','class','sites/all/modules/views/tests/node/views_node_revision_relations.test','views',0),('ViewsPagerTest','class','sites/all/modules/views/tests/views_pager.test','views',0),('ViewsPluginDisplayTestCase','class','sites/all/modules/views/tests/plugins/views_plugin_display.test','views',0),('viewsPluginStyleJumpMenuTest','class','sites/all/modules/views/tests/styles/views_plugin_style_jump_menu.test','views',0),('ViewsPluginStyleMappingTest','class','sites/all/modules/views/tests/styles/views_plugin_style_mapping.test','views',0),('ViewsPluginStyleTestBase','class','sites/all/modules/views/tests/styles/views_plugin_style_base.test','views',0),('ViewsPluginStyleTestCase','class','sites/all/modules/views/tests/styles/views_plugin_style.test','views',0),('ViewsPluginStyleUnformattedTestCase','class','sites/all/modules/views/tests/styles/views_plugin_style_unformatted.test','views',0),('ViewsQueryGroupByTest','class','sites/all/modules/views/tests/views_groupby.test','views',0),('viewsSearchQuery','class','sites/all/modules/views/modules/search/views_handler_filter_search.inc','views',0),('ViewsSqlTest','class','sites/all/modules/views/tests/views_query.test','views',0),('ViewsTestCase','class','sites/all/modules/views/tests/views_query.test','views',0),('ViewsTranslatableTest','class','sites/all/modules/views/tests/views_translatable.test','views',0),('ViewsUiBaseViewsWizard','class','sites/all/modules/views/plugins/views_wizard/views_ui_base_views_wizard.class.php','views_ui',0),('ViewsUiCommentViewsWizard','class','sites/all/modules/views/plugins/views_wizard/views_ui_comment_views_wizard.class.php','views_ui',0),('ViewsUiFileManagedViewsWizard','class','sites/all/modules/views/plugins/views_wizard/views_ui_file_managed_views_wizard.class.php','views_ui',0),('viewsUiGroupbyTestCase','class','sites/all/modules/views/tests/views_groupby.test','views',0),('ViewsUiNodeRevisionViewsWizard','class','sites/all/modules/views/plugins/views_wizard/views_ui_node_revision_views_wizard.class.php','views_ui',0),('ViewsUiNodeViewsWizard','class','sites/all/modules/views/plugins/views_wizard/views_ui_node_views_wizard.class.php','views_ui',0),('ViewsUiTaxonomyTermViewsWizard','class','sites/all/modules/views/plugins/views_wizard/views_ui_taxonomy_term_views_wizard.class.php','views_ui',0),('ViewsUiUsersViewsWizard','class','sites/all/modules/views/plugins/views_wizard/views_ui_users_views_wizard.class.php','views_ui',0),('ViewsUIWizardBasicTestCase','class','sites/all/modules/views/tests/views_ui.test','views',0),('ViewsUIWizardDefaultViewsTestCase','class','sites/all/modules/views/tests/views_ui.test','views',0),('ViewsUIWizardHelper','class','sites/all/modules/views/tests/views_ui.test','views',0),('ViewsUIWizardItemsPerPageTestCase','class','sites/all/modules/views/tests/views_ui.test','views',0),('ViewsUIWizardJumpMenuTestCase','class','sites/all/modules/views/tests/views_ui.test','views',0),('ViewsUIWizardMenuTestCase','class','sites/all/modules/views/tests/views_ui.test','views',0),('ViewsUIWizardOverrideDisplaysTestCase','class','sites/all/modules/views/tests/views_ui.test','views',0),('ViewsUIWizardSortingTestCase','class','sites/all/modules/views/tests/views_ui.test','views',0),('ViewsUIWizardTaggedWithTestCase','class','sites/all/modules/views/tests/views_ui.test','views',0),('ViewsUpgradeTestCase','class','sites/all/modules/views/tests/views_upgrade.test','views',0),('ViewsUserArgumentDefault','class','sites/all/modules/views/tests/user/views_user_argument_default.test','views',0),('ViewsUserArgumentValidate','class','sites/all/modules/views/tests/user/views_user_argument_validate.test','views',0),('ViewsUserTestCase','class','sites/all/modules/views/tests/user/views_user.test','views',0),('ViewsViewTest','class','sites/all/modules/views/tests/views_view.test','views',0),('ViewsWizardException','class','sites/all/modules/views/plugins/views_wizard/views_ui_base_views_wizard.class.php','views_ui',0),('ViewsWizardInterface','interface','sites/all/modules/views/plugins/views_wizard/views_ui_base_views_wizard.class.php','views_ui',0),('views_db_object','class','sites/all/modules/views/includes/view.inc','views',10),('views_display','class','sites/all/modules/views/includes/view.inc','views',10),('views_handler','class','sites/all/modules/views/includes/handlers.inc','views',10),('views_handler_area','class','sites/all/modules/views/handlers/views_handler_area.inc','views',0),('views_handler_area_broken','class','sites/all/modules/views/handlers/views_handler_area.inc','views',0),('views_handler_area_messages','class','sites/all/modules/views/handlers/views_handler_area_messages.inc','views',10),('views_handler_area_result','class','sites/all/modules/views/handlers/views_handler_area_result.inc','views',0),('views_handler_area_text','class','sites/all/modules/views/handlers/views_handler_area_text.inc','views',0),('views_handler_area_text_custom','class','sites/all/modules/views/handlers/views_handler_area_text_custom.inc','views',0),('views_handler_area_view','class','sites/all/modules/views/handlers/views_handler_area_view.inc','views',0),('views_handler_argument','class','sites/all/modules/views/handlers/views_handler_argument.inc','views',0),('views_handler_argument_aggregator_category_cid','class','sites/all/modules/views/modules/aggregator/views_handler_argument_aggregator_category_cid.inc','views',0),('views_handler_argument_aggregator_fid','class','sites/all/modules/views/modules/aggregator/views_handler_argument_aggregator_fid.inc','views',0),('views_handler_argument_aggregator_iid','class','sites/all/modules/views/modules/aggregator/views_handler_argument_aggregator_iid.inc','views',0),('views_handler_argument_broken','class','sites/all/modules/views/handlers/views_handler_argument.inc','views',0),('views_handler_argument_comment_user_uid','class','sites/all/modules/views/modules/comment/views_handler_argument_comment_user_uid.inc','views',0),('views_handler_argument_date','class','sites/all/modules/views/handlers/views_handler_argument_date.inc','views',0),('views_handler_argument_field_list','class','sites/all/modules/views/modules/field/views_handler_argument_field_list.inc','views',0),('views_handler_argument_field_list_string','class','sites/all/modules/views/modules/field/views_handler_argument_field_list_string.inc','views',0),('views_handler_argument_file_fid','class','sites/all/modules/views/modules/system/views_handler_argument_file_fid.inc','views',0),('views_handler_argument_formula','class','sites/all/modules/views/handlers/views_handler_argument_formula.inc','views',0),('views_handler_argument_group_by_numeric','class','sites/all/modules/views/handlers/views_handler_argument_group_by_numeric.inc','views',0),('views_handler_argument_locale_group','class','sites/all/modules/views/modules/locale/views_handler_argument_locale_group.inc','views',0),('views_handler_argument_locale_language','class','sites/all/modules/views/modules/locale/views_handler_argument_locale_language.inc','views',0),('views_handler_argument_many_to_one','class','sites/all/modules/views/handlers/views_handler_argument_many_to_one.inc','views',0),('views_handler_argument_node_created_day','class','sites/all/modules/views/modules/node/views_handler_argument_dates_various.inc','views',0),('views_handler_argument_node_created_fulldate','class','sites/all/modules/views/modules/node/views_handler_argument_dates_various.inc','views',0),('views_handler_argument_node_created_month','class','sites/all/modules/views/modules/node/views_handler_argument_dates_various.inc','views',0),('views_handler_argument_node_created_week','class','sites/all/modules/views/modules/node/views_handler_argument_dates_various.inc','views',0),('views_handler_argument_node_created_year','class','sites/all/modules/views/modules/node/views_handler_argument_dates_various.inc','views',0),('views_handler_argument_node_created_year_month','class','sites/all/modules/views/modules/node/views_handler_argument_dates_various.inc','views',0),('views_handler_argument_node_language','class','sites/all/modules/views/modules/node/views_handler_argument_node_language.inc','views',0),('views_handler_argument_node_nid','class','sites/all/modules/views/modules/node/views_handler_argument_node_nid.inc','views',0),('views_handler_argument_node_tnid','class','sites/all/modules/views/modules/translation/views_handler_argument_node_tnid.inc','views',0),('views_handler_argument_node_type','class','sites/all/modules/views/modules/node/views_handler_argument_node_type.inc','views',0),('views_handler_argument_node_uid_revision','class','sites/all/modules/views/modules/node/views_handler_argument_node_uid_revision.inc','views',0),('views_handler_argument_node_vid','class','sites/all/modules/views/modules/node/views_handler_argument_node_vid.inc','views',0),('views_handler_argument_null','class','sites/all/modules/views/handlers/views_handler_argument_null.inc','views',0),('views_handler_argument_numeric','class','sites/all/modules/views/handlers/views_handler_argument_numeric.inc','views',0),('views_handler_argument_search','class','sites/all/modules/views/modules/search/views_handler_argument_search.inc','views',0),('views_handler_argument_string','class','sites/all/modules/views/handlers/views_handler_argument_string.inc','views',0),('views_handler_argument_taxonomy','class','sites/all/modules/views/modules/taxonomy/views_handler_argument_taxonomy.inc','views',0),('views_handler_argument_term_node_tid','class','sites/all/modules/views/modules/taxonomy/views_handler_argument_term_node_tid.inc','views',0),('views_handler_argument_term_node_tid_depth','class','sites/all/modules/views/modules/taxonomy/views_handler_argument_term_node_tid_depth.inc','views',0),('views_handler_argument_term_node_tid_depth_modifier','class','sites/all/modules/views/modules/taxonomy/views_handler_argument_term_node_tid_depth_modifier.inc','views',0),('views_handler_argument_tracker_comment_user_uid','class','sites/all/modules/views/modules/tracker/views_handler_argument_tracker_comment_user_uid.inc','views',0),('views_handler_argument_users_roles_rid','class','sites/all/modules/views/modules/user/views_handler_argument_users_roles_rid.inc','views',0),('views_handler_argument_user_uid','class','sites/all/modules/views/modules/user/views_handler_argument_user_uid.inc','views',0),('views_handler_argument_vocabulary_machine_name','class','sites/all/modules/views/modules/taxonomy/views_handler_argument_vocabulary_machine_name.inc','views',0),('views_handler_argument_vocabulary_vid','class','sites/all/modules/views/modules/taxonomy/views_handler_argument_vocabulary_vid.inc','views',0),('views_handler_field','class','sites/all/modules/views/handlers/views_handler_field.inc','views',0),('views_handler_field_accesslog_path','class','sites/all/modules/views/modules/statistics/views_handler_field_accesslog_path.inc','views',0),('views_handler_field_aggregator_category','class','sites/all/modules/views/modules/aggregator/views_handler_field_aggregator_category.inc','views',0),('views_handler_field_aggregator_title_link','class','sites/all/modules/views/modules/aggregator/views_handler_field_aggregator_title_link.inc','views',0),('views_handler_field_aggregator_xss','class','sites/all/modules/views/modules/aggregator/views_handler_field_aggregator_xss.inc','views',0),('views_handler_field_boolean','class','sites/all/modules/views/handlers/views_handler_field_boolean.inc','views',0),('views_handler_field_broken','class','sites/all/modules/views/handlers/views_handler_field.inc','views',0),('views_handler_field_comment','class','sites/all/modules/views/modules/comment/views_handler_field_comment.inc','views',0),('views_handler_field_comment_depth','class','sites/all/modules/views/modules/comment/views_handler_field_comment_depth.inc','views',0),('views_handler_field_comment_link','class','sites/all/modules/views/modules/comment/views_handler_field_comment_link.inc','views',0),('views_handler_field_comment_link_approve','class','sites/all/modules/views/modules/comment/views_handler_field_comment_link_approve.inc','views',0),('views_handler_field_comment_link_delete','class','sites/all/modules/views/modules/comment/views_handler_field_comment_link_delete.inc','views',0),('views_handler_field_comment_link_edit','class','sites/all/modules/views/modules/comment/views_handler_field_comment_link_edit.inc','views',0),('views_handler_field_comment_link_reply','class','sites/all/modules/views/modules/comment/views_handler_field_comment_link_reply.inc','views',0),('views_handler_field_comment_node_link','class','sites/all/modules/views/modules/comment/views_handler_field_comment_node_link.inc','views',0),('views_handler_field_comment_username','class','sites/all/modules/views/modules/comment/views_handler_field_comment_username.inc','views',0),('views_handler_field_contact_link','class','sites/all/modules/views/modules/contact/views_handler_field_contact_link.inc','views',0),('views_handler_field_contextual_links','class','sites/all/modules/views/handlers/views_handler_field_contextual_links.inc','views',0),('views_handler_field_counter','class','sites/all/modules/views/handlers/views_handler_field_counter.inc','views',0),('views_handler_field_custom','class','sites/all/modules/views/handlers/views_handler_field_custom.inc','views',0),('views_handler_field_date','class','sites/all/modules/views/handlers/views_handler_field_date.inc','views',10),('views_handler_field_entity','class','sites/all/modules/views/handlers/views_handler_field_entity.inc','views',0),('views_handler_field_field','class','sites/all/modules/views/modules/field/views_handler_field_field.inc','views',10),('views_handler_field_file','class','sites/all/modules/views/modules/system/views_handler_field_file.inc','views',0),('views_handler_field_file_extension','class','sites/all/modules/views/modules/system/views_handler_field_file_extension.inc','views',10),('views_handler_field_file_filemime','class','sites/all/modules/views/modules/system/views_handler_field_file_filemime.inc','views',0),('views_handler_field_file_size','class','sites/all/modules/views/handlers/views_handler_field.inc','views',0),('views_handler_field_file_status','class','sites/all/modules/views/modules/system/views_handler_field_file_status.inc','views',0),('views_handler_field_file_uri','class','sites/all/modules/views/modules/system/views_handler_field_file_uri.inc','views',0),('views_handler_field_filter_format_name','class','sites/all/modules/views/modules/filter/views_handler_field_filter_format_name.inc','views',0),('views_handler_field_history_user_timestamp','class','sites/all/modules/views/modules/node/views_handler_field_history_user_timestamp.inc','views',0),('views_handler_field_last_comment_timestamp','class','sites/all/modules/views/modules/comment/views_handler_field_last_comment_timestamp.inc','views',0),('views_handler_field_locale_group','class','sites/all/modules/views/modules/locale/views_handler_field_locale_group.inc','views',0),('views_handler_field_locale_language','class','sites/all/modules/views/modules/locale/views_handler_field_locale_language.inc','views',0),('views_handler_field_locale_link_edit','class','sites/all/modules/views/modules/locale/views_handler_field_locale_link_edit.inc','views',0),('views_handler_field_machine_name','class','sites/all/modules/views/handlers/views_handler_field_machine_name.inc','views',0),('views_handler_field_markup','class','sites/all/modules/views/handlers/views_handler_field_markup.inc','views',0),('views_handler_field_math','class','sites/all/modules/views/handlers/views_handler_field_math.inc','views',0),('views_handler_field_ncs_last_comment_name','class','sites/all/modules/views/modules/comment/views_handler_field_ncs_last_comment_name.inc','views',0),('views_handler_field_ncs_last_updated','class','sites/all/modules/views/modules/comment/views_handler_field_ncs_last_updated.inc','views',0),('views_handler_field_node','class','sites/all/modules/views/modules/node/views_handler_field_node.inc','views',0),('views_handler_field_node_comment','class','sites/all/modules/views/modules/comment/views_handler_field_node_comment.inc','views',0),('views_handler_field_node_language','class','sites/all/modules/views/modules/locale/views_handler_field_node_language.inc','views',0),('views_handler_field_node_link','class','sites/all/modules/views/modules/node/views_handler_field_node_link.inc','views',0),('views_handler_field_node_link_delete','class','sites/all/modules/views/modules/node/views_handler_field_node_link_delete.inc','views',0),('views_handler_field_node_link_edit','class','sites/all/modules/views/modules/node/views_handler_field_node_link_edit.inc','views',0),('views_handler_field_node_link_translate','class','sites/all/modules/views/modules/translation/views_handler_field_node_link_translate.inc','views',0),('views_handler_field_node_new_comments','class','sites/all/modules/views/modules/comment/views_handler_field_node_new_comments.inc','views',0),('views_handler_field_node_path','class','sites/all/modules/views/modules/node/views_handler_field_node_path.inc','views',0),('views_handler_field_node_revision','class','sites/all/modules/views/modules/node/views_handler_field_node_revision.inc','views',0),('views_handler_field_node_revision_link','class','sites/all/modules/views/modules/node/views_handler_field_node_revision_link.inc','views',0),('views_handler_field_node_revision_link_delete','class','sites/all/modules/views/modules/node/views_handler_field_node_revision_link_delete.inc','views',0),('views_handler_field_node_revision_link_revert','class','sites/all/modules/views/modules/node/views_handler_field_node_revision_link_revert.inc','views',0),('views_handler_field_node_translation_link','class','sites/all/modules/views/modules/translation/views_handler_field_node_translation_link.inc','views',0),('views_handler_field_node_type','class','sites/all/modules/views/modules/node/views_handler_field_node_type.inc','views',0),('views_handler_field_numeric','class','sites/all/modules/views/handlers/views_handler_field_numeric.inc','views',0),('views_handler_field_prerender_list','class','sites/all/modules/views/handlers/views_handler_field_prerender_list.inc','views',0),('views_handler_field_profile_date','class','sites/all/modules/views/modules/profile/views_handler_field_profile_date.inc','views',10),('views_handler_field_profile_list','class','sites/all/modules/views/modules/profile/views_handler_field_profile_list.inc','views',0),('views_handler_field_search_score','class','sites/all/modules/views/modules/search/views_handler_field_search_score.inc','views',0),('views_handler_field_serialized','class','sites/all/modules/views/handlers/views_handler_field_serialized.inc','views',0),('views_handler_field_taxonomy','class','sites/all/modules/views/modules/taxonomy/views_handler_field_taxonomy.inc','views',0),('views_handler_field_term_link_edit','class','sites/all/modules/views/modules/taxonomy/views_handler_field_term_link_edit.inc','views',0),('views_handler_field_term_node_tid','class','sites/all/modules/views/modules/taxonomy/views_handler_field_term_node_tid.inc','views',0),('views_handler_field_time_interval','class','sites/all/modules/views/handlers/views_handler_field_time_interval.inc','views',0),('views_handler_field_url','class','sites/all/modules/views/handlers/views_handler_field_url.inc','views',0),('views_handler_field_user','class','sites/all/modules/views/modules/user/views_handler_field_user.inc','views',0),('views_handler_field_user_language','class','sites/all/modules/views/modules/user/views_handler_field_user_language.inc','views',0),('views_handler_field_user_link','class','sites/all/modules/views/modules/user/views_handler_field_user_link.inc','views',0),('views_handler_field_user_link_cancel','class','sites/all/modules/views/modules/user/views_handler_field_user_link_cancel.inc','views',10),('views_handler_field_user_link_edit','class','sites/all/modules/views/modules/user/views_handler_field_user_link_edit.inc','views',0),('views_handler_field_user_mail','class','sites/all/modules/views/modules/user/views_handler_field_user_mail.inc','views',0),('views_handler_field_user_name','class','sites/all/modules/views/modules/user/views_handler_field_user_name.inc','views',0),('views_handler_field_user_permissions','class','sites/all/modules/views/modules/user/views_handler_field_user_permissions.inc','views',0),('views_handler_field_user_picture','class','sites/all/modules/views/modules/user/views_handler_field_user_picture.inc','views',0),('views_handler_field_user_roles','class','sites/all/modules/views/modules/user/views_handler_field_user_roles.inc','views',0),('views_handler_field_xss','class','sites/all/modules/views/handlers/views_handler_field.inc','views',0),('views_handler_filter','class','sites/all/modules/views/handlers/views_handler_filter.inc','views',10),('views_handler_filter_aggregator_category_cid','class','sites/all/modules/views/modules/aggregator/views_handler_filter_aggregator_category_cid.inc','views',0),('views_handler_filter_boolean_operator','class','sites/all/modules/views/handlers/views_handler_filter_boolean_operator.inc','views',0),('views_handler_filter_boolean_operator_string','class','sites/all/modules/views/handlers/views_handler_filter_boolean_operator_string.inc','views',10),('views_handler_filter_broken','class','sites/all/modules/views/handlers/views_handler_filter.inc','views',10),('views_handler_filter_combine','class','sites/all/modules/views/handlers/views_handler_filter_combine.inc','views',0),('views_handler_filter_comment_user_uid','class','sites/all/modules/views/modules/comment/views_handler_filter_comment_user_uid.inc','views',0),('views_handler_filter_date','class','sites/all/modules/views/handlers/views_handler_filter_date.inc','views',0),('views_handler_filter_entity_bundle','class','sites/all/modules/views/handlers/views_handler_filter_entity_bundle.inc','views',0),('views_handler_filter_equality','class','sites/all/modules/views/handlers/views_handler_filter_equality.inc','views',0),('views_handler_filter_fields_compare','class','sites/all/modules/views/handlers/views_handler_filter_fields_compare.inc','views',10),('views_handler_filter_field_list','class','sites/all/modules/views/modules/field/views_handler_filter_field_list.inc','views',0),('views_handler_filter_file_status','class','sites/all/modules/views/modules/system/views_handler_filter_file_status.inc','views',0),('views_handler_filter_group_by_numeric','class','sites/all/modules/views/handlers/views_handler_filter_group_by_numeric.inc','views',0),('views_handler_filter_history_user_timestamp','class','sites/all/modules/views/modules/node/views_handler_filter_history_user_timestamp.inc','views',0),('views_handler_filter_in_operator','class','sites/all/modules/views/handlers/views_handler_filter_in_operator.inc','views',0),('views_handler_filter_locale_group','class','sites/all/modules/views/modules/locale/views_handler_filter_locale_group.inc','views',0),('views_handler_filter_locale_language','class','sites/all/modules/views/modules/locale/views_handler_filter_locale_language.inc','views',0),('views_handler_filter_locale_version','class','sites/all/modules/views/modules/locale/views_handler_filter_locale_version.inc','views',0),('views_handler_filter_many_to_one','class','sites/all/modules/views/handlers/views_handler_filter_many_to_one.inc','views',0),('views_handler_filter_ncs_last_updated','class','sites/all/modules/views/modules/comment/views_handler_filter_ncs_last_updated.inc','views',0),('views_handler_filter_node_access','class','sites/all/modules/views/modules/node/views_handler_filter_node_access.inc','views',0),('views_handler_filter_node_comment','class','sites/all/modules/views/modules/comment/views_handler_filter_node_comment.inc','views',0),('views_handler_filter_node_language','class','sites/all/modules/views/modules/locale/views_handler_filter_node_language.inc','views',0),('views_handler_filter_node_status','class','sites/all/modules/views/modules/node/views_handler_filter_node_status.inc','views',0),('views_handler_filter_node_tnid','class','sites/all/modules/views/modules/translation/views_handler_filter_node_tnid.inc','views',0),('views_handler_filter_node_tnid_child','class','sites/all/modules/views/modules/translation/views_handler_filter_node_tnid_child.inc','views',0),('views_handler_filter_node_type','class','sites/all/modules/views/modules/node/views_handler_filter_node_type.inc','views',0),('views_handler_filter_node_uid_revision','class','sites/all/modules/views/modules/node/views_handler_filter_node_uid_revision.inc','views',0),('views_handler_filter_numeric','class','sites/all/modules/views/handlers/views_handler_filter_numeric.inc','views',0),('views_handler_filter_profile_selection','class','sites/all/modules/views/modules/profile/views_handler_filter_profile_selection.inc','views',0),('views_handler_filter_search','class','sites/all/modules/views/modules/search/views_handler_filter_search.inc','views',0),('views_handler_filter_string','class','sites/all/modules/views/handlers/views_handler_filter_string.inc','views',0),('views_handler_filter_system_type','class','sites/all/modules/views/modules/system/views_handler_filter_system_type.inc','views',0),('views_handler_filter_term_node_tid','class','sites/all/modules/views/modules/taxonomy/views_handler_filter_term_node_tid.inc','views',10),('views_handler_filter_term_node_tid_depth','class','sites/all/modules/views/modules/taxonomy/views_handler_filter_term_node_tid_depth.inc','views',0),('views_handler_filter_tracker_boolean_operator','class','sites/all/modules/views/modules/tracker/views_handler_filter_tracker_boolean_operator.inc','views',0),('views_handler_filter_tracker_comment_user_uid','class','sites/all/modules/views/modules/tracker/views_handler_filter_tracker_comment_user_uid.inc','views',0),('views_handler_filter_user_current','class','sites/all/modules/views/modules/user/views_handler_filter_user_current.inc','views',0),('views_handler_filter_user_name','class','sites/all/modules/views/modules/user/views_handler_filter_user_name.inc','views',0),('views_handler_filter_user_permissions','class','sites/all/modules/views/modules/user/views_handler_filter_user_permissions.inc','views',0),('views_handler_filter_user_roles','class','sites/all/modules/views/modules/user/views_handler_filter_user_roles.inc','views',0),('views_handler_filter_vocabulary_machine_name','class','sites/all/modules/views/modules/taxonomy/views_handler_filter_vocabulary_machine_name.inc','views',0),('views_handler_filter_vocabulary_vid','class','sites/all/modules/views/modules/taxonomy/views_handler_filter_vocabulary_vid.inc','views',0),('views_handler_relationship','class','sites/all/modules/views/handlers/views_handler_relationship.inc','views',0),('views_handler_relationship_broken','class','sites/all/modules/views/handlers/views_handler_relationship.inc','views',0),('views_handler_relationship_entity_reverse','class','sites/all/modules/views/modules/field/views_handler_relationship_entity_reverse.inc','views',0),('views_handler_relationship_groupwise_max','class','sites/all/modules/views/handlers/views_handler_relationship_groupwise_max.inc','views',0),('views_handler_relationship_node_term_data','class','sites/all/modules/views/modules/taxonomy/views_handler_relationship_node_term_data.inc','views',10),('views_handler_relationship_translation','class','sites/all/modules/views/modules/translation/views_handler_relationship_translation.inc','views',0),('views_handler_sort','class','sites/all/modules/views/handlers/views_handler_sort.inc','views',0),('views_handler_sort_broken','class','sites/all/modules/views/handlers/views_handler_sort.inc','views',0),('views_handler_sort_comment_thread','class','sites/all/modules/views/modules/comment/views_handler_sort_comment_thread.inc','views',0),('views_handler_sort_date','class','sites/all/modules/views/handlers/views_handler_sort_date.inc','views',0),('views_handler_sort_group_by_numeric','class','sites/all/modules/views/handlers/views_handler_sort_group_by_numeric.inc','views',0),('views_handler_sort_menu_hierarchy','class','sites/all/modules/views/handlers/views_handler_sort_menu_hierarchy.inc','views',0),('views_handler_sort_ncs_last_comment_name','class','sites/all/modules/views/modules/comment/views_handler_sort_ncs_last_comment_name.inc','views',0),('views_handler_sort_ncs_last_updated','class','sites/all/modules/views/modules/comment/views_handler_sort_ncs_last_updated.inc','views',0),('views_handler_sort_random','class','sites/all/modules/views/handlers/views_handler_sort_random.inc','views',0),('views_handler_sort_search_score','class','sites/all/modules/views/modules/search/views_handler_sort_search_score.inc','views',0),('views_join','class','sites/all/modules/views/includes/handlers.inc','views',10),('views_join_subquery','class','sites/all/modules/views/includes/handlers.inc','views',10),('views_many_to_one_helper','class','sites/all/modules/views/includes/handlers.inc','views',10),('views_object','class','sites/all/modules/views/includes/base.inc','views',0),('views_plugin','class','sites/all/modules/views/includes/plugins.inc','views',0),('views_plugin_access','class','sites/all/modules/views/plugins/views_plugin_access.inc','views',0),('views_plugin_access_none','class','sites/all/modules/views/plugins/views_plugin_access_none.inc','views',0),('views_plugin_access_perm','class','sites/all/modules/views/plugins/views_plugin_access_perm.inc','views',0),('views_plugin_access_role','class','sites/all/modules/views/plugins/views_plugin_access_role.inc','views',0),('views_plugin_argument_default','class','sites/all/modules/views/plugins/views_plugin_argument_default.inc','views',0),('views_plugin_argument_default_book_root','class','sites/all/modules/views/modules/book/views_plugin_argument_default_book_root.inc','views',0),('views_plugin_argument_default_current_user','class','sites/all/modules/views/modules/user/views_plugin_argument_default_current_user.inc','views',0),('views_plugin_argument_default_fixed','class','sites/all/modules/views/plugins/views_plugin_argument_default_fixed.inc','views',0),('views_plugin_argument_default_node','class','sites/all/modules/views/modules/node/views_plugin_argument_default_node.inc','views',0),('views_plugin_argument_default_php','class','sites/all/modules/views/plugins/views_plugin_argument_default_php.inc','views',0),('views_plugin_argument_default_raw','class','sites/all/modules/views/plugins/views_plugin_argument_default_raw.inc','views',0),('views_plugin_argument_default_taxonomy_tid','class','sites/all/modules/views/modules/taxonomy/views_plugin_argument_default_taxonomy_tid.inc','views',0),('views_plugin_argument_default_user','class','sites/all/modules/views/modules/user/views_plugin_argument_default_user.inc','views',0),('views_plugin_argument_validate','class','sites/all/modules/views/plugins/views_plugin_argument_validate.inc','views',0),('views_plugin_argument_validate_node','class','sites/all/modules/views/modules/node/views_plugin_argument_validate_node.inc','views',0),('views_plugin_argument_validate_numeric','class','sites/all/modules/views/plugins/views_plugin_argument_validate_numeric.inc','views',0),('views_plugin_argument_validate_php','class','sites/all/modules/views/plugins/views_plugin_argument_validate_php.inc','views',0),('views_plugin_argument_validate_taxonomy_term','class','sites/all/modules/views/modules/taxonomy/views_plugin_argument_validate_taxonomy_term.inc','views',0),('views_plugin_argument_validate_user','class','sites/all/modules/views/modules/user/views_plugin_argument_validate_user.inc','views',0),('views_plugin_cache','class','sites/all/modules/views/plugins/views_plugin_cache.inc','views',10),('views_plugin_cache_none','class','sites/all/modules/views/plugins/views_plugin_cache_none.inc','views',0),('views_plugin_cache_time','class','sites/all/modules/views/plugins/views_plugin_cache_time.inc','views',0),('views_plugin_display','class','sites/all/modules/views/plugins/views_plugin_display.inc','views',10),('views_plugin_display_attachment','class','sites/all/modules/views/plugins/views_plugin_display_attachment.inc','views',0),('views_plugin_display_block','class','sites/all/modules/views/plugins/views_plugin_display_block.inc','views',0),('views_plugin_display_default','class','sites/all/modules/views/plugins/views_plugin_display_default.inc','views',0),('views_plugin_display_embed','class','sites/all/modules/views/plugins/views_plugin_display_embed.inc','views',0),('views_plugin_display_extender','class','sites/all/modules/views/plugins/views_plugin_display_extender.inc','views',0),('views_plugin_display_feed','class','sites/all/modules/views/plugins/views_plugin_display_feed.inc','views',10),('views_plugin_display_page','class','sites/all/modules/views/plugins/views_plugin_display_page.inc','views',10),('views_plugin_exposed_form','class','sites/all/modules/views/plugins/views_plugin_exposed_form.inc','views',10),('views_plugin_exposed_form_basic','class','sites/all/modules/views/plugins/views_plugin_exposed_form_basic.inc','views',0),('views_plugin_exposed_form_input_required','class','sites/all/modules/views/plugins/views_plugin_exposed_form_input_required.inc','views',10),('views_plugin_localization','class','sites/all/modules/views/plugins/views_plugin_localization.inc','views',0),('views_plugin_localization_core','class','sites/all/modules/views/plugins/views_plugin_localization_core.inc','views',0),('views_plugin_localization_none','class','sites/all/modules/views/plugins/views_plugin_localization_none.inc','views',0),('views_plugin_localization_test','class','sites/all/modules/views/tests/views_plugin_localization_test.inc','views',0),('views_plugin_pager','class','sites/all/modules/views/plugins/views_plugin_pager.inc','views',10),('views_plugin_pager_full','class','sites/all/modules/views/plugins/views_plugin_pager_full.inc','views',10),('views_plugin_pager_mini','class','sites/all/modules/views/plugins/views_plugin_pager_mini.inc','views',10),('views_plugin_pager_none','class','sites/all/modules/views/plugins/views_plugin_pager_none.inc','views',0),('views_plugin_pager_some','class','sites/all/modules/views/plugins/views_plugin_pager_some.inc','views',0),('views_plugin_query','class','sites/all/modules/views/plugins/views_plugin_query.inc','views',0),('views_plugin_query_default','class','sites/all/modules/views/plugins/views_plugin_query_default.inc','views',10),('views_plugin_row','class','sites/all/modules/views/plugins/views_plugin_row.inc','views',0),('views_plugin_row_aggregator_rss','class','sites/all/modules/views/modules/aggregator/views_plugin_row_aggregator_rss.inc','views',0),('views_plugin_row_comment_rss','class','sites/all/modules/views/modules/comment/views_plugin_row_comment_rss.inc','views',0),('views_plugin_row_comment_view','class','sites/all/modules/views/modules/comment/views_plugin_row_comment_view.inc','views',0),('views_plugin_row_fields','class','sites/all/modules/views/plugins/views_plugin_row_fields.inc','views',0),('views_plugin_row_node_rss','class','sites/all/modules/views/modules/node/views_plugin_row_node_rss.inc','views',0),('views_plugin_row_node_view','class','sites/all/modules/views/modules/node/views_plugin_row_node_view.inc','views',0),('views_plugin_row_rss_fields','class','sites/all/modules/views/plugins/views_plugin_row_rss_fields.inc','views',0),('views_plugin_row_search_view','class','sites/all/modules/views/modules/search/views_plugin_row_search_view.inc','views',0),('views_plugin_row_user_view','class','sites/all/modules/views/modules/user/views_plugin_row_user_view.inc','views',0),('views_plugin_style','class','sites/all/modules/views/plugins/views_plugin_style.inc','views',0),('views_plugin_style_default','class','sites/all/modules/views/plugins/views_plugin_style_default.inc','views',0),('views_plugin_style_grid','class','sites/all/modules/views/plugins/views_plugin_style_grid.inc','views',0),('views_plugin_style_jump_menu','class','sites/all/modules/views/plugins/views_plugin_style_jump_menu.inc','views',10),('views_plugin_style_list','class','sites/all/modules/views/plugins/views_plugin_style_list.inc','views',0),('views_plugin_style_mapping','class','sites/all/modules/views/plugins/views_plugin_style_mapping.inc','views',0),('views_plugin_style_rss','class','sites/all/modules/views/plugins/views_plugin_style_rss.inc','views',0),('views_plugin_style_summary','class','sites/all/modules/views/plugins/views_plugin_style_summary.inc','views',0),('views_plugin_style_summary_jump_menu','class','sites/all/modules/views/plugins/views_plugin_style_summary_jump_menu.inc','views',0),('views_plugin_style_summary_unformatted','class','sites/all/modules/views/plugins/views_plugin_style_summary_unformatted.inc','views',0),('views_plugin_style_table','class','sites/all/modules/views/plugins/views_plugin_style_table.inc','views',0),('views_test_area_access','class','sites/all/modules/views/tests/test_handlers/views_test_area_access.inc','views',10),('views_test_plugin_access_test_dynamic','class','sites/all/modules/views/tests/test_plugins/views_test_plugin_access_test_dynamic.inc','views',0),('views_test_plugin_access_test_static','class','sites/all/modules/views/tests/test_plugins/views_test_plugin_access_test_static.inc','views',0),('views_test_plugin_style_test_mapping','class','sites/all/modules/views/tests/test_plugins/views_test_plugin_style_test_mapping.inc','views',0),('views_ui','class','sites/all/modules/views/plugins/export_ui/views_ui.class.php','views_ui',0);

--
-- Table structure for table `registry_file`
--

CREATE TABLE `registry_file` (
  `filename` varchar(255) NOT NULL COMMENT 'Path to the file.',
  `hash` varchar(64) NOT NULL COMMENT 'sha-256 hash of the file’s contents when last parsed.',
  PRIMARY KEY (`filename`)
) ENGINE=InnoDB DEFAULT CHARSET=utf8 COMMENT='Files parsed to build the registry.';

--
-- Dumping data for table `registry_file`
--

INSERT INTO `registry_file` VALUES ('includes/actions.inc','f36b066681463c7dfe189e0430cb1a89bf66f7e228cbb53cdfcd93987193f759'),('includes/ajax.inc','df8500bc0305993c011eaf51d3185e2c9c4b7f61213f13971761ed47d12eb31d'),('includes/archiver.inc','bdbb21b712a62f6b913590b609fd17cd9f3c3b77c0d21f68e71a78427ed2e3e9'),('includes/authorize.inc','6d64d8c21aa01eb12fc29918732e4df6b871ed06e5d41373cb95c197ed661d13'),('includes/batch.inc','059da9e36e1f3717f27840aae73f10dea7d6c8daf16f6520401cc1ca3b4c0388'),('includes/batch.queue.inc','554b2e92e1dad0f7fd5a19cb8dff7e109f10fbe2441a5692d076338ec908de0f'),('includes/bootstrap.inc','ed8e87c27f81b7efbe7b4d90a43873d72c72dd904f82e1d311707deb9b6f3da0'),('includes/cache-install.inc','e7ed123c5805703c84ad2cce9c1ca46b3ce8caeeea0d8ef39a3024a4ab95fa0e'),('includes/cache.inc','c1916375fcb92250a5c86aa53269d54854b983f34906d582fc912784f16ccaf4'),('includes/common.inc','1a3c5980bd7772e05a6892ff9ac5fa63baca58ea578c9ba1b981465751e6a8cd'),('includes/database/database.inc','2aeac08a6186a34b70bcbaabef938905ba25ace480ca319d684d303821bd549c'),('includes/database/log.inc','9feb5a17ae2fabcf26a96d2a634ba73da501f7bcfc3599a693d916a6971d00d1'),('includes/database/mysql/database.inc','d62a2d8ca103cb3b085e7f8b894a7db14c02f20d0b1ed0bd32f6534a45b4527f'),('includes/database/mysql/install.inc','6ae316941f771732fbbabed7e1d6b4cbb41b1f429dd097d04b3345aa15e461a0'),('includes/database/mysql/query.inc','0212a871646c223bf77aa26b945c77a8974855373967b5fb9fdc09f8a1de88a6'),('includes/database/mysql/schema.inc','d8d3904ea9c23a526c2f2a7acc8ba870b31c378aac2eb53e2e41a73c6209c5bd'),('includes/database/pgsql/database.inc','d737f95947d78eb801e8ec8ca8b01e72d2e305924efce8abca0a98c1b5264cff'),('includes/database/pgsql/install.inc','585b80c5bbd6f134bff60d06397f15154657a577d4da8d1b181858905f09dea5'),('includes/database/pgsql/query.inc','0df57377686c921e722a10b49d5e433b131176c8059a4ace4680964206fc14b4'),('includes/database/pgsql/schema.inc','8fd647e4557522283caef63e528c6e403fc0751a46e94aac867a281af85eac27'),('includes/database/pgsql/select.inc','fd4bba7887c1dc6abc8f080fc3a76c01d92ea085434e355dc1ecb50d8743c22d'),('includes/database/prefetch.inc','b5b207a66a69ecb52ee4f4459af16a7b5eabedc87254245f37cc33bebb61c0fb'),('includes/database/query.inc','9171653e9710c6c0d20cff865fdead5a580367137ad4cdf81059ecc2eea61c74'),('includes/database/schema.inc','7eb7251f331109757173353263d1031493c1198ae17a165a6f5a03d3f14f93e7'),('includes/database/select.inc','c3a278420ed6c2de751b546d0b6382841542d3f6b665e8596d459dc11c50940e'),('includes/database/sqlite/database.inc','4281c6e80932560ecbeb07d1757efd133e8699a6fccf58c27a55df0f71794622'),('includes/database/sqlite/install.inc','381f3db8c59837d961978ba3097bb6443534ed1659fd713aa563963fa0c42cc5'),('includes/database/sqlite/query.inc','f33ab1b6350736a231a4f3f93012d3aac4431ac4e5510fb3a015a5aa6cab8303'),('includes/database/sqlite/schema.inc','238414785aa96dd27f10f48c961783f4d1091392beee8d0e7ca8ae774e917da2'),('includes/database/sqlite/select.inc','8d1c426dbd337733c206cce9f59a172546c6ed856d8ef3f1c7bef05a16f7bf68'),('includes/date.inc','18c047be64f201e16d189f1cc47ed9dcf0a145151b1ee187e90511b24e5d2b36'),('includes/entity.inc','86075c9fd138ef234065554169c6ccedd1a959a550e46cd4a5efdc5db4e443cf'),('includes/errors.inc','72cc29840b24830df98a5628286b4d82738f2abbb78e69b4980310ff12062668'),('includes/file.inc','f4d64085fa5f2321a269043a84c6cb4670b6f05ad801a73d429e2e7398a1bbb2'),('includes/file.mimetypes.inc','f88c967550576694b7a1ce2afd0f2f1bbc1a91d21cc2c20f86c44d39ff353867'),('includes/filetransfer/filetransfer.inc','fdea8ae48345ec91885ac48a9bc53daf87616271472bb7c29b7e3ce219b22034'),('includes/filetransfer/ftp.inc','51eb119b8e1221d598ffa6cc46c8a322aa77b49a3d8879f7fb38b7221cf7e06d'),('includes/filetransfer/local.inc','7cbfdb46abbdf539640db27e66fb30e5265128f31002bd0dfc3af16ae01a9492'),('includes/filetransfer/ssh.inc','002e24a24cac133d12728bd3843868ce378681237d7fad420761af84e6efe5ad'),('includes/form.inc','1a24cb221e0919a301011e330b25d25839361b565806490bc0312b7da35538b3'),('includes/graph.inc','8e0e313a8bb33488f371df11fc1b58d7cf80099b886cd1003871e2c896d1b536'),('includes/image.inc','bcdc7e1599c02227502b9d0fe36eeb2b529b130a392bc709eb737647bd361826'),('includes/install.core.inc','a0585c85002e6f3d702dc505584f48b55bc13e24bee749bfe5b718fbce4847e1'),('includes/install.inc','affa74aa61a41f080cada3564abd1f83089bb60503cb6a56c3482af4a5c3d735'),('includes/iso.inc','0ce4c225edcfa9f037703bc7dd09d4e268a69bcc90e55da0a3f04c502bd2f349'),('includes/json-encode.inc','02a822a652d00151f79db9aa9e171c310b69b93a12f549bc2ce00533a8efa14e'),('includes/language.inc','4dd521af07e0ca7bf97ff145f4bd3a218acf0d8b94964e72f11212bb8af8d66e'),('includes/locale.inc','8cc571c114587f2b30e4e24db17e97e51e81f9cc395fa01f348aba12cee8523e'),('includes/lock.inc','daa62e95528f6b986b85680b600a896452bf2ce6f38921242857dcc5a3460a1b'),('includes/mail.inc','419741aa09ba39e94771dc054f9bda66c932c937bb60bc71a15bf1d6c5bd39db'),('includes/menu.inc','33800a4450f76db2573751e2b8a21d790f4d4504666d945ac1a32eef308c3d12'),('includes/module.inc','ca3f2e6129181bbbc67e5e6058a882047f2152174ec8e95c0ea99ce610ace4d7'),('includes/pager.inc','6f9494b85c07a2cc3be4e54aff2d2757485238c476a7da084d25bde1d88be6d8'),('includes/password.inc','7550ac434a929562a3380e82c546afbf9163598b22f2351f0e7d3f19567fb6c9'),('includes/path.inc','74bf05f3c68b0218730abf3e539fcf08b271959c8f4611940d05124f34a6a66f'),('includes/registry.inc','c225de772f86eebd21b0b52fa8fcc6671e05fa2374cedb3164f7397f27d3c88d'),('includes/session.inc','6880cfa853e8b919bba6df34f76c9439710cd94730c6f952709af901c51489ed'),('includes/stream_wrappers.inc','4f1feb774a8dbc04ca382fa052f59e58039c7261625f3df29987d6b31f08d92d'),('includes/tablesort.inc','4cb2a5a2d41b2a204a13f59085096e3f64237d32639ea5d30752905099bc7540'),('includes/theme.inc','7fc0ffea33bf25419adb89b91f0fc892c183cd0db41e4f00958694b6f03e7335'),('includes/theme.maintenance.inc','39f068b3eee4d10a90d6aa3c86db587b6d25844c2919d418d34d133cfe330f5a'),('includes/token.inc','5e7898cd78689e2c291ed3cd8f41c032075656896f1db57e49217aac19ae0428'),('includes/unicode.entities.inc','2b858138596d961fbaa4c6e3986e409921df7f76b6ee1b109c4af5970f1e0f54'),('includes/unicode.inc','518ad21bd4f43814277d67f76ff8eb2b99bd1be4caa5e02b6e5f06cf65d84eb0'),('includes/update.inc','177ce24362efc7f28b384c90a09c3e485396bbd18c3721d4b21e57dd1733bd92'),('includes/updater.inc','d2da0e74ed86e93c209f16069f3d32e1a134ceb6c06a0044f78e841a1b54e380'),('includes/utility.inc','3458fd2b55ab004dd0cc529b8e58af12916e8bd36653b072bdd820b26b907ed5'),('includes/xmlrpc.inc','c5b6ea78adeb135373d11aeaaea057d9fa8995faa4e8c0fec9b7c647f15cc4e0'),('includes/xmlrpcs.inc','79dc6e9882f4c506123d7dd8e228a61e22c46979c3aab21a5b1afa315ef6639c'),('modules/block/block.test','df1b364688b46345523dfcb95c0c48352d6a4edbc66597890d29b9b0d7866e86'),('modules/color/color.test','013806279bd47ceb2f82ca854b57f880ba21058f7a2592c422afae881a7f5d15'),('modules/comment/comment.module','72744dfc221241f9919c934777c35fce36595a661ac81dc9c63483b423dde24c'),('modules/comment/comment.test','083d47035d3e64d1f6f9f1e12bc13d056511019a9de84183088e58a359ea58b9'),('modules/contextual/contextual.test','023dafa199bd325ecc55a17b2a3db46ac0a31e23059f701f789f3bc42427ba0b'),('modules/dashboard/dashboard.test','125df00fc6deb985dc554aa7807a48e60a68dbbddbad9ec2c4718da724f0e683'),('modules/dblog/dblog.test','11fbb8522b1c9dc7c85edba3aed7308a8891f26fc7292008822bea1b54722912'),('modules/field/field.attach.inc','60fbbe46f3e5319fc862f078aa9e56664e3ddb78f680ce170227db0b2e1d16b7'),('modules/field/field.info.class.inc','c2e4bc67ef51e4956c913be772914b1b2625aa5066ab67c74baf6404ed538174'),('modules/field/field.module','7a3c562f5913e70e713ce9eec9ac73d324184b726f8f36642aac198e7756dc40'),('modules/field/modules/field_sql_storage/field_sql_storage.test','35c9c300bc922d3a7c40516ad0ddeb7dc0ef02dd6b7f3f12b4820c41ce912593'),('modules/field/modules/list/tests/list.test','97e55bd49f6f4b0562d04aa3773b5ab9b35063aee05c8c7231780cdcf9c97714'),('modules/field/modules/number/number.test','9ccf835bbf80ff31b121286f6fbcf59cc42b622a51ab56b22362b2f55c656e18'),('modules/field/modules/options/options.test','c71441020206b1587dece7296cca306a9f0fbd6e8f04dae272efc15ed3a38383'),('modules/field/modules/text/text.test','a1e5cb0fa8c0651c68d560d9bb7781463a84200f701b00b6e797a9ca792a7e42'),('modules/field/tests/field.test','73bc91bbb405f25021340c887f218ea3d1b38473599c234e4c90454e08db63e9'),('modules/field_ui/field_ui.test','da42e28d6f32d447b4a6e5b463a2f7d87d6ce32f149de04a98fa8e3f286c9f68'),('modules/file/tests/file.test','ca4f55f72e76eb1d8a5016f02b3ce3c67efbb3b49646d70ad0ff2248d6f77c38'),('modules/filter/filter.test','184fa79a4802b3903844d35a63fd065ba3d8d025ba39a70cf3ff0ac1ef108bb4'),('modules/help/help.test','bc934de8c71bd9874a05ccb5e8f927f4c227b3b2397d739e8504c8fd6ae5a83c'),('modules/image/image.test','37a999e3988ee08baddd05bb544926db68c00686913285105ca8bb3c34750526'),('modules/menu/menu.test','22a7d2b0e4819a670521c562fa868732b485dff2b58beca1896466ad62bffe44'),('modules/node/node.module','e4e671119d721502ed1a2b3799490beeb04d683c30d3d1a0ad6f3cbb2d0e37ed'),('modules/node/node.test','44dcdf2a468da63c8991c077a0c3a012c2d9fb05a3db05dd483abdb7cbcb6f93'),('modules/path/path.test','2004183b2c7c86028bf78c519c6a7afc4397a8267874462b0c2b49b0f8c20322'),('modules/rdf/rdf.test','b23a27c7bb4073ff07eb28b121e39816968fa2f51a44439c67049fa89f57fb68'),('modules/search/search.extender.inc','c40f6569769ff581dbe11d29935c611320178f9a076977423e1d93e7d98013fa'),('modules/search/search.test','71ffda1d5c81823aa6f557ca35ba451df2f684856174e25e917f8bf4f0c72453'),('modules/shortcut/shortcut.test','0d78280d4d0a05aa772218e45911552e39611ca9c258b9dd436307914ac3f254'),('modules/system/system.archiver.inc','faa849f3e646a910ab82fd6c8bbf0a4e6b8c60725d7ba81ec0556bd716616cd1'),('modules/system/system.mail.inc','d31e1769f5defbe5f27dc68f641ab80fb8d3de92f6e895f4c654ec05fc7e5f0f'),('modules/system/system.queue.inc','ef00fd41ca86de386fa134d5bc1d816f9af550cf0e1334a5c0ade3119688ca3c'),('modules/system/system.tar.inc','8a31d91f7b3cd7eac25b3fa46e1ed9a8527c39718ba76c3f8c0bbbeaa3aa4086'),('modules/system/system.test','7362a64d156ceb8188dde3f83e7cba052cbf91ebcf569ddddfefc40cd1c21f64'),('modules/system/system.updater.inc','338cf14cb691ba16ee551b3b9e0fa4f579a2f25c964130658236726d17563b6a'),('modules/taxonomy/taxonomy.module','04b07cc2497f61dbac23e95a85fd4a58e1576a37c97b62c8b95e4046d526054f'),('modules/taxonomy/taxonomy.test','8525035816906e327ad48bd48bb071597f4c58368a692bcec401299a86699e6e'),('modules/update/update.test','1ea3e22bd4d47afb8b2799057cdbdfbb57ce09013d9d5f2de7e61ef9c2ebc72d'),('modules/user/user.module','b594bb342bb086820ed60852ee4305ce6604cc7b9919a3ac9d66f85f9cdeacc7'),('modules/user/user.test','e65ff6ba03c4b4afbc9a5e13a1b980749c1e711e7d9aa1052b5a6e534d68a47e'),('sites/all/modules/admin_menu/tests/admin_menu.test','185f8244f7a086cda1bd9435ec529e8632598e9b09d1e0d7363b75cf87c04afb'),('sites/all/modules/ctools/includes/context.inc','335d0c873c1641490abf6d67e20e8973b2b957887762698feea10cbbd53bba24'),('sites/all/modules/ctools/includes/math-expr.inc','3386323b01da62e02c9f3607cd7f0a0d46f1af90a107a07aed726b1fa8c28235'),('sites/all/modules/ctools/includes/stylizer.inc','e18f5a1b8af526751d7175354162c06c2013c96f62d9baa399564d8c45a1c90e'),('sites/all/modules/ctools/plugins/export_ui/ctools_export_ui.class.php','41343bd7446446e352d5820e9559f146ea1e16d8e0d9a6453decc46a8155b926'),('sites/all/modules/jquery_update/jquery_update.install','0f90360c7e2e5414b33f5d0352db6c0e6fdccd725145cf6ed89bccbe7d92ed7d'),('sites/all/modules/jquery_update/jquery_update.module','35cbd347a7f42ca6d11db55b76725470569a16ed530da859968391f7c7411c10'),('sites/all/modules/pathauto/pathauto.test','9204240a755119e02eae68c77e7b9ab816747423ccaaf51742231fbaef1f604f'),('sites/all/modules/tabvn/views_bs/plugins/isotope/views_bs_isotope_plugin_style.inc','35f76a8f567d4e0d794016ba1f091d90384064556c69663431df0d8b561618b1'),('sites/all/modules/tabvn/views_bs/plugins/owl/views_bs_owl_plugin_style.inc','7eadcb7bb26023dd25f16d68f20c99740f8ce3c7511dc10d63bb18ca68882897'),('sites/all/modules/tabvn/views_bs/plugins/timeline/views_bs_timeline_plugin_style.inc','3f61e4c5ad6b5461fd107da45aa30980afc5592df0015d799755a3fbb70f9423'),('sites/all/modules/token/token.test','703ea26074b80cc85e5d9e5bcedf5e745dddda0917bf2db678bbfa2e58e0609c'),('sites/all/modules/views/handlers/views_handler_area.inc','95d4374c805c057c9855304ded14ce316cdee8aca0744120a74400e2a8173fae'),('sites/all/modules/views/handlers/views_handler_area_messages.inc','de94f83a65b47d55bbb4949fcf93dd4ad628a4a105cea2b47cdc22593f3e5925'),('sites/all/modules/views/handlers/views_handler_area_result.inc','836747c024cc153ec4516737da0c42a864eb708e0b77d2f8ba606411c57356a2'),('sites/all/modules/views/handlers/views_handler_area_text.inc','531d0ac3b64206970593762df0abac60524f607253c3af876dd66ba747786dce'),('sites/all/modules/views/handlers/views_handler_area_text_custom.inc','35b702060c192b0adf6601ed437d0a02effd3accb71c07d6156013c8be9d5a15'),('sites/all/modules/views/handlers/views_handler_area_view.inc','a6a4a618c96a5657eaa881aa0836663600629529ebfd943c91303a11171974d5'),('sites/all/modules/views/handlers/views_handler_argument.inc','5858d2d1ad3ea0321532da0f66c4d2ef2b2a208e941789b37341b76c783c2d42'),('sites/all/modules/views/handlers/views_handler_argument_date.inc','1b423d5a437bbd8ed97d0bfb69c635d36f15114699a7bc0056568cc87937477d'),('sites/all/modules/views/handlers/views_handler_argument_formula.inc','5a29748494a7e1c37606224de0c3cac45566efe057e4748b6676a898ac224a61'),('sites/all/modules/views/handlers/views_handler_argument_group_by_numeric.inc','b8d29f27592448b63f15138510128203d726590daef56cf153a09407c90ec481'),('sites/all/modules/views/handlers/views_handler_argument_many_to_one.inc','b2de259c2d00fe7ed04eb5d45eb5107ce60535dd0275823883cc29b04d1a3974'),('sites/all/modules/views/handlers/views_handler_argument_null.inc','26699660fd0915ec078d7eb35a93ef39fd53e3a2a4841c0ac5dbf0bb02207bee'),('sites/all/modules/views/handlers/views_handler_argument_numeric.inc','ae23d847fa0f1e92baec32665a8894e26660999e338bebffb49ee42daac5a063'),('sites/all/modules/views/handlers/views_handler_argument_string.inc','f8fe4daf0a636cc93d520a0d5ff212840d8bdaa704ddc3c59a24667f341ed3a1'),('sites/all/modules/views/handlers/views_handler_field.inc','3d059d737e738436a15651f9ac8374f460a71eb569619ba0a8a14a55a3efc87e'),('sites/all/modules/views/handlers/views_handler_field_boolean.inc','dc00b916a223935e05f51d94a2dffbaf430b162517072f7c2122332af41e8fc2'),('sites/all/modules/views/handlers/views_handler_field_contextual_links.inc','9752231bd248bcbc5c7282361098350f080706e3886d20753c5b2059adb10c00'),('sites/all/modules/views/handlers/views_handler_field_counter.inc','fcfd07c8a20b91819af375c5e1edc33ec7e5b6ee48f419f6183f3401abf9af42'),('sites/all/modules/views/handlers/views_handler_field_custom.inc','a3d25fc20401ae0a1af4b7d6e83376a5b7dc18ab0aed17a3c6d81e2314cf19f8'),('sites/all/modules/views/handlers/views_handler_field_date.inc','79cb6583981104d70d20393fe62281c749680f375cb67355635ef00688258934'),('sites/all/modules/views/handlers/views_handler_field_entity.inc','909ab36aff896ad8fa4306d95a052172ec27e471ab385a035fcadef8d019e0f9'),('sites/all/modules/views/handlers/views_handler_field_machine_name.inc','df2fe47cf9c6d2e7de8627c08da809fb60883c38697340966f303c223e22aee4'),('sites/all/modules/views/handlers/views_handler_field_markup.inc','a0c652fdf47f7efe35bbf2371f00e230409fe90ea0038eb101bf0c93ae0718e9'),('sites/all/modules/views/handlers/views_handler_field_math.inc','c0f1cd82305ecc2378a7346ed0e4e5503c031b155d53cbfee2c46f82e7996ce4'),('sites/all/modules/views/handlers/views_handler_field_numeric.inc','51311e98172a3f2b9f8d406e4c64f2bc9d1243ab8003e1d421bf6ffa5f0100df'),('sites/all/modules/views/handlers/views_handler_field_prerender_list.inc','0fe605bf457886fbca5f041a422fc51c6a1927654dcd06cbfc619496fe57de0e'),('sites/all/modules/views/handlers/views_handler_field_serialized.inc','ad3d82a9f37ae4c71a875526c353839da2ff529351efc7861f8b7c9d4b5a47db'),('sites/all/modules/views/handlers/views_handler_field_time_interval.inc','280d569784312d19dabfb7aeb94639442ae37e16cba02659a8251de08a4f1de2'),('sites/all/modules/views/handlers/views_handler_field_url.inc','7ca57a8dcc42a3d1e7e7ec5defa64a689cb678073e15153ff6a7cafe54c90249'),('sites/all/modules/views/handlers/views_handler_filter.inc','b21fbc12bf620db26d391ac0f9e12f5076bbd188c8086c593187365d70bb2861'),('sites/all/modules/views/handlers/views_handler_filter_boolean_operator.inc','f4ca59e4e1f91f219a1b33690a4ad412269946804fe7cacf24f2574b2c6d8599'),('sites/all/modules/views/handlers/views_handler_filter_boolean_operator_string.inc','0ddd32cda535112c187de1c062797849ff90d9b312a8659056e76d2d209f694a'),('sites/all/modules/views/handlers/views_handler_filter_combine.inc','804377cf5e931fa619c2a40425843b24b0bd6008ccb6e79064e0994d9fd696c2'),('sites/all/modules/views/handlers/views_handler_filter_date.inc','e8f6b4181f3661155fd3b94355b2707441e87b2a151af669610a26eb0fba6674'),('sites/all/modules/views/handlers/views_handler_filter_entity_bundle.inc','02db977a67a09f70bdc8e2bbc46a05fff8a6d8bd6423308c95418476e84714a3'),('sites/all/modules/views/handlers/views_handler_filter_equality.inc','2100cdd7f5232348adae494c5122ba41ff051eee0a8cc14aeaf6a66202cb7ed1'),('sites/all/modules/views/handlers/views_handler_filter_fields_compare.inc','e116c3796f1bd409b150f5ab896b9bab956d6e71a82e5770ed6fde44605751b2'),('sites/all/modules/views/handlers/views_handler_filter_group_by_numeric.inc','9401c4c0fe0d678898e5288ef8152784a12e0743df21dec15457353eb2cdb01d'),('sites/all/modules/views/handlers/views_handler_filter_in_operator.inc','8fd7f075468bddde5c4208b1c3a6105f8fea0ac0c214452a37c00fc2f3453a7d'),('sites/all/modules/views/handlers/views_handler_filter_many_to_one.inc','b4a415c2824195d3d7d0e37ada9d69ebec0b9cd833ebcac2439efc20aac15595'),('sites/all/modules/views/handlers/views_handler_filter_numeric.inc','8a999227d17674a70381ab8b45fbdc91269a83a45e5f7514607ed8b4a5bf6a9f'),('sites/all/modules/views/handlers/views_handler_filter_string.inc','140006335ac5b19b6253b431afde624db70385b9d22390b8c275296ae469cc7b'),('sites/all/modules/views/handlers/views_handler_relationship.inc','4fefdb6c9c48b72dcfe86484123b97eb5f5b90b6a440d8026d71f74dccbd1cd6'),('sites/all/modules/views/handlers/views_handler_relationship_groupwise_max.inc','47dcfe351159b10153697c17b3a92607edb34a258ba3b44087c947b9cc88e86f'),('sites/all/modules/views/handlers/views_handler_sort.inc','06aab8d75f3dce81eb032128b8f755bfff752dcefc2e5d494b137bca161fdefa'),('sites/all/modules/views/handlers/views_handler_sort_date.inc','d7e771abf74585bd09cc8e666747a093f40848b451de8ba67c8158317946f1b2'),('sites/all/modules/views/handlers/views_handler_sort_group_by_numeric.inc','4ba1c38c9af32789a951b8f9377e13631ae26bf1dac3371b31a37ead25b32eb8'),('sites/all/modules/views/handlers/views_handler_sort_menu_hierarchy.inc','ccd65ea3b3270366b7175e2cd7cc9167a09c27e1486949e4a05495ff5c7be5c1'),('sites/all/modules/views/handlers/views_handler_sort_random.inc','05a00c3bf76c3278ae0ce39a206a6224089faf5ac4a00dd5b8a558f06fab8e46'),('sites/all/modules/views/includes/base.inc','8389f49a2bc00819c00eae88fc30630151a3487c54a17472956adc4b2c596d04'),('sites/all/modules/views/includes/handlers.inc','fb0553e915ddcae9e19ea6f53ac706df4330c851f96822f5a60563db437734c5'),('sites/all/modules/views/includes/plugins.inc','bb12703a4a4e8bbc42ecc8ce27bf98546d9ea024324f4d03ba77348ec18b328c'),('sites/all/modules/views/includes/view.inc','ed6dec0546e7876b0a9ecfd4a83640fb5582aa6aedb21929f4e08410612d7d06'),('sites/all/modules/views/modules/aggregator/views_handler_argument_aggregator_category_cid.inc','97acf41d6694fd4451909c18b118f482db9f39aa4b8c5cfa75d044d410c46012'),('sites/all/modules/views/modules/aggregator/views_handler_argument_aggregator_fid.inc','c37def91d635b01db36809141d147d263cc910895e11c05e73d703e86b39fd43'),('sites/all/modules/views/modules/aggregator/views_handler_argument_aggregator_iid.inc','344f2806344d9c6356f2e19d297522f53bab7a4cebdf23c76d04c85c9e0a0d8e'),('sites/all/modules/views/modules/aggregator/views_handler_field_aggregator_category.inc','252b30b832d8c0097d6878f5d56beecfc8cc1fc7cc8b5a4670d8d95a80b4f17d'),('sites/all/modules/views/modules/aggregator/views_handler_field_aggregator_title_link.inc','1bb18967b11f2f4de62075d27e483f175b5e3431622c2e5e8292afcd000beadf'),('sites/all/modules/views/modules/aggregator/views_handler_field_aggregator_xss.inc','2db2e1f0500e0a252c7367e6a92906870b3247f9d424f999c381368ee2c76597'),('sites/all/modules/views/modules/aggregator/views_handler_filter_aggregator_category_cid.inc','7c7c0690c836ac1b75bca3433aca587b79aec3e7d072ce97dc9b33a35780ad4f'),('sites/all/modules/views/modules/aggregator/views_plugin_row_aggregator_rss.inc','591e5bb7272e389fe5fc2b563f8887dbc3674811ffbb41333d36a7a9a1859e56'),('sites/all/modules/views/modules/book/views_plugin_argument_default_book_root.inc','bd3bd9496bf519b1688cf39396f3afa495a29c8190a3e173c0740f4d20606a53'),('sites/all/modules/views/modules/comment/views_handler_argument_comment_user_uid.inc','5e29f7523010a074bda7c619b24c5d31e0c060cdbe47136b8b16b2f198ed4b4a'),('sites/all/modules/views/modules/comment/views_handler_field_comment.inc','a126d690cc5bf8491cb4bee4cc8237b90e86768bebbbecb8a9409a3c1e00fa9e'),('sites/all/modules/views/modules/comment/views_handler_field_comment_depth.inc','1dc353a31d3c71c67d0b3e6854d9e767e421010fbbf6a8b04a14035e5f7c097f'),('sites/all/modules/views/modules/comment/views_handler_field_comment_link.inc','1f7382f7cb05c65a7cba44e4cd58022bbc6ce5597b96228d1891d7720510bf0e'),('sites/all/modules/views/modules/comment/views_handler_field_comment_link_approve.inc','f6db8a0b4dd9fffba9d8ecb7b7363ba99d3b2dc7176436a0a6dd7a93195a5789'),('sites/all/modules/views/modules/comment/views_handler_field_comment_link_delete.inc','905a4cb1f91a4b40ee1ca1d1ded9958ae18e82286589fec100adb676769b1fe9'),('sites/all/modules/views/modules/comment/views_handler_field_comment_link_edit.inc','8139c932cde20f366a3019111c054b1ed00dbc0c40634b91239b400243b7723a'),('sites/all/modules/views/modules/comment/views_handler_field_comment_link_reply.inc','8807884efb840407696c909b9d5d07f60bde9d7f385a59eca214178ce5369558'),('sites/all/modules/views/modules/comment/views_handler_field_comment_node_link.inc','64746ff2b80a5f8e83b996a325c3d5c8393934c331510b93d5815ea11c1db162'),('sites/all/modules/views/modules/comment/views_handler_field_comment_username.inc','1ce3fa61b3933a3e15466760e4c5d4a85407ba4c8753422b766fc04395fa4d02'),('sites/all/modules/views/modules/comment/views_handler_field_last_comment_timestamp.inc','30c55ec6d55bf4928b757f2a236aab56d34a8e6955944a1471e9d7b7aed057c0'),('sites/all/modules/views/modules/comment/views_handler_field_ncs_last_comment_name.inc','82025f3ad22b63abc57172d358b3f975006109802f4a5ecac93ce3785c505cae'),('sites/all/modules/views/modules/comment/views_handler_field_ncs_last_updated.inc','facfbc5defd843f4dfb60e645f09a784234d87876628c8de98d2dfa6bb98a895'),('sites/all/modules/views/modules/comment/views_handler_field_node_comment.inc','0cf9e8fb416dca35c3b9df3125eb3a8585f798c6a8f8d0e1034b1fccb5cec38b'),('sites/all/modules/views/modules/comment/views_handler_field_node_new_comments.inc','e0830d1f70dea473e46ab2b86e380ef741b2907f033777889f812f46989f2ff7'),('sites/all/modules/views/modules/comment/views_handler_filter_comment_user_uid.inc','f526c2c4153b28d7b144054828261ba7b26566169350477cd4fb3f5b5f280719'),('sites/all/modules/views/modules/comment/views_handler_filter_ncs_last_updated.inc','9369675dfee24891fe19bddf85a847c275b8127949c55112ae5cb4d422977d24'),('sites/all/modules/views/modules/comment/views_handler_filter_node_comment.inc','70706c47bad9180c2426005da6c178ed8d27b75b28cb797ca2a1925a96dcef09'),('sites/all/modules/views/modules/comment/views_handler_sort_comment_thread.inc','a64bc780cba372bd408f08a5ea9289cdf3d40562bdf2f7320657be9a9f6c7882'),('sites/all/modules/views/modules/comment/views_handler_sort_ncs_last_comment_name.inc','9f039e8b8a046c058fda620804e3503be7b3e7e3e4119f0b015ccbae0922635b'),('sites/all/modules/views/modules/comment/views_handler_sort_ncs_last_updated.inc','fa8b9c3614ad5838aa40194940d9dc6935175a16e141ac919f40e74a7428c4e3'),('sites/all/modules/views/modules/comment/views_plugin_row_comment_rss.inc','ab97ac0ed4e6d7f2d44dc4ae9c5a84fe5658b739e1b609e5a877df528c3aa970'),('sites/all/modules/views/modules/comment/views_plugin_row_comment_view.inc','82d7296fa3109ca170f66f6f3b5e1209af98a9519bb5e4a2c42d9fc0e95d7078'),('sites/all/modules/views/modules/contact/views_handler_field_contact_link.inc','ec783b215a06c89c0933107a580c144051118305dd0129ac28a7fea5f95a8fd5'),('sites/all/modules/views/modules/field/views_handler_argument_field_list.inc','eff5152a2c120425a2a75fe7dbcb49ed86e5d48392b0f45b49c2e7abee9fa72b'),('sites/all/modules/views/modules/field/views_handler_argument_field_list_string.inc','534af91d92da7a622580ab8b262f9ef76241671a5185f30ba81898806c7b7f15'),('sites/all/modules/views/modules/field/views_handler_field_field.inc','dd9ac2c9ca0462dd0453f4075eac95f3015105496f81c73186e6e973cf6f06d5'),('sites/all/modules/views/modules/field/views_handler_filter_field_list.inc','3b55cd0a14453c95ebd534507ab842a8505496d0b7e4c7fcd61c186034c7322d'),('sites/all/modules/views/modules/field/views_handler_relationship_entity_reverse.inc','060035c5430c81671e4541bcf7de833c8a1eb3fa3f3a9db94dd3cebfa4299ef1'),('sites/all/modules/views/modules/filter/views_handler_field_filter_format_name.inc','fc3f074ffb39822182783a8d5cf2b89ffcc097ccbb2ed15818a72a99e3a18468'),('sites/all/modules/views/modules/locale/views_handler_argument_locale_group.inc','c8545411096da40f48eef8ec59391f4729c884079482e3e5b3cdd5578a1f9ad7'),('sites/all/modules/views/modules/locale/views_handler_argument_locale_language.inc','a1b6505bb26e4b3abce543b9097cd0a7b8cddf00bf1e49fbba86febebb0f4486'),('sites/all/modules/views/modules/locale/views_handler_field_locale_group.inc','5b62afe18f92ee4a5fb49eb0995e65b4744bbe3b9c24ffe8f6c21f3191c04afc'),('sites/all/modules/views/modules/locale/views_handler_field_locale_language.inc','0cc08bd2d42e07f26e7acc92642b36f0ac62bf23ee9ba3fd21e6cab9a80e9f72'),('sites/all/modules/views/modules/locale/views_handler_field_locale_link_edit.inc','836ceb1883047011ac1b3dca2254861b8caa1ea67405b3cdbe0fa6f3fbbd5a96'),('sites/all/modules/views/modules/locale/views_handler_field_node_language.inc','a6ccdb6c1c4df3b4fd31b714f5aa4ac99771ffce63439d6c5de6c0ae2f09a2c1'),('sites/all/modules/views/modules/locale/views_handler_filter_locale_group.inc','40fbc041bab64f336f59d1e0593f184b879b2a0c9e2a6050709bdc54cceb2716'),('sites/all/modules/views/modules/locale/views_handler_filter_locale_language.inc','3433893d988aad36b918dd6214f5258b701506bc9c0c6a72fd854a036b635e20'),('sites/all/modules/views/modules/locale/views_handler_filter_locale_version.inc','9337ea5216784ffc67a0aa45c946e65ad11fc40849189cc70911a81366b78620'),('sites/all/modules/views/modules/locale/views_handler_filter_node_language.inc','d7edea3f35891cc76aa3bb185b9c1404378623ea7fd214c2a1f0d824df12779a'),('sites/all/modules/views/modules/node/views_handler_argument_dates_various.inc','d2c17e6ec3d221bdd0d1c060da4b0c85274c8ac5a0b624b1469b162694a8d0f5'),('sites/all/modules/views/modules/node/views_handler_argument_node_language.inc','7ee3ba02bddaa6aeef9961cdf6af7bb386fc2b12529f095b28520bb98af51775'),('sites/all/modules/views/modules/node/views_handler_argument_node_nid.inc','11c5b62413ffd1b2c66d4b60a2fe21cf6eb839ae40d4ef81c7a938c5be3e30de'),('sites/all/modules/views/modules/node/views_handler_argument_node_type.inc','9e21b4cc4ae861f58c804ea7e2c17fbc5dd2a7938b9abfeb54437b531fc95e6e'),('sites/all/modules/views/modules/node/views_handler_argument_node_uid_revision.inc','675c99f8da9748ac507e202f546914bee3ed4065f6ce83a23a2aaafdaefd084e'),('sites/all/modules/views/modules/node/views_handler_argument_node_vid.inc','7e5da5594a336c1d0f4cf080ab3fcd690e0de1ee6b5e1830b5fb76a46bced19c'),('sites/all/modules/views/modules/node/views_handler_field_history_user_timestamp.inc','7d6d9c8273d317ab908d4873a32086dbd5f78a2b2d07b7ed79975841a2cadea6'),('sites/all/modules/views/modules/node/views_handler_field_node.inc','99a0ef52b68e8913eb3563d5c47097c09e46c6493fcb006f383c6f6798edb7fc'),('sites/all/modules/views/modules/node/views_handler_field_node_link.inc','26d8309a3a9140682d7d90e4d16ff664a3d7ce662af6ccbf75dc4c493515d7d9'),('sites/all/modules/views/modules/node/views_handler_field_node_link_delete.inc','3eeed8c9ffc088ee28b8ffaa5e2b084db24284acc4d1b2e69f90c96cc889016d'),('sites/all/modules/views/modules/node/views_handler_field_node_link_edit.inc','28f8c3b7d3d60c31fec3cdf81c84cfbb20f492220457694a0e150c3ddee030c0'),('sites/all/modules/views/modules/node/views_handler_field_node_path.inc','f392fde21e434fd40fc672546ef684780179d91827350ba9c348bb1cc5924727'),('sites/all/modules/views/modules/node/views_handler_field_node_revision.inc','3f510d58acaa8f844292b86c388cb1e78eac8c732bb5e7c9e92439c425710240'),('sites/all/modules/views/modules/node/views_handler_field_node_revision_link.inc','ace72f296cf4a4da4b7dd7b303532aebf93b6b1c18a5d30b51b65738475e3889'),('sites/all/modules/views/modules/node/views_handler_field_node_revision_link_delete.inc','0a36602f080c4ef2bb5cb7dbddc5533deab7743c2fbf3bd88b9e478432cac7fb'),('sites/all/modules/views/modules/node/views_handler_field_node_revision_link_revert.inc','80ddc7f0c001fde9af491bb22d6044b85324fe90bea611fc3822408fd60008fa'),('sites/all/modules/views/modules/node/views_handler_field_node_type.inc','f8f39c6f238f837270d1b2e42e67bf9ab400a37fe24246c8b86dfcfacc1c4fd9'),('sites/all/modules/views/modules/node/views_handler_filter_history_user_timestamp.inc','2970f270e071cad079880e9598d9f7b71d4dd2a2a42a31cd4489029a3cafe158'),('sites/all/modules/views/modules/node/views_handler_filter_node_access.inc','ca625167c8928f1c5b354c27c120ed9b19c1df665dc3b02ed6d96b58194d6243'),('sites/all/modules/views/modules/node/views_handler_filter_node_status.inc','f7099a59d3f237f2870ecb6b0b5e49dd9d785b1085e94baf55687251e7f3231b'),('sites/all/modules/views/modules/node/views_handler_filter_node_type.inc','6842082e7b6e131d6e002e627e6b4490b93ca6ffe7fc0b158d31843217c8c929'),('sites/all/modules/views/modules/node/views_handler_filter_node_uid_revision.inc','b221785bc9a736ef67e4f03e6b26235333115b5b9ce571095de5c5286dd8d744'),('sites/all/modules/views/modules/node/views_plugin_argument_default_node.inc','7fb79c8f4adb9bcef7c7da4bf4046fe3490e16c244f6ab96fdca97a8567315ff'),('sites/all/modules/views/modules/node/views_plugin_argument_validate_node.inc','f10d3f4081eed5ca32c41b67e9a0e6f35b2f8ba2cd7897230cb5a680b410a6de'),('sites/all/modules/views/modules/node/views_plugin_row_node_rss.inc','d170c2aab84b73c862bfa79b7aa3f83f2a6d4668235970a1a797ce6d57501308'),('sites/all/modules/views/modules/node/views_plugin_row_node_view.inc','713e1c83702ac2d0d7fe76374110cdfd657598a8f3b086ec2352f2de38101504'),('sites/all/modules/views/modules/profile/views_handler_field_profile_date.inc','e206509ef8b592e602e005f6e3fa5ba8ef7222bdb5bacd0aaeea898c4001e9b0'),('sites/all/modules/views/modules/profile/views_handler_field_profile_list.inc','da5fa527ab4bb6a1ff44cc2f9cec91cf3b094670f9e6e3884e1fedce714afe6f'),('sites/all/modules/views/modules/profile/views_handler_filter_profile_selection.inc','758dea53760a1b655986c33d21345ac396ad41d10ddf39dd16bc7d8c68e72da7'),('sites/all/modules/views/modules/search/views_handler_argument_search.inc','3c20f1234af341ea2229419980d8405b7eca5005c1e0ee387c8d5cd7a58c5c60'),('sites/all/modules/views/modules/search/views_handler_field_search_score.inc','711af637c864b775672d9f6203fc2da0902ed17404181d1117b400012aac366f'),('sites/all/modules/views/modules/search/views_handler_filter_search.inc','15d63289e4821f329f44eb40dc121375e024e61fc2f1158f71b3d6c77fe6c4f1'),('sites/all/modules/views/modules/search/views_handler_sort_search_score.inc','9d23dd6c464d486266749106caec1d10cec2da1cc3ae5f907f39056c46badbdf'),('sites/all/modules/views/modules/search/views_plugin_row_search_view.inc','bc25864154d4df0a58bc1ac1148581c76df36267a1d18f8caee2e3e1233c8286'),('sites/all/modules/views/modules/statistics/views_handler_field_accesslog_path.inc','7843e5f4b35f4322d673b5646e840c274f7d747f2c60c4d4e9c47e282e6db37d'),('sites/all/modules/views/modules/system/views_handler_argument_file_fid.inc','e9bf1fdf12f210f0a77774381b670c77ee88e7789971ce732b254f6be5a0e451'),('sites/all/modules/views/modules/system/views_handler_field_file.inc','0fff4adb471c0c164a78f507b035a68d41f404ab10535f06f6c11206f39a7681'),('sites/all/modules/views/modules/system/views_handler_field_file_extension.inc','768aa56198c7e82327391084f5dd27d7efdb8179ff6b8c941f892fe30469a0da'),('sites/all/modules/views/modules/system/views_handler_field_file_filemime.inc','bdd7f1255f3000f7f2900341d4c4ca378244b96390ef52a30db2962d017b61a4'),('sites/all/modules/views/modules/system/views_handler_field_file_status.inc','bfb0b9d796a4dbf95c4bb7a3deef7724bcda9e0d9067939b74ec787da934f2b0'),('sites/all/modules/views/modules/system/views_handler_field_file_uri.inc','350d7dde27ee97cb4279360374eb8633ce7fee115a109346bea85c2c4e3a68c2'),('sites/all/modules/views/modules/system/views_handler_filter_file_status.inc','9210a34795f9db36974525e718c91c03c28554da1199932791925d7c4a2f3b11'),('sites/all/modules/views/modules/system/views_handler_filter_system_type.inc','d27513703a75c4d8af79b489266cf4102a36e350c3d90404dab24403ab637205'),('sites/all/modules/views/modules/taxonomy/views_handler_argument_taxonomy.inc','8962fa76f1e03316932468b0fd805817af94726beb82bf9f4786e0c709264662'),('sites/all/modules/views/modules/taxonomy/views_handler_argument_term_node_tid.inc','79a80284231b3bc5aab36833e8200853686784f880dc6b104552d61fc602f27c'),('sites/all/modules/views/modules/taxonomy/views_handler_argument_term_node_tid_depth.inc','5b2806fbad4a6cc104e733a3a0faf6eb1c19975930c67c4149fb3267976e0b7d'),('sites/all/modules/views/modules/taxonomy/views_handler_argument_term_node_tid_depth_modifier.inc','d85ebe68290239b25fc240451655b825325854e9707cf742fbd75de81e0f1aa7'),('sites/all/modules/views/modules/taxonomy/views_handler_argument_vocabulary_machine_name.inc','888647527bec3444b2d0a571a77900396d7c5e884bca04a2a3667a61f6377b5e'),('sites/all/modules/views/modules/taxonomy/views_handler_argument_vocabulary_vid.inc','bf4be783ef6899f004f4dbd06c1bf2cd6dbc322678c825eec36bee81d667e81f'),('sites/all/modules/views/modules/taxonomy/views_handler_field_taxonomy.inc','b0dd5cfa87c44b95aefd819444e4985c1773350bcf9fe073a2ef5c82b680b833'),('sites/all/modules/views/modules/taxonomy/views_handler_field_term_link_edit.inc','3da63f6feb1fa3312853b54585d761d037dac8841b4c06e01e35463c9098064a'),('sites/all/modules/views/modules/taxonomy/views_handler_field_term_node_tid.inc','29c5132ac98a2959405e44f9a83096b0dcfa30ed7fb4688453ca7e1fc779684b'),('sites/all/modules/views/modules/taxonomy/views_handler_filter_term_node_tid.inc','fd93029dec8fcd8f5bb1f1385460c6c90ad3049c4eda293b49d9334f014dae08'),('sites/all/modules/views/modules/taxonomy/views_handler_filter_term_node_tid_depth.inc','0b05ec052dcc03081e20338808dda17beb0bdf869b0cfc1375ca96cfb758c22a'),('sites/all/modules/views/modules/taxonomy/views_handler_filter_vocabulary_machine_name.inc','f1787b436b914cfe5ca6f2575d4c0595f4f496795711d6e8a116a39986728b0a'),('sites/all/modules/views/modules/taxonomy/views_handler_filter_vocabulary_vid.inc','2a4d7dfbb6b795d217e2617595238f552bbea04b80217c933f1ee9978ceb7a0e'),('sites/all/modules/views/modules/taxonomy/views_handler_relationship_node_term_data.inc','2ef7502b02b7ea435ac166274c0e7b8576ef76353fc196a26ab79e9057b6da56'),('sites/all/modules/views/modules/taxonomy/views_plugin_argument_default_taxonomy_tid.inc','fc4c3ace525162fc922de581af0710c7d92dc355e9630040a29a5c3a6ab7f9af'),('sites/all/modules/views/modules/taxonomy/views_plugin_argument_validate_taxonomy_term.inc','d1a7aa7ebd9c698afcdcf75b2f0affa981124064ff787ebc716bfac3ee0f60af'),('sites/all/modules/views/modules/tracker/views_handler_argument_tracker_comment_user_uid.inc','91f5b7e9537942eee7a1798906f772cb9806eebfdc201c54fcdecf027cd71d0f'),('sites/all/modules/views/modules/tracker/views_handler_filter_tracker_boolean_operator.inc','5efea908902052d68141017b6f29f17381e7bb8ebb6d88245471926f0a552207'),('sites/all/modules/views/modules/tracker/views_handler_filter_tracker_comment_user_uid.inc','05e07f74d1e3978afd4c80a9b4bd72444872b84a44949a512f1d3040ce28421c'),('sites/all/modules/views/modules/translation/views_handler_argument_node_tnid.inc','b0e3c87d3790cfa2e265f3d9700f2b3c2857932aa4b6e003e5d0114fc1b4d499'),('sites/all/modules/views/modules/translation/views_handler_field_node_link_translate.inc','27a1ac81b50d4807d9a1eff4c5dc8929e4472f9d363f70f5391a794db73424a2'),('sites/all/modules/views/modules/translation/views_handler_field_node_translation_link.inc','641ff25cd317bb803de2ace4bd23e8c5f5af5ba4ac38aab7be2fdc58fbb9e86a'),('sites/all/modules/views/modules/translation/views_handler_filter_node_tnid.inc','0942fd793740e3aec032a1abb7132f53788a9cdeaeb3d931cac908ac30b73950'),('sites/all/modules/views/modules/translation/views_handler_filter_node_tnid_child.inc','2a7a96d6caa4a99996549be0457bf40fa619731543a636d4573e55c190c64c7a'),('sites/all/modules/views/modules/translation/views_handler_relationship_translation.inc','9137c85f5ca309d4ee0d3243c470563a5853f5926b8cbd3e843438d4308c9516'),('sites/all/modules/views/modules/user/views_handler_argument_users_roles_rid.inc','72da80e7f3c6980da024d86f37ba3721021cc1ead2cfcc1ab9b27897b7b5077a'),('sites/all/modules/views/modules/user/views_handler_argument_user_uid.inc','a4af1bdc1ec5e40587c22c14e839980050baaa346c9d5934ef3f01794932cdc5'),('sites/all/modules/views/modules/user/views_handler_field_user.inc','1a2141524e43d86b52c7828fe6df61dd603ad433743c1139cfc5cc28ccb5ce74'),('sites/all/modules/views/modules/user/views_handler_field_user_language.inc','5a3da9e08ebeebbcb5abc6a9b16e0d380c5bb5c57b608afb540a3ca6dc1b2959'),('sites/all/modules/views/modules/user/views_handler_field_user_link.inc','5a0f35d5305a29816658385ecbd804bf43c92d4b3629fbe4bd9b8d0e9574b6ff'),('sites/all/modules/views/modules/user/views_handler_field_user_link_cancel.inc','b865881b15ce86b5a00f2892d3fc62f40131417527211275ff9a3d09d485750b'),('sites/all/modules/views/modules/user/views_handler_field_user_link_edit.inc','5d7c1155d9eccbd6b07c7446fe2b6a8848d6a500f508ac3779f16df56816f92b'),('sites/all/modules/views/modules/user/views_handler_field_user_mail.inc','b7355b704f19322afb4876cea27744367e20098d4ed973e480bf2baf1ddd111c'),('sites/all/modules/views/modules/user/views_handler_field_user_name.inc','5fd9a4d7843fee83cf529384a52d7ae69e40a9c8846e7f285e94f4bbbf8c7e29'),('sites/all/modules/views/modules/user/views_handler_field_user_permissions.inc','ec37373524bf23ae107adda6b825570c550e6654c0f0956409fc58df2c860903'),('sites/all/modules/views/modules/user/views_handler_field_user_picture.inc','0103d136a91fb219fd981801301b7df00adf90617900ded08efbf6d7df04959b'),('sites/all/modules/views/modules/user/views_handler_field_user_roles.inc','ab5068c4f01a05c6511f7d4b973a77650d5b5c481d4a73f63b7a9b1ef9c0d138'),('sites/all/modules/views/modules/user/views_handler_filter_user_current.inc','7f70b7e3b3c10e75d95f54afc9c2fe2f1af9b7a9eab2308d2961b2588dc05845'),('sites/all/modules/views/modules/user/views_handler_filter_user_name.inc','5225e5d89051313e0e49ea833709bb4dc44369afeee970b0cfaf1818ababa22c'),('sites/all/modules/views/modules/user/views_handler_filter_user_permissions.inc','a72e8d02c1075cebfee33e5b046460eef9193b2a7c1d47ff130457e4485b6fe5'),('sites/all/modules/views/modules/user/views_handler_filter_user_roles.inc','3bb69fbc4e352ce8e4840ec78bdd0f1f29e8709097ce6b29cc2fedd2c74c023e'),('sites/all/modules/views/modules/user/views_plugin_argument_default_current_user.inc','11e729115350deffe46ebfe3a55281fa169a90e38a76c3a9d98f26c87900a22b'),('sites/all/modules/views/modules/user/views_plugin_argument_default_user.inc','fe567f009a8e20f402f104b157fd44c04d6bd886a39b2f3355104f644f905419'),('sites/all/modules/views/modules/user/views_plugin_argument_validate_user.inc','40d623b0a678fa7c292da92582f06449d0396341ab161069f0fe8d1086ab95da'),('sites/all/modules/views/modules/user/views_plugin_row_user_view.inc','52548cca3f18d25b06cfce15ee00acea530b85bd22a10944d984b5a798c5969f'),('sites/all/modules/views/plugins/export_ui/views_ui.class.php','8548322a602b99e4343948255a8c89b034e005a29d71e499cea7c60a4d8a6d87'),('sites/all/modules/views/plugins/views_plugin_access.inc','cc16bf7dc4c10eab382e948cfd91902ac1055514b627e3c50932376d3e3f1b91'),('sites/all/modules/views/plugins/views_plugin_access_none.inc','8e0a6b706c60abf63ab84d8624567ca12a5b80ad293e4334790065fbe6fa14d4'),('sites/all/modules/views/plugins/views_plugin_access_perm.inc','1807a9c91485a5abd3fb2f6590ed4bc185fdabe308db37b169be8abdfc30cab2'),('sites/all/modules/views/plugins/views_plugin_access_role.inc','8784836ea87ec6b0974125ed95ed6bbf6fdf91624f496f22c28e9229c695068d'),('sites/all/modules/views/plugins/views_plugin_argument_default.inc','43e593760f0e8f031f2e7b861385caa5e39f37de400fe4595925288c78f52f23'),('sites/all/modules/views/plugins/views_plugin_argument_default_fixed.inc','daaa3b59b54cbb11e411e010303f67a51348bb97a4e06997b475f4c41e91c4e0'),('sites/all/modules/views/plugins/views_plugin_argument_default_php.inc','7a133b603294bfe498bfdeb50fade0b6e3cf8862270376067d86f69e7dc50eb8'),('sites/all/modules/views/plugins/views_plugin_argument_default_raw.inc','4318e0dfa56f167183453cf8cd913f3b7ee539b77a096507905e36db12ded97e'),('sites/all/modules/views/plugins/views_plugin_argument_validate.inc','c71e2b54623cc62530ebb717dec1406c76200a59270d9c60b3be290694c9fdd8'),('sites/all/modules/views/plugins/views_plugin_argument_validate_numeric.inc','c050d3b5723dbfdca9ad312c7fa198e509c626057b95eed326820ce733dd9730'),('sites/all/modules/views/plugins/views_plugin_argument_validate_php.inc','56a09922081a5e368d5796907727e35cbf43b0d634e53f947990c8a42d5b5f3e'),('sites/all/modules/views/plugins/views_plugin_cache.inc','409c58cff620b455bd707021bf5831afca97aee87b71a1d1d90bfc46985f1d44'),('sites/all/modules/views/plugins/views_plugin_cache_none.inc','a0d0ba252e1e2b65350c7ce648b97364726fa8ded5a366bfcce30c62daee4450'),('sites/all/modules/views/plugins/views_plugin_cache_time.inc','10db3dd52b06478b7be9b858f3a053ae2c2f6377abe488ad912f8ca786200a1d'),('sites/all/modules/views/plugins/views_plugin_display.inc','e880975994f9dc9beff3c51e29b01285895109271e2602ed2c1c367fb8d80b30'),('sites/all/modules/views/plugins/views_plugin_display_attachment.inc','712f4b78334d8b9abe275ef309541f69ae920117c82930cba1ddbb163cb078f5'),('sites/all/modules/views/plugins/views_plugin_display_block.inc','be9e3c4a9e28270147bb21de8056712d58e47eeddf6e002fdb9425996d5d5ead'),('sites/all/modules/views/plugins/views_plugin_display_default.inc','91c6554d8f41f848bf30093d44d076051c54e998f6b50bdc2a922bfeeef9c54d'),('sites/all/modules/views/plugins/views_plugin_display_embed.inc','5424f2ea9e031faade7a562b8013aea193db5b0bc1be92b97bd7967de0d7bfff'),('sites/all/modules/views/plugins/views_plugin_display_extender.inc','75fb9f80e7f153715b911690c7140f251df588e6a541fab5881fbfafc0bbf778'),('sites/all/modules/views/plugins/views_plugin_display_feed.inc','f2fb6152e12da300b9bb8e1b45621dfe921c3ce0e769970ee1532e32a3657c53'),('sites/all/modules/views/plugins/views_plugin_display_page.inc','f7138a876ee88c50266d9fcb65f632d8d46d43d8152f760630cb11ae5e69afde'),('sites/all/modules/views/plugins/views_plugin_exposed_form.inc','0632ce61b4e39f8c0f39866987e4908657020298520fcf7c2712c0135e77d95b'),('sites/all/modules/views/plugins/views_plugin_exposed_form_basic.inc','c736e1862b393e15ecc80deb58663405a1d68c2db07eb620d8e640406876cd17'),('sites/all/modules/views/plugins/views_plugin_exposed_form_input_required.inc','98b81e3b78f7242dd30a3754830bdde2fb1dfe8f002ae0daa06976f1bb64fa75'),('sites/all/modules/views/plugins/views_plugin_localization.inc','d7239cc693994dcd069c1f1e7847a7902c5bd29b8d64a93cdf37c602576661fb'),('sites/all/modules/views/plugins/views_plugin_localization_core.inc','f0900c0640e7c779e9b876223ea395f613c8fe8449f6c8eb5d060e2d54a6afcc'),('sites/all/modules/views/plugins/views_plugin_localization_none.inc','4930c3a13ddc0df3065f4920a836ffdc933b037e1337764e6687d7311f49dd8a'),('sites/all/modules/views/plugins/views_plugin_pager.inc','d7c32e38f149e9009e175395dff2b00ec429867653c7535301b705a7cc69d9ed'),('sites/all/modules/views/plugins/views_plugin_pager_full.inc','60e4dec532de00bf7e785e5fa29a0be43c7b550efa85df0346a1712a3c39f7cd'),('sites/all/modules/views/plugins/views_plugin_pager_mini.inc','0a9d101d5a4217fb888c643bfddd7bf7f2f9c0937faa2753a31452a5ee68190b'),('sites/all/modules/views/plugins/views_plugin_pager_none.inc','822cab1ada25f4902a0505f13db86886061d2ced655438b33b197d031ccceddd'),('sites/all/modules/views/plugins/views_plugin_pager_some.inc','bc6aa7cbf1bc09374eced33334195c8897e4078336b8306d02d71c7aaaa22c99'),('sites/all/modules/views/plugins/views_plugin_query.inc','0594d1fd0c34b86c6b81741e134da2d385d6be47b667af6660dd1d268fb7fa95'),('sites/all/modules/views/plugins/views_plugin_query_default.inc','b6ddc82766bda14ee456b15fcf77c27df9f0b49c520b6c249d557246b8a931a7'),('sites/all/modules/views/plugins/views_plugin_row.inc','3ca81529526b930cfb0dda202757f203649236b90441e3c035bb79cd419ee2a6'),('sites/all/modules/views/plugins/views_plugin_row_fields.inc','875fb2868cdbcc5f7af03098cbe55b9bb91ef512e5e52ccde89f7a02a0c5fbe2'),('sites/all/modules/views/plugins/views_plugin_row_rss_fields.inc','62f4a0ceef14aec9958ee8b98d352303f10818ddc66031814cc8b9d21752ade9'),('sites/all/modules/views/plugins/views_plugin_style.inc','60243c95aa09e6b09de8418a6dc2b67eabf1e83289cfbf4658c519d6206227be'),('sites/all/modules/views/plugins/views_plugin_style_default.inc','bf411e635d2fd9e09eb245b43581a0a7b670359180ccb042d42a5e579bbe9c30'),('sites/all/modules/views/plugins/views_plugin_style_grid.inc','35094b7f644b7e0692c9026b6b6b4c4c864c37fcdedef04b359dd2bdba496a47'),('sites/all/modules/views/plugins/views_plugin_style_jump_menu.inc','102fb3041a2f9a4ce9607a5bc2acc296ed625bee2fcbfa70354c1edd613066cd'),('sites/all/modules/views/plugins/views_plugin_style_list.inc','407b928d2c74a91903b681088bccce926d2268d0a9a6a34c185a4849dc0d7e31'),('sites/all/modules/views/plugins/views_plugin_style_mapping.inc','af4b75dd08f1597280a8deb6086259be4f10af50acace43ce2013170655f752c'),('sites/all/modules/views/plugins/views_plugin_style_rss.inc','77fcd2a962022159e89a773c49823306ef69a0dd1b54e6b344d1e2e45590d3d1'),('sites/all/modules/views/plugins/views_plugin_style_summary.inc','872df59f8f389eaf9b019e82d859dd198d31166e26a9102132e3932c7f1f2916'),('sites/all/modules/views/plugins/views_plugin_style_summary_jump_menu.inc','2ec0d225824ee65b6bb61317979e1dabe2be524a66ab19da924c6949dd31af3b'),('sites/all/modules/views/plugins/views_plugin_style_summary_unformatted.inc','c1e6f9dd1d75e29fee271171440d2182e633a1dbbc996cb186f637ff7ad93ed9'),('sites/all/modules/views/plugins/views_plugin_style_table.inc','0cbcc5d256a13953fbd3e5966a33d2426d5c3bd8c228ef370daebf2f428e693c'),('sites/all/modules/views/plugins/views_wizard/views_ui_base_views_wizard.class.php','d8325414c8ddde5c955a5cfb053b77478bb4d73cb2f7d75b857b082bc5a1e12d'),('sites/all/modules/views/plugins/views_wizard/views_ui_comment_views_wizard.class.php','208d02d7185ccc89c6767d31be2f5417c7877a6846457194eb103bd648aa7577'),('sites/all/modules/views/plugins/views_wizard/views_ui_file_managed_views_wizard.class.php','5734fb564ba9e2485cfa5d4a49f0c76f65a9be357b78e769ee4af92c4ef9e22a'),('sites/all/modules/views/plugins/views_wizard/views_ui_node_revision_views_wizard.class.php','6faf9ef92501a4f1aeaf86bcff9edaeb47bd7526ba50d06b841c9366149e7725'),('sites/all/modules/views/plugins/views_wizard/views_ui_node_views_wizard.class.php','2862cfdcef52cdd42f3b0e0113148bd0da8a93b6cd200f94d51df34e5428fcd2'),('sites/all/modules/views/plugins/views_wizard/views_ui_taxonomy_term_views_wizard.class.php','a8713b5a925ce8619f4f7b2ce74fbf9f7bb570f8ed084c8a7a5865fb40032eab'),('sites/all/modules/views/plugins/views_wizard/views_ui_users_views_wizard.class.php','f9fe2fb1ee87a1871e6ad32bad61b2457313f24da1bd5423977ced12de542919'),('sites/all/modules/views/tests/comment/views_handler_argument_comment_user_uid.test','b8b417ef0e05806a88bd7d5e2f7dcb41339fbf5b66f39311defc9fb65476d561'),('sites/all/modules/views/tests/comment/views_handler_filter_comment_user_uid.test','347c6ffd4383706dbde844235aaf31cff44a22e95d2e6d8ef4da34a41b70edd1'),('sites/all/modules/views/tests/field/views_fieldapi.test','53e6d57c2d1d6cd0cd92e15ca4077ba532214daf41e9c7c0f940c7c8dbd86a66'),('sites/all/modules/views/tests/handlers/views_handlers.test','f94dd3c4ba0bb1ffbf42704f600b94a808c1202a9ca26e7bdef8e7921c2724e9'),('sites/all/modules/views/tests/handlers/views_handler_area_text.test','af74a74a3357567b844606add76d7ca1271317778dd7bd245a216cf963c738b4'),('sites/all/modules/views/tests/handlers/views_handler_argument_null.test','1d174e1f467b905d67217bd755100d78ffeca4aa4ada5c4be40270cd6d30b721'),('sites/all/modules/views/tests/handlers/views_handler_argument_string.test','3d0213af0041146abb61dcdc750869ed773d0ac80cfa74ffbadfdd03b1f11c52'),('sites/all/modules/views/tests/handlers/views_handler_field.test','af552bf825ab77486b3d0d156779b7c4806ce5a983c6116ad68b633daf9bb927'),('sites/all/modules/views/tests/handlers/views_handler_field_boolean.test','d334b12a850f36b41fe89ab30a9d758fd3ce434286bd136404344b7b288460ae'),('sites/all/modules/views/tests/handlers/views_handler_field_counter.test','75b31942adf06b107f5ffd3c97545fde8cd1040b1d00f682e3c7c1320026e26c'),('sites/all/modules/views/tests/handlers/views_handler_field_custom.test','1446bc3d5a6b1180a79edfa46a5268dbf7f089836aa3bc45df00ddaff9dd0ce1'),('sites/all/modules/views/tests/handlers/views_handler_field_date.test','02df76a93a42d6131957748b1e69254835f9e44a47dafca1e833914e6b7f88a0'),('sites/all/modules/views/tests/handlers/views_handler_field_file_extension.test','606ca091ad7e5709f7653324aaa021484d1f0e07e8639b3f0f7c26d3cfdee53c'),('sites/all/modules/views/tests/handlers/views_handler_field_file_size.test','49184db68af398a54e81c8a76261acd861da8fd7846b9d51dcf476d61396bfb9'),('sites/all/modules/views/tests/handlers/views_handler_field_math.test','6e39e4f782e6b36151ceafb41a5509f7c661be79b393b24f6f5496d724535887'),('sites/all/modules/views/tests/handlers/views_handler_field_url.test','b41f762a71594b438a2e60a79c8260ba54e6305635725b0747e29f0d3ffe08c9'),('sites/all/modules/views/tests/handlers/views_handler_field_xss.test','f129ee16c03f84673e33990cbb2da5aa88c362f46e9ba1620b2a842ffd1c9cd2'),('sites/all/modules/views/tests/handlers/views_handler_filter_combine.test','05842d83a11822afe7d566835f5db9f0f94fdb27ddfc388d38138767bdf36f8b'),('sites/all/modules/views/tests/handlers/views_handler_filter_date.test','045cc449b68bbd5526071bf38c505b6d44f6c91868273c3120705c3bad250aee'),('sites/all/modules/views/tests/handlers/views_handler_filter_equality.test','c88f21c9cbf1aae83393b26616908f8020c18fe378d76256c7ba192df2ec17af'),('sites/all/modules/views/tests/handlers/views_handler_filter_in_operator.test','89420a4071677232e0eb82b184b37b818a82bdb2ff90a8b21293f9ecb21808bf'),('sites/all/modules/views/tests/handlers/views_handler_filter_numeric.test','35ac7a34e696b979e86ef7209b6697098d9abe218e30a02cc4fe39fb11f2a852'),('sites/all/modules/views/tests/handlers/views_handler_filter_string.test','b7d090780748faad478e619fd55673d746d4a0cf343d9e40ea96881324c34cbd'),('sites/all/modules/views/tests/handlers/views_handler_sort.test','f4ff79e6bc54e83c4eb2777811f33702b7e9fe7416ef70ae00d100fa54d44fec'),('sites/all/modules/views/tests/handlers/views_handler_sort_date.test','f548584d7c6a71cabd3ce07e04053a38df3f3e1685210ce8114238fd05344c10'),('sites/all/modules/views/tests/handlers/views_handler_sort_random.test','4fdba9bf05a26720ffa97e7a37da65ddc9044bd2832f8c89007b82feb062f182'),('sites/all/modules/views/tests/node/views_node_revision_relations.test','9467497a6d693615b48c8f57611a850002317bcb091b926d2efbbe56a4e61480'),('sites/all/modules/views/tests/plugins/views_plugin_display.test','4a6b136543a60999604c54125fa9d4f5aa61a5dcc71e2133d89325d81bc0fc2d'),('sites/all/modules/views/tests/styles/views_plugin_style.test','fb6c3279645fbcc1126acb3e1c908189e5240c647f81dcfd9b0761570c99d269'),('sites/all/modules/views/tests/styles/views_plugin_style_base.test','54fb7816d18416d8b0db67e9f55aa2aa50ac204eb9311be14b6700b7d7a95ae7'),('sites/all/modules/views/tests/styles/views_plugin_style_jump_menu.test','b88baa8aebe183943a6e4cf2df314fef13ac41b5844cd5fa4aa91557dd624895'),('sites/all/modules/views/tests/styles/views_plugin_style_mapping.test','a4e68bc8cfbeff4a1d9b8085fd115bfe7a8c4b84c049573fa0409b0dc8c2f053'),('sites/all/modules/views/tests/styles/views_plugin_style_unformatted.test','033ca29d41af47cd7bd12d50fea6c956dde247202ebda9df7f637111481bb51d'),('sites/all/modules/views/tests/taxonomy/views_handler_relationship_node_term_data.test','6074f5c7ae63225ea0cd26626ace6c017740e226f4d3c234e39869c31308223d'),('sites/all/modules/views/tests/test_handlers/views_test_area_access.inc','619e39bc4535976865b96751535d0d5aac4a7a87c1d47cb6d4c4bb9c9fa74716'),('sites/all/modules/views/tests/test_plugins/views_test_plugin_access_test_dynamic.inc','6a3ce8c256b84734b6b67a893ab24465a5f62d7bdf9ab5d22082a31849346b7d'),('sites/all/modules/views/tests/test_plugins/views_test_plugin_access_test_static.inc','e345e42d443cfa73db0ed2be61291117ebd57b86196cdb77c6f440e93443def3'),('sites/all/modules/views/tests/test_plugins/views_test_plugin_style_test_mapping.inc','0b2c68626105bd5f6b9074022a37c3d09d3a6bd70b811bb26d5eacad6d74546f'),('sites/all/modules/views/tests/user/views_handler_field_user_name.test','69641b6da26d8daee9a2ceb2d0df56668bf09b86db1d4071c275b6e8d0885f9e'),('sites/all/modules/views/tests/user/views_user.test','fbb63b42a0b7051bd4d33cf36841f39d7cc13a63b0554eca431b2a08c19facae'),('sites/all/modules/views/tests/user/views_user_argument_default.test','6423f2db7673763991b1fd0c452a7d84413c7dd888ca6c95545fadc531cfaaf4'),('sites/all/modules/views/tests/user/views_user_argument_validate.test','c88c9e5d162958f8924849758486a0d83822ada06088f5cf71bfbe76932d8d84'),('sites/all/modules/views/tests/views_access.test','f8b9d04b43c09a67ec722290a30408c1df8c163cf6e5863b41468bb4e381ee6f'),('sites/all/modules/views/tests/views_analyze.test','5548e36c99bb626209d63e5cddbc31f49ad83865c983d2662c6826b328d24ffb'),('sites/all/modules/views/tests/views_argument_default.test','5950937aae4608bba5b86f366ef3a56cc6518bbccfeaeacda79fa13246d220e4'),('sites/all/modules/views/tests/views_argument_validator.test','31f8f49946c8aa3b03d6d9a2281bdfb11c54071b28e83fb3e827ca6ff5e38c88'),('sites/all/modules/views/tests/views_basic.test','655bd33983f84bbea68a3f24bfab545d2c02f36a478566edf35a98a58ff0c6cf'),('sites/all/modules/views/tests/views_cache.test','4e9b8ae1d9e72a9eaee95f5083004316d2199617f7d6c8f4bea40e99d17efcd8'),('sites/all/modules/views/tests/views_exposed_form.test','2b2b16373af8ecade91d7c77bd8c2da8286a33bde554874f5d81399d201c3228'),('sites/all/modules/views/tests/views_glossary.test','118d50177a68a6f88e3727e10f8bcc6f95176282cc42fbd604458eeb932a36e8'),('sites/all/modules/views/tests/views_groupby.test','ac6ca55f084f4884c06437815ccfa5c4d10bfef808c3f6f17a4f69537794a992'),('sites/all/modules/views/tests/views_handlers.test','a696e3d6b1748da03a04ac532f403700d07c920b9c405c628a6c94ea6764f501'),('sites/all/modules/views/tests/views_module.test','65ef35475b62c30fd24f6ebc75d7be0ceab5af99e467128319a6fca291617771'),('sites/all/modules/views/tests/views_pager.test','6f448c8c13c5177afb35103119d6281958a2d6dbdfb96ae5f4ee77cb3b44adc5'),('sites/all/modules/views/tests/views_plugin_localization_test.inc','baedcf6c7381f9c5d3a5062f7d256f96808d06e04b6e73eff8e791e5f5293f45'),('sites/all/modules/views/tests/views_query.test','1ab587994dc43b1315e9a534d005798aecaa14182ba23a2b445e56516b9528cb'),('sites/all/modules/views/tests/views_test.views_default.inc','9664b95577fe2664410921bb751e1d99109e79b734f2c8c142d4083449282bd0'),('sites/all/modules/views/tests/views_translatable.test','6899c7b09ab72c262480cf78d200ecddfb683e8f2495438a55b35ae0e103a1b3'),('sites/all/modules/views/tests/views_ui.test','f9687a363d7cc2828739583e3eedeb68c99acd505ff4e3036c806a42b93a2688'),('sites/all/modules/views/tests/views_upgrade.test','c48bd74b85809dd78d963e525e38f3b6dd7e12aa249f73bd6a20247a40d6713a'),('sites/all/modules/views/tests/views_view.test','a52e010d27cc2eb29804a3acd30f574adf11fad1f5860e431178b61cddbdbb69'),('sites/all/modules/views/views_ui.module','2451d4e3df513afe85c7e24acc90b89ed24f5a615e8b4002e9d3d6cd1ca8b32e');

--
-- Table structure for table `role`
--

CREATE TABLE `role` (
  `rid` int(10) unsigned NOT NULL AUTO_INCREMENT COMMENT 'Primary Key: Unique role ID.',
  `name` varchar(64) NOT NULL DEFAULT '' COMMENT 'Unique role name.',
  `weight` int(11) NOT NULL DEFAULT '0' COMMENT 'The weight of this role in listings and the user interface.',
  PRIMARY KEY (`rid`),
  UNIQUE KEY `name` (`name`),
  KEY `name_weight` (`name`,`weight`)
) ENGINE=InnoDB AUTO_INCREMENT=4 DEFAULT CHARSET=utf8 COMMENT='Stores user roles.';

--
-- Dumping data for table `role`
--

INSERT INTO `role` VALUES (3,'administrator',2),(1,'anonymous user',0),(2,'authenticated user',1);

--
-- Table structure for table `role_permission`
--



--
-- Dumping data for table `role_permission`
--

INSERT INTO `role_permission` VALUES (1,'access comments','comment'),(1,'access content','node'),(1,'search content','search'),(1,'use text format filtered_html','filter'),(2,'access comments','comment'),(2,'access content','node'),(2,'post comments','comment'),(2,'search content','search'),(2,'skip comment approval','comment'),(2,'use text format filtered_html','filter'),(3,'access administration menu','admin_menu'),(3,'access administration pages','system'),(3,'access all views','views'),(3,'access comments','comment'),(3,'access content','node'),(3,'access content overview','node'),(3,'access contextual links','contextual'),(3,'access dashboard','dashboard'),(3,'access overlay','overlay'),(3,'access site in maintenance mode','system'),(3,'access site reports','system'),(3,'access toolbar','toolbar'),(3,'access user profiles','user'),(3,'administer actions','system'),(3,'administer blocks','block'),(3,'administer comments','comment'),(3,'administer content types','node'),(3,'administer filters','filter'),(3,'administer image styles','image'),(3,'administer menu','menu'),(3,'administer modules','system'),(3,'administer nodes','node'),(3,'administer pathauto','pathauto'),(3,'administer permissions','user'),(3,'administer search','search'),(3,'administer shortcuts','shortcut'),(3,'administer site configuration','system'),(3,'administer software updates','system'),(3,'administer taxonomy','taxonomy'),(3,'administer themes','system'),(3,'administer url aliases','path'),(3,'administer users','user'),(3,'administer views','views'),(3,'block IP addresses','system'),(3,'bypass node access','node'),(3,'cancel account','user'),(3,'change own username','user'),(3,'create article content','node'),(3,'create page content','node'),(3,'create url aliases','path'),(3,'customize shortcut links','shortcut'),(3,'delete any article content','node'),(3,'delete any page content','node'),(3,'delete own article content','node'),(3,'delete own page content','node'),(3,'delete revisions','node'),(3,'delete terms in 1','taxonomy'),(3,'display drupal links','admin_menu'),(3,'edit any article content','node'),(3,'edit any page content','node'),(3,'edit own article content','node'),(3,'edit own comments','comment'),(3,'edit own page content','node'),(3,'edit terms in 1','taxonomy'),(3,'flush caches','admin_menu'),(3,'notify of path changes','pathauto'),(3,'post comments','comment'),(3,'revert revisions','node'),(3,'search content','search'),(3,'select account cancellation method','user'),(3,'skip comment approval','comment'),(3,'switch shortcut sets','shortcut'),(3,'use advanced search','search'),(3,'use text format filtered_html','filter'),(3,'use text format full_html','filter'),(3,'view own unpublished content','node'),(3,'view revisions','node'),(3,'view the administration theme','system');

--
-- Table structure for table `search_dataset`
--

CREATE TABLE `search_dataset` (
  `sid` int(10) unsigned NOT NULL DEFAULT '0' COMMENT 'Search item ID, e.g. node ID for nodes.',
  `type` varchar(16) NOT NULL COMMENT 'Type of item, e.g. node.',
  `data` longtext NOT NULL COMMENT 'List of space-separated words from the item.',
  `reindex` int(10) unsigned NOT NULL DEFAULT '0' COMMENT 'Set to force node reindexing.',
  PRIMARY KEY (`sid`,`type`)
) ENGINE=InnoDB DEFAULT CHARSET=utf8 COMMENT='Stores items that will be searched.';

--
-- Dumping data for table `search_dataset`
--

INSERT INTO `search_dataset` VALUES (1,'node',' standard post with goodies etiam in nulla arcu ut vehicula velit vivamus dapibus rutrum mi ut aliquam in hac habitasse platea dictumst integer sagittis neque a tortor tempor in porta sem vulputate donec varius felis fermentum nisl imperdiet at molestie purus porta etiam in nulla arcu ut vehicula velit vivamus dapibus rutrum mi ut aliquam in hac habitasse platea dictumst integer sagittis neque a tortor tempor in porta sem vulputate donec varius felis fermentum nisl imperdiet at molestie purus porta heading 2 etiam in nulla arcu ut vehicula velit vivamus dapibus rutrum mi ut aliquam in hac habitasse platea dictumst integer sagittis neque a tortor tempor in porta sem vulputate donec varius felis fermentum nisl imperdiet at molestie purus porta heading 3 etiam in nulla arcu ut vehicula velit vivamus dapibus rutrum mi ut aliquam in hac habitasse platea dictumst integer sagittis neque a tortor tempor in porta sem vulputate donec varius felis fermentum nisl imperdiet at molestie purus porta blockquote  this is a sample blockquote donec varius felis fermentum nisl imperdiet at molestie purus porta code somestyle width 960px height 200px margin  auto backgroundcolor   heading 4 etiam in nulla arcu ut vehicula velit vivamus dapibus rutrum mi ut aliquam in hac habitasse platea dictumst integer sagittis neque a tortor tempor in porta sem vulputate donec varius felis fermentum nisl imperdiet at molestie purus porta heading 5 etiam in nulla arcu ut vehicula velit vivamus dapibus rutrum mi ut aliquam in hac habitasse platea dictumst integer sagittis neque a tortor tempor in porta sem vulputate donec varius felis fermentum nisl imperdiet at molestie purus porta heading 6 etiam in nulla arcu ut vehicula velit vivamus dapibus rutrum mi ut aliquam in hac habitasse platea dictumst integer sagittis neque a tortor tempor in porta sem vulputate donec varius felis fermentum nisl imperdiet at molestie purus porta standard web design lorem ipsum dolor sit amet  permalink submitted by admin on sat 10122013 2038 lorem ipsum dolor sit amet consectetuer adipiscing elit phasellus hendrerit pellentesque aliquet nibh nec urna in nisi neque aliquet vel dapibus id mattis vel nisi sed pretium ligula sollicitudin laoreet viverra tortor libero sodales leo eget blandit nunc tortor eu nibh nullam mollis ut justo log in or register to post comments aliquam porttitor mauris permalink submitted by admin on sat 10122013 2056 hi there donec nec justo eget felis facilisis fermentum aliquam porttitor mauris sit amet orci aenean dignissim pellentesque felis http envatotabvncom jd log in or register to post comments lorem ipsum dolor sit amet  permalink submitted by admin on sat 10122013 2058 lorem ipsum dolor sit amet consectetuer adipiscing elit phasellus hendrerit pellentesque aliquet nibh nec urna in nisi neque aliquet vel dapibus id mattis vel nisi sed pretium ligula sollicitudin laoreet viverra tortor libero sodales leo eget blandit nunc tortor eu nibh nullam mollis ut justo aether log in or register to post comments  ',0),(2,'node',' gallery post with a gallery etiam in nulla arcu ut vehicula velit vivamus dapibus rutrum mi ut aliquam in hac habitasse platea dictumst integer sagittis neque a tortor tempor in porta sem vulputate donec varius felis fermentum nisl imperdiet at molestie purus porta etiam in nulla arcu ut vehicula velit vivamus dapibus rutrum mi ut aliquam in hac habitasse platea dictumst integer sagittis neque a tortor tempor in porta sem vulputate donec varius felis fermentum nisl imperdiet at molestie purus porta heading 2 etiam in nulla arcu ut vehicula velit vivamus dapibus rutrum mi ut aliquam in hac habitasse platea dictumst integer sagittis neque a tortor tempor in porta sem vulputate donec varius felis fermentum nisl imperdiet at molestie purus porta heading 3 etiam in nulla arcu ut vehicula velit vivamus dapibus rutrum mi ut aliquam in hac habitasse platea dictumst integer sagittis neque a tortor tempor in porta sem vulputate donec varius felis fermentum nisl imperdiet at molestie purus porta blockquote  this is a sample blockquote donec varius felis fermentum nisl imperdiet at molestie purus porta code somestyle width 960px height 200px margin  auto backgroundcolor   heading 4 etiam in nulla arcu ut vehicula velit vivamus dapibus rutrum mi ut aliquam in hac habitasse platea dictumst integer sagittis neque a tortor tempor in porta sem vulputate donec varius felis fermentum nisl imperdiet at molestie purus porta heading 5 etiam in nulla arcu ut vehicula velit vivamus dapibus rutrum mi ut aliquam in hac habitasse platea dictumst integer sagittis neque a tortor tempor in porta sem vulputate donec varius felis fermentum nisl imperdiet at molestie purus porta heading 6 etiam in nulla arcu ut vehicula velit vivamus dapibus rutrum mi ut aliquam in hac habitasse platea dictumst integer sagittis neque a tortor tempor in porta sem vulputate donec varius felis fermentum nisl imperdiet at molestie purus porta gallery ',0),(3,'node',' nam erat felis etiam in nulla arcu ut vehicula velit vivamus dapibus rutrum mi ut aliquam in hac habitasse platea dictumst integer sagittis neque a tortor tempor in porta sem vulputate donec varius felis fermentum nisl imperdiet at molestie purus porta etiam in nulla arcu ut vehicula velit vivamus dapibus rutrum mi ut aliquam in hac habitasse platea dictumst integer sagittis neque a tortor tempor in porta sem vulputate donec varius felis fermentum nisl imperdiet at molestie purus porta heading 2 etiam in nulla arcu ut vehicula velit vivamus dapibus rutrum mi ut aliquam in hac habitasse platea dictumst integer sagittis neque a tortor tempor in porta sem vulputate donec varius felis fermentum nisl imperdiet at molestie purus porta heading 3 etiam in nulla arcu ut vehicula velit vivamus dapibus rutrum mi ut aliquam in hac habitasse platea dictumst integer sagittis neque a tortor tempor in porta sem vulputate donec varius felis fermentum nisl imperdiet at molestie purus porta blockquote  this is a sample blockquote donec varius felis fermentum nisl imperdiet at molestie purus porta code somestyle width 960px height 200px margin  auto backgroundcolor   heading 4 etiam in nulla arcu ut vehicula velit vivamus dapibus rutrum mi ut aliquam in hac habitasse platea dictumst integer sagittis neque a tortor tempor in porta sem vulputate donec varius felis fermentum nisl imperdiet at molestie purus porta heading 5 etiam in nulla arcu ut vehicula velit vivamus dapibus rutrum mi ut aliquam in hac habitasse platea dictumst integer sagittis neque a tortor tempor in porta sem vulputate donec varius felis fermentum nisl imperdiet at molestie purus porta heading 6 etiam in nulla arcu ut vehicula velit vivamus dapibus rutrum mi ut aliquam in hac habitasse platea dictumst integer sagittis neque a tortor tempor in porta sem vulputate donec varius felis fermentum nisl imperdiet at molestie purus porta web design ',0),(4,'node',' sweet candy challange vivamus iaculis metus eget nibh dapibus fringilla duis vel justo venenatis ligula bibendum vulputate et et tellus solution lorem ipsum dolor sit amet consectetur adipiscing elit donec sed nunc risus ac vehicula turpis duis fringilla fringilla lorem at ultricies tortor elementum sed fusce non ligula tortor ut hendrerit magna result donec nec pharetra arcu phasellus a odio non eros bibendum fringilla vel non lacus visit the site  ',0),(5,'node',' soul digital web design challange vivamus iaculis metus eget nibh dapibus fringilla duis vel justo venenatis ligula bibendum vulputate et et tellus solution lorem ipsum dolor sit amet consectetur adipiscing elit donec sed nunc risus ac vehicula turpis duis fringilla fringilla lorem at ultricies tortor elementum sed fusce non ligula tortor ut hendrerit magna result donec nec pharetra arcu phasellus a odio non eros bibendum fringilla vel non lacus visit the site  ',0),(6,'node',' shortcodes accordion toggle first title asunt in anim uis aute irure dolor in reprehenderit in voluptate velit esse cillum dolore eu fugiat nulla pariatur excepteur sint occaecat cupidatat non proident sunt in anim id est laborum allamco laboris nisi ut aliquip ex ea commodo consequat aser velit esse cillum dolore eu fugiat nulla pariatur excepteur sint occaecat cupidatat non proident sunt in anim id est laborum second title asunt in anim uis aute irure dolor in reprehenderit in voluptate velit esse cillum dolore eu fugiat nulla pariatur excepteur sint occaecat cupidatat non proident sunt in anim id est laborum allamco laboris nisi ut aliquip ex ea commodo consequat aser velit esse cillum dolore eu fugiat nulla pariatur excepteur sint occaecat cupidatat non proident sunt in anim id est laborum third title asunt in anim uis aute irure dolor in reprehenderit in voluptate velit esse cillum dolore eu fugiat nulla pariatur excepteur sint occaecat cupidatat non proident sunt in anim id est laborum allamco laboris nisi ut aliquip ex ea commodo consequat aser velit esse cillum dolore eu fugiat nulla pariatur excepteur sint occaecat cupidatat non proident sunt in anim id est laborum first toggle lorem ipsum dolor sit amet consectetur adipisicing elit sed do eiusmod tempor incididunt ut labore et dolore magna aliqua ut enim ad minim veniam quis nostrud exercitation ullamco laboris nisi ut aliquip ex ea commodo consequat duis aute irure dolor in reprehenderit in voluptate velit esse cillum dolore eu fugiat nulla pariatur second toggle lorem ipsum dolor sit amet consectetur adipisicing elit sed do eiusmod tempor incididunt ut labore et dolore magna aliqua ut enim ad minim veniam quis nostrud exercitation ullamco laboris nisi ut aliquip ex ea commodo consequat duis aute irure dolor in reprehenderit in voluptate velit esse cillum dolore eu fugiat nulla pariatur open toggle lorem ipsum dolor sit amet consectetur adipisicing elit sed do eiusmod tempor incididunt ut labore et dolore magna aliqua ut enim ad minim veniam quis nostrud exercitation ullamco laboris nisi ut aliquip ex ea commodo consequat duis aute irure dolor in reprehenderit in voluptate velit esse cillum dolore eu fugiat nulla pariatur tabs alerts first second third 1 lorem ipsum dolor sit amet consectetur adipiscing elit aenean nisl orci condim entum ultrices consequat eu vehicula ac maurisasunt in anim uis aute irure dolor in reprehenderit in voluptate velit esse cillum dolore eu fugiat nulla pariatur excepteur sint occaecat cupidatat non proident sunt in anim id est laborum 2 lorem ipsum dolor sit amet consectetur adipiscing elit aenean nisl orci condim entum ultrices consequat eu vehicula ac maurisasunt in anim uis aute irure dolor in reprehenderit in voluptate velit esse cillum dolore eu fugiat nulla pariatur excepteur sint occaecat cupidatat non proident sunt in anim id est laborum 3 lorem ipsum dolor sit amet consectetur adipiscing elit aenean nisl orci condim entum ultrices consequat eu vehicula ac maurisasunt in anim uis aute irure dolor in reprehenderit in voluptate velit esse cillum dolore eu fugiat nulla pariatur excepteur sint occaecat cupidatat non proident sunt in anim id est laborum error  your message  success  your message  info  your message  notice  your message  typography heading 2 heading 3 heading 4 heading 5 heading 6 this is a standard paragraph to showcase line height etc and those are small  strong and emphasized elements unordered list list item list item list item list item code element somestyle width 960px height 200px margin  auto backgroundcolor   blockquote  this is a sample blockquote donec varius felis fermentum nisl imperdiet at molestie purus porta links button the grid full width half width half width 13 width 23 width 13 width 13 width 13 width 12 width 12 width 16 width 16 width 16 width 16 width 16 width 16 width responsive video ',0),(7,'node',' axel web design challange vivamus iaculis metus eget nibh dapibus fringilla duis vel justo venenatis ligula bibendum vulputate et et tellus solution lorem ipsum dolor sit amet consectetur adipiscing elit donec sed nunc risus ac vehicula turpis duis fringilla fringilla lorem at ultricies tortor elementum sed fusce non ligula tortor ut hendrerit magna result donec nec pharetra arcu phasellus a odio non eros bibendum fringilla vel non lacus visit the site  ',0);

--
-- Table structure for table `search_index`
--

CREATE TABLE `search_index` (
  `word` varchar(50) NOT NULL DEFAULT '' COMMENT 'The search_total.word that is associated with the search item.',
  `sid` int(10) unsigned NOT NULL DEFAULT '0' COMMENT 'The search_dataset.sid of the searchable item to which the word belongs.',
  `type` varchar(16) NOT NULL COMMENT 'The search_dataset.type of the searchable item to which the word belongs.',
  `score` float DEFAULT NULL COMMENT 'The numeric score of the word, higher being more important.',
  PRIMARY KEY (`word`,`sid`,`type`),
  KEY `sid_type` (`sid`,`type`)
) ENGINE=InnoDB DEFAULT CHARSET=utf8 COMMENT='Stores the search index, associating words, items and...';

--
-- Dumping data for table `search_index`
--

INSERT INTO `search_index` VALUES ('1',6,'node',1),('10122013',1,'node',2.98902),('12',6,'node',1.7888),('13',6,'node',3.59108),('16',6,'node',5.33971),('2',1,'node',19),('2',2,'node',19),('2',3,'node',19),('2',6,'node',20),('200px',1,'node',1),('200px',2,'node',1),('200px',3,'node',1),('200px',6,'node',0.976851),('2038',1,'node',1),('2056',1,'node',1),('2058',1,'node',0.989021),('23',6,'node',0.899454),('3',1,'node',16),('3',2,'node',16),('3',3,'node',16),('3',6,'node',17),('4',1,'node',13),('4',2,'node',13),('4',3,'node',13),('4',6,'node',13),('5',1,'node',10),('5',2,'node',10),('5',3,'node',10),('5',6,'node',10),('6',1,'node',7),('6',2,'node',7),('6',3,'node',7),('6',6,'node',7),('960px',1,'node',1),('960px',2,'node',1),('960px',3,'node',1),('960px',6,'node',0.980874),('accordion',6,'node',16),('adipiscing',1,'node',1.98493),('adipiscing',4,'node',1),('adipiscing',5,'node',1),('adipiscing',6,'node',3),('adipiscing',7,'node',1),('adipisicing',6,'node',3),('admin',1,'node',2.98902),('aenean',1,'node',1),('aenean',6,'node',3),('aether',1,'node',0.98493),('alerts',6,'node',16),('aliqua',6,'node',3),('aliquam',1,'node',34),('aliquam',2,'node',7),('aliquam',3,'node',7),('aliquet',1,'node',3.96986),('aliquip',6,'node',6),('allamco',6,'node',3),('amet',1,'node',54.6995),('amet',4,'node',1),('amet',5,'node',1),('amet',6,'node',6),('amet',7,'node',1),('and',6,'node',2),('anim',6,'node',15),('arcu',1,'node',7),('arcu',2,'node',7),('arcu',3,'node',7),('arcu',4,'node',1),('arcu',5,'node',1),('arcu',7,'node',1),('are',6,'node',1),('aser',6,'node',3),('asunt',6,'node',3),('aute',6,'node',9),('auto',1,'node',1),('auto',2,'node',1),('auto',3,'node',1),('auto',6,'node',0.968904),('axel',7,'node',26),('backgroundcolor',1,'node',1),('backgroundcolor',2,'node',1),('backgroundcolor',3,'node',1),('backgroundcolor',6,'node',0.96498),('bibendum',4,'node',2),('bibendum',5,'node',2),('bibendum',7,'node',2),('blandit',1,'node',1.98493),('blockquote',1,'node',5),('blockquote',2,'node',5),('blockquote',3,'node',5),('blockquote',6,'node',7.68101),('button',6,'node',10.123),('candy',4,'node',26),('challange',4,'node',7),('challange',5,'node',7),('challange',7,'node',7),('cillum',6,'node',12),('code',1,'node',4),('code',2,'node',4),('code',3,'node',4),('code',6,'node',6.98114),('comments',1,'node',2.96989),('commodo',6,'node',6),('condim',6,'node',3),('consectetuer',1,'node',1.98493),('consectetur',4,'node',1),('consectetur',5,'node',1),('consectetur',6,'node',6),('consectetur',7,'node',1),('consequat',6,'node',9),('cupidatat',6,'node',9),('dapibus',1,'node',8.98493),('dapibus',2,'node',7),('dapibus',3,'node',7),('dapibus',4,'node',1),('dapibus',5,'node',1),('dapibus',7,'node',1),('design',1,'node',11),('design',3,'node',11),('design',5,'node',1),('design',7,'node',1),('dictumst',1,'node',7),('dictumst',2,'node',7),('dictumst',3,'node',7),('digital',5,'node',26),('dignissim',1,'node',1),('dolor',1,'node',53.6995),('dolor',4,'node',1),('dolor',5,'node',1),('dolor',6,'node',15),('dolor',7,'node',1),('dolore',6,'node',15),('donec',1,'node',9),('donec',2,'node',8),('donec',3,'node',8),('donec',4,'node',2),('donec',5,'node',2),('donec',6,'node',0.953396),('donec',7,'node',2),('duis',4,'node',2),('duis',5,'node',2),('duis',6,'node',3),('duis',7,'node',2),('eget',1,'node',2.98493),('eget',4,'node',1),('eget',5,'node',1),('eget',7,'node',1),('eiusmod',6,'node',3),('element',6,'node',6.95202),('elements',6,'node',1),('elementum',4,'node',1),('elementum',5,'node',1),('elementum',7,'node',1),('elit',1,'node',1.98493),('elit',4,'node',1),('elit',5,'node',1),('elit',6,'node',6),('elit',7,'node',1),('emphasized',6,'node',4),('enim',6,'node',3),('entum',6,'node',3),('envatotabvncom',1,'node',10.9246),('erat',3,'node',26),('eros',4,'node',1),('eros',5,'node',1),('eros',7,'node',1),('error',6,'node',4),('esse',6,'node',12),('est',6,'node',9),('etc',6,'node',1),('etiam',1,'node',7),('etiam',2,'node',7),('etiam',3,'node',7),('excepteur',6,'node',9),('exercitation',6,'node',3),('facilisis',1,'node',1),('felis',1,'node',9.99731),('felis',2,'node',8),('felis',3,'node',34),('felis',6,'node',0.945829),('fermentum',1,'node',9),('fermentum',2,'node',8),('fermentum',3,'node',8),('fermentum',6,'node',0.942091),('first',6,'node',41),('fringilla',4,'node',4),('fringilla',5,'node',4),('fringilla',7,'node',4),('fugiat',6,'node',12),('full',6,'node',0.909743),('fusce',4,'node',1),('fusce',5,'node',1),('fusce',7,'node',1),('gallery',2,'node',63),('goodies',1,'node',26),('grid',6,'node',14.6116),('habitasse',1,'node',7),('habitasse',2,'node',7),('habitasse',3,'node',7),('hac',1,'node',7),('hac',2,'node',7),('hac',3,'node',7),('half',6,'node',1.80914),('heading',1,'node',65),('heading',2,'node',65),('heading',3,'node',65),('heading',6,'node',65),('height',1,'node',1),('height',2,'node',1),('height',3,'node',1),('height',6,'node',1.97685),('hendrerit',1,'node',1.98493),('hendrerit',4,'node',1),('hendrerit',5,'node',1),('hendrerit',7,'node',1),('http',1,'node',10.9704),('iaculis',4,'node',1),('iaculis',5,'node',1),('iaculis',7,'node',1),('imperdiet',1,'node',8),('imperdiet',2,'node',8),('imperdiet',3,'node',8),('imperdiet',6,'node',0.938382),('incididunt',6,'node',3),('info',6,'node',4),('integer',1,'node',7),('integer',2,'node',7),('integer',3,'node',7),('ipsum',1,'node',53.6995),('ipsum',4,'node',1),('ipsum',5,'node',1),('ipsum',6,'node',6),('ipsum',7,'node',1),('irure',6,'node',9),('item',6,'node',3.99192),('justo',1,'node',2.98493),('justo',4,'node',1),('justo',5,'node',1),('justo',7,'node',1),('labore',6,'node',3),('laboris',6,'node',6),('laborum',6,'node',9),('lacus',4,'node',1),('lacus',5,'node',1),('lacus',7,'node',1),('laoreet',1,'node',1.98493),('leo',1,'node',1.98493),('libero',1,'node',1.98493),('ligula',1,'node',1.98493),('ligula',4,'node',2),('ligula',5,'node',2),('ligula',7,'node',2),('line',6,'node',1),('links',6,'node',6.46687),('list',6,'node',10.9919),('log',1,'node',6.53377),('lorem',1,'node',53.6995),('lorem',4,'node',2),('lorem',5,'node',2),('lorem',6,'node',6),('lorem',7,'node',2),('magna',4,'node',1),('magna',5,'node',1),('magna',6,'node',3),('magna',7,'node',1),('margin',1,'node',1),('margin',2,'node',1),('margin',3,'node',1),('margin',6,'node',0.972861),('mattis',1,'node',1.98493),('mauris',1,'node',27),('maurisasunt',6,'node',3),('message',6,'node',4),('metus',4,'node',1),('metus',5,'node',1),('metus',7,'node',1),('minim',6,'node',3),('molestie',1,'node',8),('molestie',2,'node',8),('molestie',3,'node',8),('molestie',6,'node',0.934703),('mollis',1,'node',1.98493),('nam',3,'node',26),('nec',1,'node',2.98493),('nec',4,'node',1),('nec',5,'node',1),('nec',7,'node',1),('neque',1,'node',8.98493),('neque',2,'node',7),('neque',3,'node',7),('nibh',1,'node',3.96986),('nibh',4,'node',1),('nibh',5,'node',1),('nibh',7,'node',1),('nisi',1,'node',3.96986),('nisi',6,'node',6),('nisl',1,'node',8),('nisl',2,'node',8),('nisl',3,'node',8),('nisl',6,'node',3.93838),('non',4,'node',3),('non',5,'node',3),('non',6,'node',9),('non',7,'node',3),('nostrud',6,'node',3),('notice',6,'node',4),('nulla',1,'node',7),('nulla',2,'node',7),('nulla',3,'node',7),('nulla',6,'node',12),('nullam',1,'node',1.98493),('nunc',1,'node',1.98493),('nunc',4,'node',1),('nunc',5,'node',1),('nunc',7,'node',1),('occaecat',6,'node',9),('odio',4,'node',1),('odio',5,'node',1),('odio',7,'node',1),('open',6,'node',10),('orci',1,'node',1),('orci',6,'node',3),('paragraph',6,'node',1),('pariatur',6,'node',12),('pellentesque',1,'node',2.98224),('permalink',1,'node',32.8792),('pharetra',4,'node',1),('pharetra',5,'node',1),('pharetra',7,'node',1),('phasellus',1,'node',1.98493),('phasellus',4,'node',1),('phasellus',5,'node',1),('phasellus',7,'node',1),('platea',1,'node',7),('platea',2,'node',7),('platea',3,'node',7),('porta',1,'node',15),('porta',2,'node',15),('porta',3,'node',15),('porta',6,'node',0.927431),('porttitor',1,'node',27),('post',1,'node',28.9699),('post',2,'node',26),('pretium',1,'node',1.98493),('proident',6,'node',9),('purus',1,'node',8),('purus',2,'node',8),('purus',3,'node',8),('purus',6,'node',0.931053),('quis',6,'node',3),('register',1,'node',6.53377),('reprehenderit',6,'node',9),('responsive',6,'node',14.2304),('result',4,'node',7),('result',5,'node',7),('result',7,'node',7),('risus',4,'node',1),('risus',5,'node',1),('risus',7,'node',1),('rutrum',1,'node',7),('rutrum',2,'node',7),('rutrum',3,'node',7),('sagittis',1,'node',7),('sagittis',2,'node',7),('sagittis',3,'node',7),('sample',1,'node',1),('sample',2,'node',1),('sample',3,'node',1),('sample',6,'node',0.957226),('sat',1,'node',2.98902),('second',6,'node',41),('sed',1,'node',1.98493),('sed',4,'node',2),('sed',5,'node',2),('sed',6,'node',3),('sed',7,'node',2),('sem',1,'node',7),('sem',2,'node',7),('sem',3,'node',7),('shortcodes',6,'node',26),('showcase',6,'node',1),('sint',6,'node',9),('sit',1,'node',54.6995),('sit',4,'node',1),('sit',5,'node',1),('sit',6,'node',6),('sit',7,'node',1),('site',4,'node',11),('site',5,'node',11),('site',7,'node',11),('small',6,'node',1),('sodales',1,'node',1.98493),('sollicitudin',1,'node',1.98493),('solution',4,'node',7),('solution',5,'node',7),('solution',7,'node',7),('somestyle',1,'node',1),('somestyle',2,'node',1),('somestyle',3,'node',1),('somestyle',6,'node',0.989021),('soul',5,'node',26),('standard',1,'node',37),('standard',6,'node',1),('strong',6,'node',4),('submitted',1,'node',2.98902),('success',6,'node',4),('sunt',6,'node',9),('sweet',4,'node',26),('tabs',6,'node',16),('tellus',4,'node',1),('tellus',5,'node',1),('tellus',7,'node',1),('tempor',1,'node',7),('tempor',2,'node',7),('tempor',3,'node',7),('tempor',6,'node',3),('the',4,'node',11),('the',5,'node',11),('the',6,'node',14.6678),('the',7,'node',11),('there',1,'node',1),('third',6,'node',31),('this',1,'node',1),('this',2,'node',1),('this',3,'node',1),('this',6,'node',1.95723),('those',6,'node',1),('title',6,'node',60),('toggle',6,'node',46),('tortor',1,'node',10.9699),('tortor',2,'node',7),('tortor',3,'node',7),('tortor',4,'node',2),('tortor',5,'node',2),('tortor',7,'node',2),('turpis',4,'node',1),('turpis',5,'node',1),('turpis',7,'node',1),('typography',6,'node',16),('uis',6,'node',6),('ullamco',6,'node',3),('ultrices',6,'node',3),('ultricies',4,'node',1),('ultricies',5,'node',1),('ultricies',7,'node',1),('unordered',6,'node',7),('urna',1,'node',1.98493),('varius',1,'node',8),('varius',2,'node',8),('varius',3,'node',8),('varius',6,'node',0.949597),('vehicula',1,'node',7),('vehicula',2,'node',7),('vehicula',3,'node',7),('vehicula',4,'node',1),('vehicula',5,'node',1),('vehicula',6,'node',3),('vehicula',7,'node',1),('vel',1,'node',3.96986),('vel',4,'node',2),('vel',5,'node',2),('vel',7,'node',2),('velit',1,'node',7),('velit',2,'node',7),('velit',3,'node',7),('velit',6,'node',12),('venenatis',4,'node',1),('venenatis',5,'node',1),('venenatis',7,'node',1),('veniam',6,'node',3),('video',6,'node',14.1775),('visit',4,'node',11),('visit',5,'node',11),('visit',7,'node',11),('vivamus',1,'node',7),('vivamus',2,'node',7),('vivamus',3,'node',7),('vivamus',4,'node',1),('vivamus',5,'node',1),('vivamus',7,'node',1),('viverra',1,'node',1.98493),('voluptate',6,'node',9),('vulputate',1,'node',7),('vulputate',2,'node',7),('vulputate',3,'node',7),('vulputate',4,'node',1),('vulputate',5,'node',1),('vulputate',7,'node',1),('web',1,'node',11),('web',3,'node',11),('web',5,'node',1),('web',7,'node',1),('width',1,'node',1),('width',2,'node',1),('width',3,'node',1),('width',6,'node',15.3025),('with',1,'node',26),('with',2,'node',26),('your',6,'node',4);

--
-- Table structure for table `search_node_links`
--

CREATE TABLE `search_node_links` (
  `sid` int(10) unsigned NOT NULL DEFAULT '0' COMMENT 'The search_dataset.sid of the searchable item containing the link to the node.',
  `type` varchar(16) NOT NULL DEFAULT '' COMMENT 'The search_dataset.type of the searchable item containing the link to the node.',
  `nid` int(10) unsigned NOT NULL DEFAULT '0' COMMENT 'The node.nid that this item links to.',
  `caption` longtext COMMENT 'The text used to link to the node.nid.',
  PRIMARY KEY (`sid`,`type`,`nid`),
  KEY `nid` (`nid`)
) ENGINE=InnoDB DEFAULT CHARSET=utf8 COMMENT='Stores items (like nodes) that link to other nodes, used...';

--
-- Dumping data for table `search_node_links`
--


--
-- Table structure for table `search_total`
--

CREATE TABLE `search_total` (
  `word` varchar(50) NOT NULL DEFAULT '' COMMENT 'Primary Key: Unique word in the search index.',
  `count` float DEFAULT NULL COMMENT 'The count of the word in the index using Zipf’s law to equalize the probability distribution.',
  PRIMARY KEY (`word`)
) ENGINE=InnoDB DEFAULT CHARSET=utf8 COMMENT='Stores search totals for words.';

--
-- Dumping data for table `search_total`
--

INSERT INTO `search_total` VALUES ('1',0.30103),('10122013',0.125337),('12',0.192856),('13',0.10669),('16',0.0745517),('2',0.00560388),('200px',0.0974153),('2038',0.30103),('2056',0.30103),('2058',0.30103),('23',0.30103),('3',0.00663058),('4',0.00827253),('5',0.0107239),('6',0.01524),('960px',0.0973271),('accordion',0.0263289),('adipiscing',0.0512436),('adipisicing',0.124939),('admin',0.125337),('aenean',0.09691),('aether',0.30103),('alerts',0.0263289),('aliqua',0.124939),('aliquam',0.00895484),('aliquet',0.0975689),('aliquip',0.0669468),('allamco',0.124939),('amet',0.0067649),('and',0.176091),('anim',0.0280287),('arcu',0.0177288),('are',0.30103),('aser',0.124939),('asunt',0.124939),('aute',0.0457575),('auto',0.09759),('axel',0.0163904),('backgroundcolor',0.0976765),('bibendum',0.0669468),('blandit',0.177189),('blockquote',0.0187378),('button',0.0409127),('candy',0.0163904),('challange',0.0202034),('cillum',0.0347621),('code',0.022298),('comments',0.126038),('commodo',0.0669468),('condim',0.124939),('consectetuer',0.177189),('consectetur',0.0457575),('consequat',0.0457575),('cupidatat',0.0457575),('dapibus',0.0163997),('design',0.0177288),('dictumst',0.0202034),('digital',0.0163904),('dignissim',0.30103),('dolor',0.0060153),('dolore',0.0280287),('donec',0.0133832),('duis',0.0457575),('eget',0.067103),('eiusmod',0.124939),('element',0.0583664),('elements',0.30103),('elementum',0.124939),('elit',0.0378382),('emphasized',0.09691),('enim',0.124939),('entum',0.124939),('envatotabvncom',0.0380383),('erat',0.0163904),('eros',0.124939),('error',0.09691),('esse',0.0347621),('est',0.0457575),('etc',0.30103),('etiam',0.0202034),('excepteur',0.0457575),('exercitation',0.124939),('facilisis',0.30103),('felis',0.00812653),('fermentum',0.0164263),('first',0.0104654),('fringilla',0.0347621),('fugiat',0.0347621),('full',0.30103),('fusce',0.124939),('gallery',0.00683942),('goodies',0.0163904),('grid',0.0287496),('habitasse',0.0202034),('hac',0.0202034),('half',0.191101),('heading',0.00166716),('height',0.0795178),('hendrerit',0.0794),('http',0.0378863),('iaculis',0.124939),('imperdiet',0.0170746),('incididunt',0.124939),('info',0.09691),('integer',0.0202034),('ipsum',0.00687195),('irure',0.0457575),('item',0.0970858),('justo',0.067103),('labore',0.124939),('laboris',0.0669468),('laborum',0.0457575),('lacus',0.124939),('laoreet',0.177189),('leo',0.177189),('libero',0.177189),('ligula',0.0512436),('line',0.30103),('links',0.0624445),('list',0.0378152),('log',0.0618485),('lorem',0.00656052),('magna',0.0669468),('margin',0.0975029),('mattis',0.177189),('mauris',0.0157943),('maurisasunt',0.124939),('message',0.09691),('metus',0.124939),('minim',0.124939),('molestie',0.0170771),('mollis',0.177189),('nam',0.0163904),('nec',0.067103),('neque',0.0184953),('nibh',0.0582266),('nisi',0.041512),('nisl',0.015273),('non',0.0234811),('nostrud',0.124939),('notice',0.09691),('nulla',0.012965),('nullam',0.177189),('nunc',0.0794),('occaecat',0.0457575),('odio',0.124939),('open',0.0413927),('orci',0.09691),('paragraph',0.30103),('pariatur',0.0347621),('pellentesque',0.125585),('permalink',0.0130119),('pharetra',0.124939),('phasellus',0.0794),('platea',0.0202034),('porta',0.00935463),('porttitor',0.0157943),('post',0.00782959),('pretium',0.177189),('proident',0.0457575),('purus',0.0170795),('quis',0.124939),('register',0.0618485),('reprehenderit',0.0457575),('responsive',0.0294943),('result',0.0202034),('risus',0.124939),('rutrum',0.0202034),('sagittis',0.0202034),('sample',0.0978479),('sat',0.125337),('second',0.0104654),('sed',0.0378382),('sem',0.0202034),('shortcodes',0.0163904),('showcase',0.30103),('sint',0.0457575),('sit',0.0067649),('site',0.012965),('small',0.30103),('sodales',0.177189),('sollicitudin',0.177189),('solution',0.0202034),('somestyle',0.097149),('soul',0.0163904),('standard',0.011281),('strong',0.09691),('submitted',0.125337),('success',0.09691),('sunt',0.0457575),('sweet',0.0163904),('tabs',0.0263289),('tellus',0.124939),('tempor',0.0177288),('the',0.00901661),('there',0.30103),('third',0.0137883),('this',0.0798054),('those',0.30103),('title',0.00717858),('toggle',0.00934003),('tortor',0.0138015),('turpis',0.124939),('typography',0.0263289),('uis',0.0669468),('ullamco',0.124939),('ultrices',0.124939),('ultricies',0.124939),('unordered',0.0579919),('urna',0.177189),('varius',0.0170671),('vehicula',0.0157943),('vel',0.041512),('velit',0.012965),('venenatis',0.124939),('veniam',0.124939),('video',0.0296005),('visit',0.012965),('vivamus',0.0177288),('viverra',0.177189),('voluptate',0.0457575),('vulputate',0.0177288),('web',0.0177288),('width',0.0231031),('with',0.00827253),('your',0.09691);

--
-- Table structure for table `semaphore`
--

CREATE TABLE `semaphore` (
  `name` varchar(255) NOT NULL DEFAULT '' COMMENT 'Primary Key: Unique name.',
  `value` varchar(255) NOT NULL DEFAULT '' COMMENT 'A value for the semaphore.',
  `expire` double NOT NULL COMMENT 'A Unix timestamp with microseconds indicating when the semaphore should expire.',
  PRIMARY KEY (`name`),
  KEY `value` (`value`),
  KEY `expire` (`expire`)
) ENGINE=InnoDB DEFAULT CHARSET=utf8 COMMENT='Table for holding semaphores, locks, flags, etc. that...';

--
-- Dumping data for table `semaphore`
--


--
-- Table structure for table `sequences`
--

CREATE TABLE `sequences` (
  `value` int(10) unsigned NOT NULL AUTO_INCREMENT COMMENT 'The value of the sequence.',
  PRIMARY KEY (`value`)
) ENGINE=InnoDB AUTO_INCREMENT=14 DEFAULT CHARSET=utf8 COMMENT='Stores IDs.';

--
-- Dumping data for table `sequences`
--

INSERT INTO `sequences` VALUES (13);

--
-- Table structure for table `sessions`
--

CREATE TABLE `sessions` (
  `uid` int(10) unsigned NOT NULL COMMENT 'The users.uid corresponding to a session, or 0 for anonymous user.',
  `sid` varchar(128) NOT NULL COMMENT 'A session ID. The value is generated by Drupal’s session handlers.',
  `ssid` varchar(128) NOT NULL DEFAULT '' COMMENT 'Secure session ID. The value is generated by Drupal’s session handlers.',
  `hostname` varchar(128) NOT NULL DEFAULT '' COMMENT 'The IP address that last used this session ID (sid).',
  `timestamp` int(11) NOT NULL DEFAULT '0' COMMENT 'The Unix timestamp when this session last requested a page. Old records are purged by PHP automatically.',
  `cache` int(11) NOT NULL DEFAULT '0' COMMENT 'The time of this user’s last post. This is used when the site has specified a minimum_cache_lifetime. See cache_get().',
  `session` longblob COMMENT 'The serialized contents of $_SESSION, an array of name/value pairs that persists across page requests by this session ID. Drupal loads $_SESSION from here at the start of each request and saves it at the end.',
  PRIMARY KEY (`sid`,`ssid`),
  KEY `timestamp` (`timestamp`),
  KEY `uid` (`uid`),
  KEY `ssid` (`ssid`)
) ENGINE=InnoDB DEFAULT CHARSET=utf8 COMMENT='Drupal’s session handlers read and write into the...';

--
-- Dumping data for table `sessions`
--

INSERT INTO `sessions` VALUES (1,'7Pd4l5kHUbM1gP3nsgEGJnTuqNPQ3lkS7uOIN0ULdeo','','127.0.0.1',1403082742,0,'dblog_overview_filter|a:0:{}');

--
-- Table structure for table `shortcut_set`
--

CREATE TABLE `shortcut_set` (
  `set_name` varchar(32) NOT NULL DEFAULT '' COMMENT 'Primary Key: The menu_links.menu_name under which the set’s links are stored.',
  `title` varchar(255) NOT NULL DEFAULT '' COMMENT 'The title of the set.',
  PRIMARY KEY (`set_name`)
) ENGINE=InnoDB DEFAULT CHARSET=utf8 COMMENT='Stores information about sets of shortcuts links.';

--
-- Dumping data for table `shortcut_set`
--

INSERT INTO `shortcut_set` VALUES ('shortcut-set-1','Default');

--
-- Table structure for table `shortcut_set_users`
--

CREATE TABLE `shortcut_set_users` (
  `uid` int(10) unsigned NOT NULL DEFAULT '0' COMMENT 'The users.uid for this set.',
  `set_name` varchar(32) NOT NULL DEFAULT '' COMMENT 'The shortcut_set.set_name that will be displayed for this user.',
  PRIMARY KEY (`uid`),
  KEY `set_name` (`set_name`)
) ENGINE=InnoDB DEFAULT CHARSET=utf8 COMMENT='Maps users to shortcut sets.';

--
-- Dumping data for table `shortcut_set_users`
--


--
-- Table structure for table `system`
--

CREATE TABLE `system` (
  `filename` varchar(255) NOT NULL DEFAULT '' COMMENT 'The path of the primary file for this item, relative to the Drupal root; e.g. modules/node/node.module.',
  `name` varchar(255) NOT NULL DEFAULT '' COMMENT 'The name of the item; e.g. node.',
  `type` varchar(12) NOT NULL DEFAULT '' COMMENT 'The type of the item, either module, theme, or theme_engine.',
  `owner` varchar(255) NOT NULL DEFAULT '' COMMENT 'A theme’s ’parent’ . Can be either a theme or an engine.',
  `status` int(11) NOT NULL DEFAULT '0' COMMENT 'Boolean indicating whether or not this item is enabled.',
  `bootstrap` int(11) NOT NULL DEFAULT '0' COMMENT 'Boolean indicating whether this module is loaded during Drupal’s early bootstrapping phase (e.g. even before the page cache is consulted).',
  `schema_version` smallint(6) NOT NULL DEFAULT '-1' COMMENT 'The module’s database schema version number. -1 if the module is not installed (its tables do not exist); 0 or the largest N of the module’s hook_update_N() function that has either been run or existed when the module was first installed.',
  `weight` int(11) NOT NULL DEFAULT '0' COMMENT 'The order in which this module’s hooks should be invoked relative to other modules. Equal-weighted modules are ordered by name.',
  `info` blob COMMENT 'A serialized array containing information from the module’s .info file; keys can include name, description, package, version, core, dependencies, and php.',
  PRIMARY KEY (`filename`),
  KEY `system_list` (`status`,`bootstrap`,`type`,`weight`,`name`),
  KEY `type_name` (`type`,`name`)
) ENGINE=InnoDB DEFAULT CHARSET=utf8 COMMENT='A list of all modules, themes, and theme engines that are...';

--
-- Dumping data for table `system`
--

INSERT INTO `system` VALUES ('modules/aggregator/aggregator.module','aggregator','module','',0,0,-1,0,'a:13:{s:4:\"name\";s:10:\"Aggregator\";s:11:\"description\";s:57:\"Aggregates syndicated content (RSS, RDF, and Atom feeds).\";s:7:\"package\";s:4:\"Core\";s:7:\"version\";s:4:\"7.28\";s:4:\"core\";s:3:\"7.x\";s:5:\"files\";a:1:{i:0;s:15:\"aggregator.test\";}s:9:\"configure\";s:41:\"admin/config/services/aggregator/settings\";s:11:\"stylesheets\";a:1:{s:3:\"all\";a:1:{s:14:\"aggregator.css\";s:33:\"modules/aggregator/aggregator.css\";}}s:7:\"project\";s:6:\"drupal\";s:9:\"datestamp\";s:10:\"1399522731\";s:12:\"dependencies\";a:0:{}s:3:\"php\";s:5:\"5.2.4\";s:9:\"bootstrap\";i:0;}'),('modules/aggregator/tests/aggregator_test.module','aggregator_test','module','',0,0,-1,0,'a:12:{s:4:\"name\";s:23:\"Aggregator module tests\";s:11:\"description\";s:46:\"Support module for aggregator related testing.\";s:7:\"package\";s:7:\"Testing\";s:7:\"version\";s:4:\"7.28\";s:4:\"core\";s:3:\"7.x\";s:6:\"hidden\";b:1;s:7:\"project\";s:6:\"drupal\";s:9:\"datestamp\";s:10:\"1399522731\";s:12:\"dependencies\";a:0:{}s:3:\"php\";s:5:\"5.2.4\";s:5:\"files\";a:0:{}s:9:\"bootstrap\";i:0;}'),('modules/block/block.module','block','module','',1,0,7008,-5,'a:12:{s:4:\"name\";s:5:\"Block\";s:11:\"description\";s:140:\"Controls the visual building blocks a page is constructed with. Blocks are boxes of content rendered into an area, or region, of a web page.\";s:7:\"package\";s:4:\"Core\";s:7:\"version\";s:4:\"7.28\";s:4:\"core\";s:3:\"7.x\";s:5:\"files\";a:1:{i:0;s:10:\"block.test\";}s:9:\"configure\";s:21:\"admin/structure/block\";s:7:\"project\";s:6:\"drupal\";s:9:\"datestamp\";s:10:\"1399522731\";s:12:\"dependencies\";a:0:{}s:3:\"php\";s:5:\"5.2.4\";s:9:\"bootstrap\";i:0;}'),('modules/block/tests/block_test.module','block_test','module','',0,0,-1,0,'a:12:{s:4:\"name\";s:10:\"Block test\";s:11:\"description\";s:21:\"Provides test blocks.\";s:7:\"package\";s:7:\"Testing\";s:7:\"version\";s:4:\"7.28\";s:4:\"core\";s:3:\"7.x\";s:6:\"hidden\";b:1;s:7:\"project\";s:6:\"drupal\";s:9:\"datestamp\";s:10:\"1399522731\";s:12:\"dependencies\";a:0:{}s:3:\"php\";s:5:\"5.2.4\";s:5:\"files\";a:0:{}s:9:\"bootstrap\";i:0;}'),('modules/blog/blog.module','blog','module','',0,0,-1,0,'a:11:{s:4:\"name\";s:4:\"Blog\";s:11:\"description\";s:25:\"Enables multi-user blogs.\";s:7:\"package\";s:4:\"Core\";s:7:\"version\";s:4:\"7.28\";s:4:\"core\";s:3:\"7.x\";s:5:\"files\";a:1:{i:0;s:9:\"blog.test\";}s:7:\"project\";s:6:\"drupal\";s:9:\"datestamp\";s:10:\"1399522731\";s:12:\"dependencies\";a:0:{}s:3:\"php\";s:5:\"5.2.4\";s:9:\"bootstrap\";i:0;}'),('modules/book/book.module','book','module','',0,0,-1,0,'a:13:{s:4:\"name\";s:4:\"Book\";s:11:\"description\";s:66:\"Allows users to create and organize related content in an outline.\";s:7:\"package\";s:4:\"Core\";s:7:\"version\";s:4:\"7.28\";s:4:\"core\";s:3:\"7.x\";s:5:\"files\";a:1:{i:0;s:9:\"book.test\";}s:9:\"configure\";s:27:\"admin/content/book/settings\";s:11:\"stylesheets\";a:1:{s:3:\"all\";a:1:{s:8:\"book.css\";s:21:\"modules/book/book.css\";}}s:7:\"project\";s:6:\"drupal\";s:9:\"datestamp\";s:10:\"1399522731\";s:12:\"dependencies\";a:0:{}s:3:\"php\";s:5:\"5.2.4\";s:9:\"bootstrap\";i:0;}'),('modules/color/color.module','color','module','',1,0,7001,0,'a:11:{s:4:\"name\";s:5:\"Color\";s:11:\"description\";s:70:\"Allows administrators to change the color scheme of compatible themes.\";s:7:\"package\";s:4:\"Core\";s:7:\"version\";s:4:\"7.28\";s:4:\"core\";s:3:\"7.x\";s:5:\"files\";a:1:{i:0;s:10:\"color.test\";}s:7:\"project\";s:6:\"drupal\";s:9:\"datestamp\";s:10:\"1399522731\";s:12:\"dependencies\";a:0:{}s:3:\"php\";s:5:\"5.2.4\";s:9:\"bootstrap\";i:0;}'),('modules/comment/comment.module','comment','module','',1,0,7009,0,'a:13:{s:4:\"name\";s:7:\"Comment\";s:11:\"description\";s:57:\"Allows users to comment on and discuss published content.\";s:7:\"package\";s:4:\"Core\";s:7:\"version\";s:4:\"7.28\";s:4:\"core\";s:3:\"7.x\";s:12:\"dependencies\";a:1:{i:0;s:4:\"text\";}s:5:\"files\";a:2:{i:0;s:14:\"comment.module\";i:1;s:12:\"comment.test\";}s:9:\"configure\";s:21:\"admin/content/comment\";s:11:\"stylesheets\";a:1:{s:3:\"all\";a:1:{s:11:\"comment.css\";s:27:\"modules/comment/comment.css\";}}s:7:\"project\";s:6:\"drupal\";s:9:\"datestamp\";s:10:\"1399522731\";s:3:\"php\";s:5:\"5.2.4\";s:9:\"bootstrap\";i:0;}'),('modules/contact/contact.module','contact','module','',0,0,-1,0,'a:12:{s:4:\"name\";s:7:\"Contact\";s:11:\"description\";s:61:\"Enables the use of both personal and site-wide contact forms.\";s:7:\"package\";s:4:\"Core\";s:7:\"version\";s:4:\"7.28\";s:4:\"core\";s:3:\"7.x\";s:5:\"files\";a:1:{i:0;s:12:\"contact.test\";}s:9:\"configure\";s:23:\"admin/structure/contact\";s:7:\"project\";s:6:\"drupal\";s:9:\"datestamp\";s:10:\"1399522731\";s:12:\"dependencies\";a:0:{}s:3:\"php\";s:5:\"5.2.4\";s:9:\"bootstrap\";i:0;}'),('modules/contextual/contextual.module','contextual','module','',1,0,0,0,'a:11:{s:4:\"name\";s:16:\"Contextual links\";s:11:\"description\";s:75:\"Provides contextual links to perform actions related to elements on a page.\";s:7:\"package\";s:4:\"Core\";s:7:\"version\";s:4:\"7.28\";s:4:\"core\";s:3:\"7.x\";s:5:\"files\";a:1:{i:0;s:15:\"contextual.test\";}s:7:\"project\";s:6:\"drupal\";s:9:\"datestamp\";s:10:\"1399522731\";s:12:\"dependencies\";a:0:{}s:3:\"php\";s:5:\"5.2.4\";s:9:\"bootstrap\";i:0;}'),('modules/dashboard/dashboard.module','dashboard','module','',1,0,0,0,'a:12:{s:4:\"name\";s:9:\"Dashboard\";s:11:\"description\";s:136:\"Provides a dashboard page in the administrative interface for organizing administrative tasks and tracking information within your site.\";s:4:\"core\";s:3:\"7.x\";s:7:\"package\";s:4:\"Core\";s:7:\"version\";s:4:\"7.28\";s:5:\"files\";a:1:{i:0;s:14:\"dashboard.test\";}s:12:\"dependencies\";a:1:{i:0;s:5:\"block\";}s:9:\"configure\";s:25:\"admin/dashboard/customize\";s:7:\"project\";s:6:\"drupal\";s:9:\"datestamp\";s:10:\"1399522731\";s:3:\"php\";s:5:\"5.2.4\";s:9:\"bootstrap\";i:0;}'),('modules/dblog/dblog.module','dblog','module','',1,1,7002,0,'a:11:{s:4:\"name\";s:16:\"Database logging\";s:11:\"description\";s:47:\"Logs and records system events to the database.\";s:7:\"package\";s:4:\"Core\";s:7:\"version\";s:4:\"7.28\";s:4:\"core\";s:3:\"7.x\";s:5:\"files\";a:1:{i:0;s:10:\"dblog.test\";}s:7:\"project\";s:6:\"drupal\";s:9:\"datestamp\";s:10:\"1399522731\";s:12:\"dependencies\";a:0:{}s:3:\"php\";s:5:\"5.2.4\";s:9:\"bootstrap\";i:0;}'),('modules/field/field.module','field','module','',1,0,7003,0,'a:13:{s:4:\"name\";s:5:\"Field\";s:11:\"description\";s:57:\"Field API to add fields to entities like nodes and users.\";s:7:\"package\";s:4:\"Core\";s:7:\"version\";s:4:\"7.28\";s:4:\"core\";s:3:\"7.x\";s:5:\"files\";a:4:{i:0;s:12:\"field.module\";i:1;s:16:\"field.attach.inc\";i:2;s:20:\"field.info.class.inc\";i:3;s:16:\"tests/field.test\";}s:12:\"dependencies\";a:1:{i:0;s:17:\"field_sql_storage\";}s:8:\"required\";b:1;s:11:\"stylesheets\";a:1:{s:3:\"all\";a:1:{s:15:\"theme/field.css\";s:29:\"modules/field/theme/field.css\";}}s:7:\"project\";s:6:\"drupal\";s:9:\"datestamp\";s:10:\"1399522731\";s:3:\"php\";s:5:\"5.2.4\";s:9:\"bootstrap\";i:0;}'),('modules/field/modules/field_sql_storage/field_sql_storage.module','field_sql_storage','module','',1,0,7002,0,'a:12:{s:4:\"name\";s:17:\"Field SQL storage\";s:11:\"description\";s:37:\"Stores field data in an SQL database.\";s:7:\"package\";s:4:\"Core\";s:7:\"version\";s:4:\"7.28\";s:4:\"core\";s:3:\"7.x\";s:12:\"dependencies\";a:1:{i:0;s:5:\"field\";}s:5:\"files\";a:1:{i:0;s:22:\"field_sql_storage.test\";}s:8:\"required\";b:1;s:7:\"project\";s:6:\"drupal\";s:9:\"datestamp\";s:10:\"1399522731\";s:3:\"php\";s:5:\"5.2.4\";s:9:\"bootstrap\";i:0;}'),('modules/field/modules/list/list.module','list','module','',1,0,7002,0,'a:11:{s:4:\"name\";s:4:\"List\";s:11:\"description\";s:69:\"Defines list field types. Use with Options to create selection lists.\";s:7:\"package\";s:4:\"Core\";s:7:\"version\";s:4:\"7.28\";s:4:\"core\";s:3:\"7.x\";s:12:\"dependencies\";a:2:{i:0;s:5:\"field\";i:1;s:7:\"options\";}s:5:\"files\";a:1:{i:0;s:15:\"tests/list.test\";}s:7:\"project\";s:6:\"drupal\";s:9:\"datestamp\";s:10:\"1399522731\";s:3:\"php\";s:5:\"5.2.4\";s:9:\"bootstrap\";i:0;}'),('modules/field/modules/list/tests/list_test.module','list_test','module','',0,0,-1,0,'a:12:{s:4:\"name\";s:9:\"List test\";s:11:\"description\";s:41:\"Support module for the List module tests.\";s:4:\"core\";s:3:\"7.x\";s:7:\"package\";s:7:\"Testing\";s:7:\"version\";s:4:\"7.28\";s:6:\"hidden\";b:1;s:7:\"project\";s:6:\"drupal\";s:9:\"datestamp\";s:10:\"1399522731\";s:12:\"dependencies\";a:0:{}s:3:\"php\";s:5:\"5.2.4\";s:5:\"files\";a:0:{}s:9:\"bootstrap\";i:0;}'),('modules/field/modules/number/number.module','number','module','',1,0,0,0,'a:11:{s:4:\"name\";s:6:\"Number\";s:11:\"description\";s:28:\"Defines numeric field types.\";s:7:\"package\";s:4:\"Core\";s:7:\"version\";s:4:\"7.28\";s:4:\"core\";s:3:\"7.x\";s:12:\"dependencies\";a:1:{i:0;s:5:\"field\";}s:5:\"files\";a:1:{i:0;s:11:\"number.test\";}s:7:\"project\";s:6:\"drupal\";s:9:\"datestamp\";s:10:\"1399522731\";s:3:\"php\";s:5:\"5.2.4\";s:9:\"bootstrap\";i:0;}'),('modules/field/modules/options/options.module','options','module','',1,0,0,0,'a:11:{s:4:\"name\";s:7:\"Options\";s:11:\"description\";s:82:\"Defines selection, check box and radio button widgets for text and numeric fields.\";s:7:\"package\";s:4:\"Core\";s:7:\"version\";s:4:\"7.28\";s:4:\"core\";s:3:\"7.x\";s:12:\"dependencies\";a:1:{i:0;s:5:\"field\";}s:5:\"files\";a:1:{i:0;s:12:\"options.test\";}s:7:\"project\";s:6:\"drupal\";s:9:\"datestamp\";s:10:\"1399522731\";s:3:\"php\";s:5:\"5.2.4\";s:9:\"bootstrap\";i:0;}'),('modules/field/modules/text/text.module','text','module','',1,0,7000,0,'a:13:{s:4:\"name\";s:4:\"Text\";s:11:\"description\";s:32:\"Defines simple text field types.\";s:7:\"package\";s:4:\"Core\";s:7:\"version\";s:4:\"7.28\";s:4:\"core\";s:3:\"7.x\";s:12:\"dependencies\";a:1:{i:0;s:5:\"field\";}s:5:\"files\";a:1:{i:0;s:9:\"text.test\";}s:8:\"required\";b:1;s:7:\"project\";s:6:\"drupal\";s:9:\"datestamp\";s:10:\"1399522731\";s:3:\"php\";s:5:\"5.2.4\";s:9:\"bootstrap\";i:0;s:11:\"explanation\";s:73:\"Field type(s) in use - see <a href=\"/admin/reports/fields\">Field list</a>\";}'),('modules/field/tests/field_test.module','field_test','module','',0,0,-1,0,'a:12:{s:4:\"name\";s:14:\"Field API Test\";s:11:\"description\";s:39:\"Support module for the Field API tests.\";s:4:\"core\";s:3:\"7.x\";s:7:\"package\";s:7:\"Testing\";s:5:\"files\";a:1:{i:0;s:21:\"field_test.entity.inc\";}s:7:\"version\";s:4:\"7.28\";s:6:\"hidden\";b:1;s:7:\"project\";s:6:\"drupal\";s:9:\"datestamp\";s:10:\"1399522731\";s:12:\"dependencies\";a:0:{}s:3:\"php\";s:5:\"5.2.4\";s:9:\"bootstrap\";i:0;}'),('modules/field_ui/field_ui.module','field_ui','module','',1,0,0,0,'a:11:{s:4:\"name\";s:8:\"Field UI\";s:11:\"description\";s:33:\"User interface for the Field API.\";s:7:\"package\";s:4:\"Core\";s:7:\"version\";s:4:\"7.28\";s:4:\"core\";s:3:\"7.x\";s:12:\"dependencies\";a:1:{i:0;s:5:\"field\";}s:5:\"files\";a:1:{i:0;s:13:\"field_ui.test\";}s:7:\"project\";s:6:\"drupal\";s:9:\"datestamp\";s:10:\"1399522731\";s:3:\"php\";s:5:\"5.2.4\";s:9:\"bootstrap\";i:0;}'),('modules/file/file.module','file','module','',1,0,0,0,'a:11:{s:4:\"name\";s:4:\"File\";s:11:\"description\";s:26:\"Defines a file field type.\";s:7:\"package\";s:4:\"Core\";s:7:\"version\";s:4:\"7.28\";s:4:\"core\";s:3:\"7.x\";s:12:\"dependencies\";a:1:{i:0;s:5:\"field\";}s:5:\"files\";a:1:{i:0;s:15:\"tests/file.test\";}s:7:\"project\";s:6:\"drupal\";s:9:\"datestamp\";s:10:\"1399522731\";s:3:\"php\";s:5:\"5.2.4\";s:9:\"bootstrap\";i:0;}'),('modules/file/tests/file_module_test.module','file_module_test','module','',0,0,-1,0,'a:12:{s:4:\"name\";s:9:\"File test\";s:11:\"description\";s:53:\"Provides hooks for testing File module functionality.\";s:7:\"package\";s:4:\"Core\";s:7:\"version\";s:4:\"7.28\";s:4:\"core\";s:3:\"7.x\";s:6:\"hidden\";b:1;s:7:\"project\";s:6:\"drupal\";s:9:\"datestamp\";s:10:\"1399522731\";s:12:\"dependencies\";a:0:{}s:3:\"php\";s:5:\"5.2.4\";s:5:\"files\";a:0:{}s:9:\"bootstrap\";i:0;}'),('modules/filter/filter.module','filter','module','',1,0,7010,0,'a:13:{s:4:\"name\";s:6:\"Filter\";s:11:\"description\";s:43:\"Filters content in preparation for display.\";s:7:\"package\";s:4:\"Core\";s:7:\"version\";s:4:\"7.28\";s:4:\"core\";s:3:\"7.x\";s:5:\"files\";a:1:{i:0;s:11:\"filter.test\";}s:8:\"required\";b:1;s:9:\"configure\";s:28:\"admin/config/content/formats\";s:7:\"project\";s:6:\"drupal\";s:9:\"datestamp\";s:10:\"1399522731\";s:12:\"dependencies\";a:0:{}s:3:\"php\";s:5:\"5.2.4\";s:9:\"bootstrap\";i:0;}'),('modules/forum/forum.module','forum','module','',0,0,-1,0,'a:13:{s:4:\"name\";s:5:\"Forum\";s:11:\"description\";s:27:\"Provides discussion forums.\";s:12:\"dependencies\";a:2:{i:0;s:8:\"taxonomy\";i:1;s:7:\"comment\";}s:7:\"package\";s:4:\"Core\";s:7:\"version\";s:4:\"7.28\";s:4:\"core\";s:3:\"7.x\";s:5:\"files\";a:1:{i:0;s:10:\"forum.test\";}s:9:\"configure\";s:21:\"admin/structure/forum\";s:11:\"stylesheets\";a:1:{s:3:\"all\";a:1:{s:9:\"forum.css\";s:23:\"modules/forum/forum.css\";}}s:7:\"project\";s:6:\"drupal\";s:9:\"datestamp\";s:10:\"1399522731\";s:3:\"php\";s:5:\"5.2.4\";s:9:\"bootstrap\";i:0;}'),('modules/help/help.module','help','module','',1,0,0,0,'a:11:{s:4:\"name\";s:4:\"Help\";s:11:\"description\";s:35:\"Manages the display of online help.\";s:7:\"package\";s:4:\"Core\";s:7:\"version\";s:4:\"7.28\";s:4:\"core\";s:3:\"7.x\";s:5:\"files\";a:1:{i:0;s:9:\"help.test\";}s:7:\"project\";s:6:\"drupal\";s:9:\"datestamp\";s:10:\"1399522731\";s:12:\"dependencies\";a:0:{}s:3:\"php\";s:5:\"5.2.4\";s:9:\"bootstrap\";i:0;}'),('modules/image/image.module','image','module','',1,0,7005,0,'a:14:{s:4:\"name\";s:5:\"Image\";s:11:\"description\";s:34:\"Provides image manipulation tools.\";s:7:\"package\";s:4:\"Core\";s:7:\"version\";s:4:\"7.28\";s:4:\"core\";s:3:\"7.x\";s:12:\"dependencies\";a:1:{i:0;s:4:\"file\";}s:5:\"files\";a:1:{i:0;s:10:\"image.test\";}s:9:\"configure\";s:31:\"admin/config/media/image-styles\";s:7:\"project\";s:6:\"drupal\";s:9:\"datestamp\";s:10:\"1399522731\";s:3:\"php\";s:5:\"5.2.4\";s:9:\"bootstrap\";i:0;s:8:\"required\";b:1;s:11:\"explanation\";s:73:\"Field type(s) in use - see <a href=\"/admin/reports/fields\">Field list</a>\";}'),('modules/image/tests/image_module_test.module','image_module_test','module','',0,0,-1,0,'a:12:{s:4:\"name\";s:10:\"Image test\";s:11:\"description\";s:69:\"Provides hook implementations for testing Image module functionality.\";s:7:\"package\";s:4:\"Core\";s:7:\"version\";s:4:\"7.28\";s:4:\"core\";s:3:\"7.x\";s:5:\"files\";a:1:{i:0;s:24:\"image_module_test.module\";}s:6:\"hidden\";b:1;s:7:\"project\";s:6:\"drupal\";s:9:\"datestamp\";s:10:\"1399522731\";s:12:\"dependencies\";a:0:{}s:3:\"php\";s:5:\"5.2.4\";s:9:\"bootstrap\";i:0;}'),('modules/locale/locale.module','locale','module','',0,0,-1,0,'a:12:{s:4:\"name\";s:6:\"Locale\";s:11:\"description\";s:119:\"Adds language handling functionality and enables the translation of the user interface to languages other than English.\";s:7:\"package\";s:4:\"Core\";s:7:\"version\";s:4:\"7.28\";s:4:\"core\";s:3:\"7.x\";s:5:\"files\";a:1:{i:0;s:11:\"locale.test\";}s:9:\"configure\";s:30:\"admin/config/regional/language\";s:7:\"project\";s:6:\"drupal\";s:9:\"datestamp\";s:10:\"1399522731\";s:12:\"dependencies\";a:0:{}s:3:\"php\";s:5:\"5.2.4\";s:9:\"bootstrap\";i:0;}'),('modules/locale/tests/locale_test.module','locale_test','module','',0,0,-1,0,'a:12:{s:4:\"name\";s:11:\"Locale Test\";s:11:\"description\";s:42:\"Support module for the locale layer tests.\";s:4:\"core\";s:3:\"7.x\";s:7:\"package\";s:7:\"Testing\";s:7:\"version\";s:4:\"7.28\";s:6:\"hidden\";b:1;s:7:\"project\";s:6:\"drupal\";s:9:\"datestamp\";s:10:\"1399522731\";s:12:\"dependencies\";a:0:{}s:3:\"php\";s:5:\"5.2.4\";s:5:\"files\";a:0:{}s:9:\"bootstrap\";i:0;}'),('modules/menu/menu.module','menu','module','',1,0,7003,0,'a:12:{s:4:\"name\";s:4:\"Menu\";s:11:\"description\";s:60:\"Allows administrators to customize the site navigation menu.\";s:7:\"package\";s:4:\"Core\";s:7:\"version\";s:4:\"7.28\";s:4:\"core\";s:3:\"7.x\";s:5:\"files\";a:1:{i:0;s:9:\"menu.test\";}s:9:\"configure\";s:20:\"admin/structure/menu\";s:7:\"project\";s:6:\"drupal\";s:9:\"datestamp\";s:10:\"1399522731\";s:12:\"dependencies\";a:0:{}s:3:\"php\";s:5:\"5.2.4\";s:9:\"bootstrap\";i:0;}'),('modules/node/node.module','node','module','',1,0,7014,0,'a:14:{s:4:\"name\";s:4:\"Node\";s:11:\"description\";s:66:\"Allows content to be submitted to the site and displayed on pages.\";s:7:\"package\";s:4:\"Core\";s:7:\"version\";s:4:\"7.28\";s:4:\"core\";s:3:\"7.x\";s:5:\"files\";a:2:{i:0;s:11:\"node.module\";i:1;s:9:\"node.test\";}s:8:\"required\";b:1;s:9:\"configure\";s:21:\"admin/structure/types\";s:11:\"stylesheets\";a:1:{s:3:\"all\";a:1:{s:8:\"node.css\";s:21:\"modules/node/node.css\";}}s:7:\"project\";s:6:\"drupal\";s:9:\"datestamp\";s:10:\"1399522731\";s:12:\"dependencies\";a:0:{}s:3:\"php\";s:5:\"5.2.4\";s:9:\"bootstrap\";i:0;}'),('modules/node/tests/node_access_test.module','node_access_test','module','',0,0,-1,0,'a:12:{s:4:\"name\";s:24:\"Node module access tests\";s:11:\"description\";s:43:\"Support module for node permission testing.\";s:7:\"package\";s:7:\"Testing\";s:7:\"version\";s:4:\"7.28\";s:4:\"core\";s:3:\"7.x\";s:6:\"hidden\";b:1;s:7:\"project\";s:6:\"drupal\";s:9:\"datestamp\";s:10:\"1399522731\";s:12:\"dependencies\";a:0:{}s:3:\"php\";s:5:\"5.2.4\";s:5:\"files\";a:0:{}s:9:\"bootstrap\";i:0;}'),('modules/node/tests/node_test.module','node_test','module','',0,0,-1,0,'a:12:{s:4:\"name\";s:17:\"Node module tests\";s:11:\"description\";s:40:\"Support module for node related testing.\";s:7:\"package\";s:7:\"Testing\";s:7:\"version\";s:4:\"7.28\";s:4:\"core\";s:3:\"7.x\";s:6:\"hidden\";b:1;s:7:\"project\";s:6:\"drupal\";s:9:\"datestamp\";s:10:\"1399522731\";s:12:\"dependencies\";a:0:{}s:3:\"php\";s:5:\"5.2.4\";s:5:\"files\";a:0:{}s:9:\"bootstrap\";i:0;}'),('modules/node/tests/node_test_exception.module','node_test_exception','module','',0,0,-1,0,'a:12:{s:4:\"name\";s:27:\"Node module exception tests\";s:11:\"description\";s:50:\"Support module for node related exception testing.\";s:7:\"package\";s:7:\"Testing\";s:7:\"version\";s:4:\"7.28\";s:4:\"core\";s:3:\"7.x\";s:6:\"hidden\";b:1;s:7:\"project\";s:6:\"drupal\";s:9:\"datestamp\";s:10:\"1399522731\";s:12:\"dependencies\";a:0:{}s:3:\"php\";s:5:\"5.2.4\";s:5:\"files\";a:0:{}s:9:\"bootstrap\";i:0;}'),('modules/openid/openid.module','openid','module','',0,0,-1,0,'a:11:{s:4:\"name\";s:6:\"OpenID\";s:11:\"description\";s:48:\"Allows users to log into your site using OpenID.\";s:7:\"version\";s:4:\"7.28\";s:7:\"package\";s:4:\"Core\";s:4:\"core\";s:3:\"7.x\";s:5:\"files\";a:1:{i:0;s:11:\"openid.test\";}s:7:\"project\";s:6:\"drupal\";s:9:\"datestamp\";s:10:\"1399522731\";s:12:\"dependencies\";a:0:{}s:3:\"php\";s:5:\"5.2.4\";s:9:\"bootstrap\";i:0;}'),('modules/openid/tests/openid_test.module','openid_test','module','',0,0,-1,0,'a:12:{s:4:\"name\";s:21:\"OpenID dummy provider\";s:11:\"description\";s:33:\"OpenID provider used for testing.\";s:7:\"package\";s:7:\"Testing\";s:7:\"version\";s:4:\"7.28\";s:4:\"core\";s:3:\"7.x\";s:12:\"dependencies\";a:1:{i:0;s:6:\"openid\";}s:6:\"hidden\";b:1;s:7:\"project\";s:6:\"drupal\";s:9:\"datestamp\";s:10:\"1399522731\";s:3:\"php\";s:5:\"5.2.4\";s:5:\"files\";a:0:{}s:9:\"bootstrap\";i:0;}'),('modules/overlay/overlay.module','overlay','module','',0,0,0,0,'a:11:{s:4:\"name\";s:7:\"Overlay\";s:11:\"description\";s:59:\"Displays the Drupal administration interface in an overlay.\";s:7:\"package\";s:4:\"Core\";s:7:\"version\";s:4:\"7.28\";s:4:\"core\";s:3:\"7.x\";s:7:\"project\";s:6:\"drupal\";s:9:\"datestamp\";s:10:\"1399522731\";s:12:\"dependencies\";a:0:{}s:3:\"php\";s:5:\"5.2.4\";s:5:\"files\";a:0:{}s:9:\"bootstrap\";i:0;}'),('modules/path/path.module','path','module','',1,0,0,0,'a:12:{s:4:\"name\";s:4:\"Path\";s:11:\"description\";s:28:\"Allows users to rename URLs.\";s:7:\"package\";s:4:\"Core\";s:7:\"version\";s:4:\"7.28\";s:4:\"core\";s:3:\"7.x\";s:5:\"files\";a:1:{i:0;s:9:\"path.test\";}s:9:\"configure\";s:24:\"admin/config/search/path\";s:7:\"project\";s:6:\"drupal\";s:9:\"datestamp\";s:10:\"1399522731\";s:12:\"dependencies\";a:0:{}s:3:\"php\";s:5:\"5.2.4\";s:9:\"bootstrap\";i:0;}'),('modules/php/php.module','php','module','',0,0,-1,0,'a:11:{s:4:\"name\";s:10:\"PHP filter\";s:11:\"description\";s:50:\"Allows embedded PHP code/snippets to be evaluated.\";s:7:\"package\";s:4:\"Core\";s:7:\"version\";s:4:\"7.28\";s:4:\"core\";s:3:\"7.x\";s:5:\"files\";a:1:{i:0;s:8:\"php.test\";}s:7:\"project\";s:6:\"drupal\";s:9:\"datestamp\";s:10:\"1399522731\";s:12:\"dependencies\";a:0:{}s:3:\"php\";s:5:\"5.2.4\";s:9:\"bootstrap\";i:0;}'),('modules/poll/poll.module','poll','module','',0,0,-1,0,'a:12:{s:4:\"name\";s:4:\"Poll\";s:11:\"description\";s:95:\"Allows your site to capture votes on different topics in the form of multiple choice questions.\";s:7:\"package\";s:4:\"Core\";s:7:\"version\";s:4:\"7.28\";s:4:\"core\";s:3:\"7.x\";s:5:\"files\";a:1:{i:0;s:9:\"poll.test\";}s:11:\"stylesheets\";a:1:{s:3:\"all\";a:1:{s:8:\"poll.css\";s:21:\"modules/poll/poll.css\";}}s:7:\"project\";s:6:\"drupal\";s:9:\"datestamp\";s:10:\"1399522731\";s:12:\"dependencies\";a:0:{}s:3:\"php\";s:5:\"5.2.4\";s:9:\"bootstrap\";i:0;}'),('modules/profile/profile.module','profile','module','',0,0,-1,0,'a:13:{s:4:\"name\";s:7:\"Profile\";s:11:\"description\";s:36:\"Supports configurable user profiles.\";s:7:\"package\";s:4:\"Core\";s:7:\"version\";s:4:\"7.28\";s:4:\"core\";s:3:\"7.x\";s:5:\"files\";a:1:{i:0;s:12:\"profile.test\";}s:9:\"configure\";s:27:\"admin/config/people/profile\";s:6:\"hidden\";b:1;s:7:\"project\";s:6:\"drupal\";s:9:\"datestamp\";s:10:\"1399522731\";s:12:\"dependencies\";a:0:{}s:3:\"php\";s:5:\"5.2.4\";s:9:\"bootstrap\";i:0;}'),('modules/rdf/rdf.module','rdf','module','',1,0,0,0,'a:11:{s:4:\"name\";s:3:\"RDF\";s:11:\"description\";s:148:\"Enriches your content with metadata to let other applications (e.g. search engines, aggregators) better understand its relationships and attributes.\";s:7:\"package\";s:4:\"Core\";s:7:\"version\";s:4:\"7.28\";s:4:\"core\";s:3:\"7.x\";s:5:\"files\";a:1:{i:0;s:8:\"rdf.test\";}s:7:\"project\";s:6:\"drupal\";s:9:\"datestamp\";s:10:\"1399522731\";s:12:\"dependencies\";a:0:{}s:3:\"php\";s:5:\"5.2.4\";s:9:\"bootstrap\";i:0;}'),('modules/rdf/tests/rdf_test.module','rdf_test','module','',0,0,-1,0,'a:12:{s:4:\"name\";s:16:\"RDF module tests\";s:11:\"description\";s:38:\"Support module for RDF module testing.\";s:7:\"package\";s:7:\"Testing\";s:7:\"version\";s:4:\"7.28\";s:4:\"core\";s:3:\"7.x\";s:6:\"hidden\";b:1;s:7:\"project\";s:6:\"drupal\";s:9:\"datestamp\";s:10:\"1399522731\";s:12:\"dependencies\";a:0:{}s:3:\"php\";s:5:\"5.2.4\";s:5:\"files\";a:0:{}s:9:\"bootstrap\";i:0;}'),('modules/search/search.module','search','module','',1,0,7000,0,'a:13:{s:4:\"name\";s:6:\"Search\";s:11:\"description\";s:36:\"Enables site-wide keyword searching.\";s:7:\"package\";s:4:\"Core\";s:7:\"version\";s:4:\"7.28\";s:4:\"core\";s:3:\"7.x\";s:5:\"files\";a:2:{i:0;s:19:\"search.extender.inc\";i:1;s:11:\"search.test\";}s:9:\"configure\";s:28:\"admin/config/search/settings\";s:11:\"stylesheets\";a:1:{s:3:\"all\";a:1:{s:10:\"search.css\";s:25:\"modules/search/search.css\";}}s:7:\"project\";s:6:\"drupal\";s:9:\"datestamp\";s:10:\"1399522731\";s:12:\"dependencies\";a:0:{}s:3:\"php\";s:5:\"5.2.4\";s:9:\"bootstrap\";i:0;}'),('modules/search/tests/search_embedded_form.module','search_embedded_form','module','',0,0,-1,0,'a:12:{s:4:\"name\";s:20:\"Search embedded form\";s:11:\"description\";s:59:\"Support module for search module testing of embedded forms.\";s:7:\"package\";s:7:\"Testing\";s:7:\"version\";s:4:\"7.28\";s:4:\"core\";s:3:\"7.x\";s:6:\"hidden\";b:1;s:7:\"project\";s:6:\"drupal\";s:9:\"datestamp\";s:10:\"1399522731\";s:12:\"dependencies\";a:0:{}s:3:\"php\";s:5:\"5.2.4\";s:5:\"files\";a:0:{}s:9:\"bootstrap\";i:0;}'),('modules/search/tests/search_extra_type.module','search_extra_type','module','',0,0,-1,0,'a:12:{s:4:\"name\";s:16:\"Test search type\";s:11:\"description\";s:41:\"Support module for search module testing.\";s:7:\"package\";s:7:\"Testing\";s:7:\"version\";s:4:\"7.28\";s:4:\"core\";s:3:\"7.x\";s:6:\"hidden\";b:1;s:7:\"project\";s:6:\"drupal\";s:9:\"datestamp\";s:10:\"1399522731\";s:12:\"dependencies\";a:0:{}s:3:\"php\";s:5:\"5.2.4\";s:5:\"files\";a:0:{}s:9:\"bootstrap\";i:0;}'),('modules/shortcut/shortcut.module','shortcut','module','',1,0,0,0,'a:12:{s:4:\"name\";s:8:\"Shortcut\";s:11:\"description\";s:60:\"Allows users to manage customizable lists of shortcut links.\";s:7:\"package\";s:4:\"Core\";s:7:\"version\";s:4:\"7.28\";s:4:\"core\";s:3:\"7.x\";s:5:\"files\";a:1:{i:0;s:13:\"shortcut.test\";}s:9:\"configure\";s:36:\"admin/config/user-interface/shortcut\";s:7:\"project\";s:6:\"drupal\";s:9:\"datestamp\";s:10:\"1399522731\";s:12:\"dependencies\";a:0:{}s:3:\"php\";s:5:\"5.2.4\";s:9:\"bootstrap\";i:0;}'),('modules/simpletest/simpletest.module','simpletest','module','',0,0,-1,0,'a:12:{s:4:\"name\";s:7:\"Testing\";s:11:\"description\";s:53:\"Provides a framework for unit and functional testing.\";s:7:\"package\";s:4:\"Core\";s:7:\"version\";s:4:\"7.28\";s:4:\"core\";s:3:\"7.x\";s:5:\"files\";a:49:{i:0;s:15:\"simpletest.test\";i:1;s:24:\"drupal_web_test_case.php\";i:2;s:18:\"tests/actions.test\";i:3;s:15:\"tests/ajax.test\";i:4;s:16:\"tests/batch.test\";i:5;s:20:\"tests/bootstrap.test\";i:6;s:16:\"tests/cache.test\";i:7;s:17:\"tests/common.test\";i:8;s:24:\"tests/database_test.test\";i:9;s:22:\"tests/entity_crud.test\";i:10;s:32:\"tests/entity_crud_hook_test.test\";i:11;s:23:\"tests/entity_query.test\";i:12;s:16:\"tests/error.test\";i:13;s:15:\"tests/file.test\";i:14;s:23:\"tests/filetransfer.test\";i:15;s:15:\"tests/form.test\";i:16;s:16:\"tests/graph.test\";i:17;s:16:\"tests/image.test\";i:18;s:15:\"tests/lock.test\";i:19;s:15:\"tests/mail.test\";i:20;s:15:\"tests/menu.test\";i:21;s:17:\"tests/module.test\";i:22;s:16:\"tests/pager.test\";i:23;s:19:\"tests/password.test\";i:24;s:15:\"tests/path.test\";i:25;s:19:\"tests/registry.test\";i:26;s:17:\"tests/schema.test\";i:27;s:18:\"tests/session.test\";i:28;s:20:\"tests/tablesort.test\";i:29;s:16:\"tests/theme.test\";i:30;s:18:\"tests/unicode.test\";i:31;s:17:\"tests/update.test\";i:32;s:17:\"tests/xmlrpc.test\";i:33;s:26:\"tests/upgrade/upgrade.test\";i:34;s:34:\"tests/upgrade/upgrade.comment.test\";i:35;s:33:\"tests/upgrade/upgrade.filter.test\";i:36;s:32:\"tests/upgrade/upgrade.forum.test\";i:37;s:33:\"tests/upgrade/upgrade.locale.test\";i:38;s:31:\"tests/upgrade/upgrade.menu.test\";i:39;s:31:\"tests/upgrade/upgrade.node.test\";i:40;s:35:\"tests/upgrade/upgrade.taxonomy.test\";i:41;s:34:\"tests/upgrade/upgrade.trigger.test\";i:42;s:39:\"tests/upgrade/upgrade.translatable.test\";i:43;s:33:\"tests/upgrade/upgrade.upload.test\";i:44;s:31:\"tests/upgrade/upgrade.user.test\";i:45;s:36:\"tests/upgrade/update.aggregator.test\";i:46;s:33:\"tests/upgrade/update.trigger.test\";i:47;s:31:\"tests/upgrade/update.field.test\";i:48;s:30:\"tests/upgrade/update.user.test\";}s:9:\"configure\";s:41:\"admin/config/development/testing/settings\";s:7:\"project\";s:6:\"drupal\";s:9:\"datestamp\";s:10:\"1399522731\";s:12:\"dependencies\";a:0:{}s:3:\"php\";s:5:\"5.2.4\";s:9:\"bootstrap\";i:0;}'),('modules/simpletest/tests/actions_loop_test.module','actions_loop_test','module','',0,0,-1,0,'a:12:{s:4:\"name\";s:17:\"Actions loop test\";s:11:\"description\";s:39:\"Support module for action loop testing.\";s:7:\"package\";s:7:\"Testing\";s:7:\"version\";s:4:\"7.28\";s:4:\"core\";s:3:\"7.x\";s:6:\"hidden\";b:1;s:7:\"project\";s:6:\"drupal\";s:9:\"datestamp\";s:10:\"1399522731\";s:12:\"dependencies\";a:0:{}s:3:\"php\";s:5:\"5.2.4\";s:5:\"files\";a:0:{}s:9:\"bootstrap\";i:0;}'),('modules/simpletest/tests/ajax_forms_test.module','ajax_forms_test','module','',0,0,-1,0,'a:12:{s:4:\"name\";s:26:\"AJAX form test mock module\";s:11:\"description\";s:25:\"Test for AJAX form calls.\";s:4:\"core\";s:3:\"7.x\";s:7:\"package\";s:7:\"Testing\";s:7:\"version\";s:4:\"7.28\";s:6:\"hidden\";b:1;s:7:\"project\";s:6:\"drupal\";s:9:\"datestamp\";s:10:\"1399522731\";s:12:\"dependencies\";a:0:{}s:3:\"php\";s:5:\"5.2.4\";s:5:\"files\";a:0:{}s:9:\"bootstrap\";i:0;}'),('modules/simpletest/tests/ajax_test.module','ajax_test','module','',0,0,-1,0,'a:12:{s:4:\"name\";s:9:\"AJAX Test\";s:11:\"description\";s:40:\"Support module for AJAX framework tests.\";s:7:\"package\";s:7:\"Testing\";s:7:\"version\";s:4:\"7.28\";s:4:\"core\";s:3:\"7.x\";s:6:\"hidden\";b:1;s:7:\"project\";s:6:\"drupal\";s:9:\"datestamp\";s:10:\"1399522731\";s:12:\"dependencies\";a:0:{}s:3:\"php\";s:5:\"5.2.4\";s:5:\"files\";a:0:{}s:9:\"bootstrap\";i:0;}'),('modules/simpletest/tests/batch_test.module','batch_test','module','',0,0,-1,0,'a:12:{s:4:\"name\";s:14:\"Batch API test\";s:11:\"description\";s:35:\"Support module for Batch API tests.\";s:7:\"package\";s:7:\"Testing\";s:7:\"version\";s:4:\"7.28\";s:4:\"core\";s:3:\"7.x\";s:6:\"hidden\";b:1;s:7:\"project\";s:6:\"drupal\";s:9:\"datestamp\";s:10:\"1399522731\";s:12:\"dependencies\";a:0:{}s:3:\"php\";s:5:\"5.2.4\";s:5:\"files\";a:0:{}s:9:\"bootstrap\";i:0;}'),('modules/simpletest/tests/common_test.module','common_test','module','',0,0,-1,0,'a:13:{s:4:\"name\";s:11:\"Common Test\";s:11:\"description\";s:32:\"Support module for Common tests.\";s:7:\"package\";s:7:\"Testing\";s:7:\"version\";s:4:\"7.28\";s:4:\"core\";s:3:\"7.x\";s:11:\"stylesheets\";a:2:{s:3:\"all\";a:1:{s:15:\"common_test.css\";s:40:\"modules/simpletest/tests/common_test.css\";}s:5:\"print\";a:1:{s:21:\"common_test.print.css\";s:46:\"modules/simpletest/tests/common_test.print.css\";}}s:6:\"hidden\";b:1;s:7:\"project\";s:6:\"drupal\";s:9:\"datestamp\";s:10:\"1399522731\";s:12:\"dependencies\";a:0:{}s:3:\"php\";s:5:\"5.2.4\";s:5:\"files\";a:0:{}s:9:\"bootstrap\";i:0;}'),('modules/simpletest/tests/common_test_cron_helper.module','common_test_cron_helper','module','',0,0,-1,0,'a:12:{s:4:\"name\";s:23:\"Common Test Cron Helper\";s:11:\"description\";s:56:\"Helper module for CronRunTestCase::testCronExceptions().\";s:7:\"package\";s:7:\"Testing\";s:7:\"version\";s:4:\"7.28\";s:4:\"core\";s:3:\"7.x\";s:6:\"hidden\";b:1;s:7:\"project\";s:6:\"drupal\";s:9:\"datestamp\";s:10:\"1399522731\";s:12:\"dependencies\";a:0:{}s:3:\"php\";s:5:\"5.2.4\";s:5:\"files\";a:0:{}s:9:\"bootstrap\";i:0;}'),('modules/simpletest/tests/database_test.module','database_test','module','',0,0,-1,0,'a:12:{s:4:\"name\";s:13:\"Database Test\";s:11:\"description\";s:40:\"Support module for Database layer tests.\";s:4:\"core\";s:3:\"7.x\";s:7:\"package\";s:7:\"Testing\";s:7:\"version\";s:4:\"7.28\";s:6:\"hidden\";b:1;s:7:\"project\";s:6:\"drupal\";s:9:\"datestamp\";s:10:\"1399522731\";s:12:\"dependencies\";a:0:{}s:3:\"php\";s:5:\"5.2.4\";s:5:\"files\";a:0:{}s:9:\"bootstrap\";i:0;}'),('modules/simpletest/tests/drupal_system_listing_compatible_test/drupal_system_listing_compatible_test.module','drupal_system_listing_compatible_test','module','',0,0,-1,0,'a:12:{s:4:\"name\";s:37:\"Drupal system listing compatible test\";s:11:\"description\";s:62:\"Support module for testing the drupal_system_listing function.\";s:7:\"package\";s:7:\"Testing\";s:7:\"version\";s:4:\"7.28\";s:4:\"core\";s:3:\"7.x\";s:6:\"hidden\";b:1;s:7:\"project\";s:6:\"drupal\";s:9:\"datestamp\";s:10:\"1399522731\";s:12:\"dependencies\";a:0:{}s:3:\"php\";s:5:\"5.2.4\";s:5:\"files\";a:0:{}s:9:\"bootstrap\";i:0;}'),('modules/simpletest/tests/drupal_system_listing_incompatible_test/drupal_system_listing_incompatible_test.module','drupal_system_listing_incompatible_test','module','',0,0,-1,0,'a:12:{s:4:\"name\";s:39:\"Drupal system listing incompatible test\";s:11:\"description\";s:62:\"Support module for testing the drupal_system_listing function.\";s:7:\"package\";s:7:\"Testing\";s:7:\"version\";s:4:\"7.28\";s:4:\"core\";s:3:\"7.x\";s:6:\"hidden\";b:1;s:7:\"project\";s:6:\"drupal\";s:9:\"datestamp\";s:10:\"1399522731\";s:12:\"dependencies\";a:0:{}s:3:\"php\";s:5:\"5.2.4\";s:5:\"files\";a:0:{}s:9:\"bootstrap\";i:0;}'),('modules/simpletest/tests/entity_cache_test.module','entity_cache_test','module','',0,0,-1,0,'a:12:{s:4:\"name\";s:17:\"Entity cache test\";s:11:\"description\";s:40:\"Support module for testing entity cache.\";s:7:\"package\";s:7:\"Testing\";s:7:\"version\";s:4:\"7.28\";s:4:\"core\";s:3:\"7.x\";s:12:\"dependencies\";a:1:{i:0;s:28:\"entity_cache_test_dependency\";}s:6:\"hidden\";b:1;s:7:\"project\";s:6:\"drupal\";s:9:\"datestamp\";s:10:\"1399522731\";s:3:\"php\";s:5:\"5.2.4\";s:5:\"files\";a:0:{}s:9:\"bootstrap\";i:0;}'),('modules/simpletest/tests/entity_cache_test_dependency.module','entity_cache_test_dependency','module','',0,0,-1,0,'a:12:{s:4:\"name\";s:28:\"Entity cache test dependency\";s:11:\"description\";s:51:\"Support dependency module for testing entity cache.\";s:7:\"package\";s:7:\"Testing\";s:7:\"version\";s:4:\"7.28\";s:4:\"core\";s:3:\"7.x\";s:6:\"hidden\";b:1;s:7:\"project\";s:6:\"drupal\";s:9:\"datestamp\";s:10:\"1399522731\";s:12:\"dependencies\";a:0:{}s:3:\"php\";s:5:\"5.2.4\";s:5:\"files\";a:0:{}s:9:\"bootstrap\";i:0;}'),('modules/simpletest/tests/entity_crud_hook_test.module','entity_crud_hook_test','module','',0,0,-1,0,'a:12:{s:4:\"name\";s:22:\"Entity CRUD Hooks Test\";s:11:\"description\";s:35:\"Support module for CRUD hook tests.\";s:4:\"core\";s:3:\"7.x\";s:7:\"package\";s:7:\"Testing\";s:7:\"version\";s:4:\"7.28\";s:6:\"hidden\";b:1;s:7:\"project\";s:6:\"drupal\";s:9:\"datestamp\";s:10:\"1399522731\";s:12:\"dependencies\";a:0:{}s:3:\"php\";s:5:\"5.2.4\";s:5:\"files\";a:0:{}s:9:\"bootstrap\";i:0;}'),('modules/simpletest/tests/entity_query_access_test.module','entity_query_access_test','module','',0,0,-1,0,'a:12:{s:4:\"name\";s:24:\"Entity query access test\";s:11:\"description\";s:49:\"Support module for checking entity query results.\";s:7:\"package\";s:7:\"Testing\";s:7:\"version\";s:4:\"7.28\";s:4:\"core\";s:3:\"7.x\";s:6:\"hidden\";b:1;s:7:\"project\";s:6:\"drupal\";s:9:\"datestamp\";s:10:\"1399522731\";s:12:\"dependencies\";a:0:{}s:3:\"php\";s:5:\"5.2.4\";s:5:\"files\";a:0:{}s:9:\"bootstrap\";i:0;}'),('modules/simpletest/tests/error_test.module','error_test','module','',0,0,-1,0,'a:12:{s:4:\"name\";s:10:\"Error test\";s:11:\"description\";s:47:\"Support module for error and exception testing.\";s:7:\"package\";s:7:\"Testing\";s:7:\"version\";s:4:\"7.28\";s:4:\"core\";s:3:\"7.x\";s:6:\"hidden\";b:1;s:7:\"project\";s:6:\"drupal\";s:9:\"datestamp\";s:10:\"1399522731\";s:12:\"dependencies\";a:0:{}s:3:\"php\";s:5:\"5.2.4\";s:5:\"files\";a:0:{}s:9:\"bootstrap\";i:0;}'),('modules/simpletest/tests/file_test.module','file_test','module','',0,0,-1,0,'a:12:{s:4:\"name\";s:9:\"File test\";s:11:\"description\";s:39:\"Support module for file handling tests.\";s:7:\"package\";s:7:\"Testing\";s:7:\"version\";s:4:\"7.28\";s:4:\"core\";s:3:\"7.x\";s:5:\"files\";a:1:{i:0;s:16:\"file_test.module\";}s:6:\"hidden\";b:1;s:7:\"project\";s:6:\"drupal\";s:9:\"datestamp\";s:10:\"1399522731\";s:12:\"dependencies\";a:0:{}s:3:\"php\";s:5:\"5.2.4\";s:9:\"bootstrap\";i:0;}'),('modules/simpletest/tests/filter_test.module','filter_test','module','',0,0,-1,0,'a:12:{s:4:\"name\";s:18:\"Filter test module\";s:11:\"description\";s:33:\"Tests filter hooks and functions.\";s:7:\"package\";s:7:\"Testing\";s:7:\"version\";s:4:\"7.28\";s:4:\"core\";s:3:\"7.x\";s:6:\"hidden\";b:1;s:7:\"project\";s:6:\"drupal\";s:9:\"datestamp\";s:10:\"1399522731\";s:12:\"dependencies\";a:0:{}s:3:\"php\";s:5:\"5.2.4\";s:5:\"files\";a:0:{}s:9:\"bootstrap\";i:0;}'),('modules/simpletest/tests/form_test.module','form_test','module','',0,0,-1,0,'a:12:{s:4:\"name\";s:12:\"FormAPI Test\";s:11:\"description\";s:34:\"Support module for Form API tests.\";s:7:\"package\";s:7:\"Testing\";s:7:\"version\";s:4:\"7.28\";s:4:\"core\";s:3:\"7.x\";s:6:\"hidden\";b:1;s:7:\"project\";s:6:\"drupal\";s:9:\"datestamp\";s:10:\"1399522731\";s:12:\"dependencies\";a:0:{}s:3:\"php\";s:5:\"5.2.4\";s:5:\"files\";a:0:{}s:9:\"bootstrap\";i:0;}'),('modules/simpletest/tests/image_test.module','image_test','module','',0,0,-1,0,'a:12:{s:4:\"name\";s:10:\"Image test\";s:11:\"description\";s:39:\"Support module for image toolkit tests.\";s:7:\"package\";s:7:\"Testing\";s:7:\"version\";s:4:\"7.28\";s:4:\"core\";s:3:\"7.x\";s:6:\"hidden\";b:1;s:7:\"project\";s:6:\"drupal\";s:9:\"datestamp\";s:10:\"1399522731\";s:12:\"dependencies\";a:0:{}s:3:\"php\";s:5:\"5.2.4\";s:5:\"files\";a:0:{}s:9:\"bootstrap\";i:0;}'),('modules/simpletest/tests/menu_test.module','menu_test','module','',0,0,-1,0,'a:12:{s:4:\"name\";s:15:\"Hook menu tests\";s:11:\"description\";s:37:\"Support module for menu hook testing.\";s:7:\"package\";s:7:\"Testing\";s:7:\"version\";s:4:\"7.28\";s:4:\"core\";s:3:\"7.x\";s:6:\"hidden\";b:1;s:7:\"project\";s:6:\"drupal\";s:9:\"datestamp\";s:10:\"1399522731\";s:12:\"dependencies\";a:0:{}s:3:\"php\";s:5:\"5.2.4\";s:5:\"files\";a:0:{}s:9:\"bootstrap\";i:0;}'),('modules/simpletest/tests/module_test.module','module_test','module','',0,0,-1,0,'a:12:{s:4:\"name\";s:11:\"Module test\";s:11:\"description\";s:41:\"Support module for module system testing.\";s:7:\"package\";s:7:\"Testing\";s:7:\"version\";s:4:\"7.28\";s:4:\"core\";s:3:\"7.x\";s:6:\"hidden\";b:1;s:7:\"project\";s:6:\"drupal\";s:9:\"datestamp\";s:10:\"1399522731\";s:12:\"dependencies\";a:0:{}s:3:\"php\";s:5:\"5.2.4\";s:5:\"files\";a:0:{}s:9:\"bootstrap\";i:0;}'),('modules/simpletest/tests/path_test.module','path_test','module','',0,0,-1,0,'a:12:{s:4:\"name\";s:15:\"Hook path tests\";s:11:\"description\";s:37:\"Support module for path hook testing.\";s:7:\"package\";s:7:\"Testing\";s:7:\"version\";s:4:\"7.28\";s:4:\"core\";s:3:\"7.x\";s:6:\"hidden\";b:1;s:7:\"project\";s:6:\"drupal\";s:9:\"datestamp\";s:10:\"1399522731\";s:12:\"dependencies\";a:0:{}s:3:\"php\";s:5:\"5.2.4\";s:5:\"files\";a:0:{}s:9:\"bootstrap\";i:0;}'),('modules/simpletest/tests/psr_0_test/psr_0_test.module','psr_0_test','module','',0,0,-1,0,'a:12:{s:4:\"name\";s:16:\"PSR-0 Test cases\";s:11:\"description\";s:44:\"Test classes to be discovered by simpletest.\";s:4:\"core\";s:3:\"7.x\";s:6:\"hidden\";b:1;s:7:\"package\";s:7:\"Testing\";s:7:\"version\";s:4:\"7.28\";s:7:\"project\";s:6:\"drupal\";s:9:\"datestamp\";s:10:\"1399522731\";s:12:\"dependencies\";a:0:{}s:3:\"php\";s:5:\"5.2.4\";s:5:\"files\";a:0:{}s:9:\"bootstrap\";i:0;}'),('modules/simpletest/tests/requirements1_test.module','requirements1_test','module','',0,0,-1,0,'a:12:{s:4:\"name\";s:19:\"Requirements 1 Test\";s:11:\"description\";s:80:\"Tests that a module is not installed when it fails hook_requirements(\'install\').\";s:7:\"package\";s:7:\"Testing\";s:7:\"version\";s:4:\"7.28\";s:4:\"core\";s:3:\"7.x\";s:6:\"hidden\";b:1;s:7:\"project\";s:6:\"drupal\";s:9:\"datestamp\";s:10:\"1399522731\";s:12:\"dependencies\";a:0:{}s:3:\"php\";s:5:\"5.2.4\";s:5:\"files\";a:0:{}s:9:\"bootstrap\";i:0;}'),('modules/simpletest/tests/requirements2_test.module','requirements2_test','module','',0,0,-1,0,'a:12:{s:4:\"name\";s:19:\"Requirements 2 Test\";s:11:\"description\";s:98:\"Tests that a module is not installed when the one it depends on fails hook_requirements(\'install).\";s:12:\"dependencies\";a:2:{i:0;s:18:\"requirements1_test\";i:1;s:7:\"comment\";}s:7:\"package\";s:7:\"Testing\";s:7:\"version\";s:4:\"7.28\";s:4:\"core\";s:3:\"7.x\";s:6:\"hidden\";b:1;s:7:\"project\";s:6:\"drupal\";s:9:\"datestamp\";s:10:\"1399522731\";s:3:\"php\";s:5:\"5.2.4\";s:5:\"files\";a:0:{}s:9:\"bootstrap\";i:0;}'),('modules/simpletest/tests/session_test.module','session_test','module','',0,0,-1,0,'a:12:{s:4:\"name\";s:12:\"Session test\";s:11:\"description\";s:40:\"Support module for session data testing.\";s:7:\"package\";s:7:\"Testing\";s:7:\"version\";s:4:\"7.28\";s:4:\"core\";s:3:\"7.x\";s:6:\"hidden\";b:1;s:7:\"project\";s:6:\"drupal\";s:9:\"datestamp\";s:10:\"1399522731\";s:12:\"dependencies\";a:0:{}s:3:\"php\";s:5:\"5.2.4\";s:5:\"files\";a:0:{}s:9:\"bootstrap\";i:0;}'),('modules/simpletest/tests/system_dependencies_test.module','system_dependencies_test','module','',0,0,-1,0,'a:12:{s:4:\"name\";s:22:\"System dependency test\";s:11:\"description\";s:47:\"Support module for testing system dependencies.\";s:7:\"package\";s:7:\"Testing\";s:7:\"version\";s:4:\"7.28\";s:4:\"core\";s:3:\"7.x\";s:6:\"hidden\";b:1;s:12:\"dependencies\";a:1:{i:0;s:19:\"_missing_dependency\";}s:7:\"project\";s:6:\"drupal\";s:9:\"datestamp\";s:10:\"1399522731\";s:3:\"php\";s:5:\"5.2.4\";s:5:\"files\";a:0:{}s:9:\"bootstrap\";i:0;}'),('modules/simpletest/tests/system_incompatible_core_version_dependencies_test.module','system_incompatible_core_version_dependencies_test','module','',0,0,-1,0,'a:12:{s:4:\"name\";s:50:\"System incompatible core version dependencies test\";s:11:\"description\";s:47:\"Support module for testing system dependencies.\";s:7:\"package\";s:7:\"Testing\";s:7:\"version\";s:4:\"7.28\";s:4:\"core\";s:3:\"7.x\";s:6:\"hidden\";b:1;s:12:\"dependencies\";a:1:{i:0;s:37:\"system_incompatible_core_version_test\";}s:7:\"project\";s:6:\"drupal\";s:9:\"datestamp\";s:10:\"1399522731\";s:3:\"php\";s:5:\"5.2.4\";s:5:\"files\";a:0:{}s:9:\"bootstrap\";i:0;}'),('modules/simpletest/tests/system_incompatible_core_version_test.module','system_incompatible_core_version_test','module','',0,0,-1,0,'a:12:{s:4:\"name\";s:37:\"System incompatible core version test\";s:11:\"description\";s:47:\"Support module for testing system dependencies.\";s:7:\"package\";s:7:\"Testing\";s:7:\"version\";s:4:\"7.28\";s:4:\"core\";s:3:\"5.x\";s:6:\"hidden\";b:1;s:7:\"project\";s:6:\"drupal\";s:9:\"datestamp\";s:10:\"1399522731\";s:12:\"dependencies\";a:0:{}s:3:\"php\";s:5:\"5.2.4\";s:5:\"files\";a:0:{}s:9:\"bootstrap\";i:0;}'),('modules/simpletest/tests/system_incompatible_module_version_dependencies_test.module','system_incompatible_module_version_dependencies_test','module','',0,0,-1,0,'a:12:{s:4:\"name\";s:52:\"System incompatible module version dependencies test\";s:11:\"description\";s:47:\"Support module for testing system dependencies.\";s:7:\"package\";s:7:\"Testing\";s:7:\"version\";s:4:\"7.28\";s:4:\"core\";s:3:\"7.x\";s:6:\"hidden\";b:1;s:12:\"dependencies\";a:1:{i:0;s:46:\"system_incompatible_module_version_test (>2.0)\";}s:7:\"project\";s:6:\"drupal\";s:9:\"datestamp\";s:10:\"1399522731\";s:3:\"php\";s:5:\"5.2.4\";s:5:\"files\";a:0:{}s:9:\"bootstrap\";i:0;}'),('modules/simpletest/tests/system_incompatible_module_version_test.module','system_incompatible_module_version_test','module','',0,0,-1,0,'a:12:{s:4:\"name\";s:39:\"System incompatible module version test\";s:11:\"description\";s:47:\"Support module for testing system dependencies.\";s:7:\"package\";s:7:\"Testing\";s:7:\"version\";s:4:\"7.28\";s:4:\"core\";s:3:\"7.x\";s:6:\"hidden\";b:1;s:7:\"project\";s:6:\"drupal\";s:9:\"datestamp\";s:10:\"1399522731\";s:12:\"dependencies\";a:0:{}s:3:\"php\";s:5:\"5.2.4\";s:5:\"files\";a:0:{}s:9:\"bootstrap\";i:0;}'),('modules/simpletest/tests/system_test.module','system_test','module','',0,0,-1,0,'a:12:{s:4:\"name\";s:11:\"System test\";s:11:\"description\";s:34:\"Support module for system testing.\";s:7:\"package\";s:7:\"Testing\";s:7:\"version\";s:4:\"7.28\";s:4:\"core\";s:3:\"7.x\";s:5:\"files\";a:1:{i:0;s:18:\"system_test.module\";}s:6:\"hidden\";b:1;s:7:\"project\";s:6:\"drupal\";s:9:\"datestamp\";s:10:\"1399522731\";s:12:\"dependencies\";a:0:{}s:3:\"php\";s:5:\"5.2.4\";s:9:\"bootstrap\";i:0;}'),('modules/simpletest/tests/taxonomy_test.module','taxonomy_test','module','',0,0,-1,0,'a:12:{s:4:\"name\";s:20:\"Taxonomy test module\";s:11:\"description\";s:45:\"\"Tests functions and hooks not used in core\".\";s:7:\"package\";s:7:\"Testing\";s:7:\"version\";s:4:\"7.28\";s:4:\"core\";s:3:\"7.x\";s:6:\"hidden\";b:1;s:12:\"dependencies\";a:1:{i:0;s:8:\"taxonomy\";}s:7:\"project\";s:6:\"drupal\";s:9:\"datestamp\";s:10:\"1399522731\";s:3:\"php\";s:5:\"5.2.4\";s:5:\"files\";a:0:{}s:9:\"bootstrap\";i:0;}'),('modules/simpletest/tests/theme_test.module','theme_test','module','',0,0,-1,0,'a:12:{s:4:\"name\";s:10:\"Theme test\";s:11:\"description\";s:40:\"Support module for theme system testing.\";s:7:\"package\";s:7:\"Testing\";s:7:\"version\";s:4:\"7.28\";s:4:\"core\";s:3:\"7.x\";s:6:\"hidden\";b:1;s:7:\"project\";s:6:\"drupal\";s:9:\"datestamp\";s:10:\"1399522731\";s:12:\"dependencies\";a:0:{}s:3:\"php\";s:5:\"5.2.4\";s:5:\"files\";a:0:{}s:9:\"bootstrap\";i:0;}'),('modules/simpletest/tests/update_script_test.module','update_script_test','module','',0,0,-1,0,'a:12:{s:4:\"name\";s:18:\"Update script test\";s:11:\"description\";s:41:\"Support module for update script testing.\";s:7:\"package\";s:7:\"Testing\";s:7:\"version\";s:4:\"7.28\";s:4:\"core\";s:3:\"7.x\";s:6:\"hidden\";b:1;s:7:\"project\";s:6:\"drupal\";s:9:\"datestamp\";s:10:\"1399522731\";s:12:\"dependencies\";a:0:{}s:3:\"php\";s:5:\"5.2.4\";s:5:\"files\";a:0:{}s:9:\"bootstrap\";i:0;}'),('modules/simpletest/tests/update_test_1.module','update_test_1','module','',0,0,-1,0,'a:12:{s:4:\"name\";s:11:\"Update test\";s:11:\"description\";s:34:\"Support module for update testing.\";s:7:\"package\";s:7:\"Testing\";s:7:\"version\";s:4:\"7.28\";s:4:\"core\";s:3:\"7.x\";s:6:\"hidden\";b:1;s:7:\"project\";s:6:\"drupal\";s:9:\"datestamp\";s:10:\"1399522731\";s:12:\"dependencies\";a:0:{}s:3:\"php\";s:5:\"5.2.4\";s:5:\"files\";a:0:{}s:9:\"bootstrap\";i:0;}'),('modules/simpletest/tests/update_test_2.module','update_test_2','module','',0,0,-1,0,'a:12:{s:4:\"name\";s:11:\"Update test\";s:11:\"description\";s:34:\"Support module for update testing.\";s:7:\"package\";s:7:\"Testing\";s:7:\"version\";s:4:\"7.28\";s:4:\"core\";s:3:\"7.x\";s:6:\"hidden\";b:1;s:7:\"project\";s:6:\"drupal\";s:9:\"datestamp\";s:10:\"1399522731\";s:12:\"dependencies\";a:0:{}s:3:\"php\";s:5:\"5.2.4\";s:5:\"files\";a:0:{}s:9:\"bootstrap\";i:0;}'),('modules/simpletest/tests/update_test_3.module','update_test_3','module','',0,0,-1,0,'a:12:{s:4:\"name\";s:11:\"Update test\";s:11:\"description\";s:34:\"Support module for update testing.\";s:7:\"package\";s:7:\"Testing\";s:7:\"version\";s:4:\"7.28\";s:4:\"core\";s:3:\"7.x\";s:6:\"hidden\";b:1;s:7:\"project\";s:6:\"drupal\";s:9:\"datestamp\";s:10:\"1399522731\";s:12:\"dependencies\";a:0:{}s:3:\"php\";s:5:\"5.2.4\";s:5:\"files\";a:0:{}s:9:\"bootstrap\";i:0;}'),('modules/simpletest/tests/url_alter_test.module','url_alter_test','module','',0,0,-1,0,'a:12:{s:4:\"name\";s:15:\"Url_alter tests\";s:11:\"description\";s:45:\"A support modules for url_alter hook testing.\";s:4:\"core\";s:3:\"7.x\";s:7:\"package\";s:7:\"Testing\";s:7:\"version\";s:4:\"7.28\";s:6:\"hidden\";b:1;s:7:\"project\";s:6:\"drupal\";s:9:\"datestamp\";s:10:\"1399522731\";s:12:\"dependencies\";a:0:{}s:3:\"php\";s:5:\"5.2.4\";s:5:\"files\";a:0:{}s:9:\"bootstrap\";i:0;}'),('modules/simpletest/tests/xmlrpc_test.module','xmlrpc_test','module','',0,0,-1,0,'a:12:{s:4:\"name\";s:12:\"XML-RPC Test\";s:11:\"description\";s:75:\"Support module for XML-RPC tests according to the validator1 specification.\";s:7:\"package\";s:7:\"Testing\";s:7:\"version\";s:4:\"7.28\";s:4:\"core\";s:3:\"7.x\";s:6:\"hidden\";b:1;s:7:\"project\";s:6:\"drupal\";s:9:\"datestamp\";s:10:\"1399522731\";s:12:\"dependencies\";a:0:{}s:3:\"php\";s:5:\"5.2.4\";s:5:\"files\";a:0:{}s:9:\"bootstrap\";i:0;}'),('modules/statistics/statistics.module','statistics','module','',0,0,-1,0,'a:12:{s:4:\"name\";s:10:\"Statistics\";s:11:\"description\";s:37:\"Logs access statistics for your site.\";s:7:\"package\";s:4:\"Core\";s:7:\"version\";s:4:\"7.28\";s:4:\"core\";s:3:\"7.x\";s:5:\"files\";a:1:{i:0;s:15:\"statistics.test\";}s:9:\"configure\";s:30:\"admin/config/system/statistics\";s:7:\"project\";s:6:\"drupal\";s:9:\"datestamp\";s:10:\"1399522731\";s:12:\"dependencies\";a:0:{}s:3:\"php\";s:5:\"5.2.4\";s:9:\"bootstrap\";i:0;}'),('modules/syslog/syslog.module','syslog','module','',0,0,-1,0,'a:12:{s:4:\"name\";s:6:\"Syslog\";s:11:\"description\";s:41:\"Logs and records system events to syslog.\";s:7:\"package\";s:4:\"Core\";s:7:\"version\";s:4:\"7.28\";s:4:\"core\";s:3:\"7.x\";s:5:\"files\";a:1:{i:0;s:11:\"syslog.test\";}s:9:\"configure\";s:32:\"admin/config/development/logging\";s:7:\"project\";s:6:\"drupal\";s:9:\"datestamp\";s:10:\"1399522731\";s:12:\"dependencies\";a:0:{}s:3:\"php\";s:5:\"5.2.4\";s:9:\"bootstrap\";i:0;}'),('modules/system/system.module','system','module','',1,1,7079,0,'a:13:{s:4:\"name\";s:6:\"System\";s:11:\"description\";s:54:\"Handles general site configuration for administrators.\";s:7:\"package\";s:4:\"Core\";s:7:\"version\";s:4:\"7.28\";s:4:\"core\";s:3:\"7.x\";s:5:\"files\";a:6:{i:0;s:19:\"system.archiver.inc\";i:1;s:15:\"system.mail.inc\";i:2;s:16:\"system.queue.inc\";i:3;s:14:\"system.tar.inc\";i:4;s:18:\"system.updater.inc\";i:5;s:11:\"system.test\";}s:8:\"required\";b:1;s:9:\"configure\";s:19:\"admin/config/system\";s:7:\"project\";s:6:\"drupal\";s:9:\"datestamp\";s:10:\"1399522731\";s:12:\"dependencies\";a:0:{}s:3:\"php\";s:5:\"5.2.4\";s:9:\"bootstrap\";i:0;}'),('modules/system/tests/cron_queue_test.module','cron_queue_test','module','',0,0,-1,0,'a:12:{s:4:\"name\";s:15:\"Cron Queue test\";s:11:\"description\";s:41:\"Support module for the cron queue runner.\";s:7:\"package\";s:7:\"Testing\";s:7:\"version\";s:4:\"7.28\";s:4:\"core\";s:3:\"7.x\";s:6:\"hidden\";b:1;s:7:\"project\";s:6:\"drupal\";s:9:\"datestamp\";s:10:\"1399522731\";s:12:\"dependencies\";a:0:{}s:3:\"php\";s:5:\"5.2.4\";s:5:\"files\";a:0:{}s:9:\"bootstrap\";i:0;}'),('modules/taxonomy/taxonomy.module','taxonomy','module','',1,0,7011,0,'a:14:{s:4:\"name\";s:8:\"Taxonomy\";s:11:\"description\";s:38:\"Enables the categorization of content.\";s:7:\"package\";s:4:\"Core\";s:7:\"version\";s:4:\"7.28\";s:4:\"core\";s:3:\"7.x\";s:12:\"dependencies\";a:1:{i:0;s:7:\"options\";}s:5:\"files\";a:2:{i:0;s:15:\"taxonomy.module\";i:1;s:13:\"taxonomy.test\";}s:9:\"configure\";s:24:\"admin/structure/taxonomy\";s:7:\"project\";s:6:\"drupal\";s:9:\"datestamp\";s:10:\"1399522731\";s:3:\"php\";s:5:\"5.2.4\";s:9:\"bootstrap\";i:0;s:8:\"required\";b:1;s:11:\"explanation\";s:73:\"Field type(s) in use - see <a href=\"/admin/reports/fields\">Field list</a>\";}'),('modules/toolbar/toolbar.module','toolbar','module','',0,0,0,0,'a:11:{s:4:\"name\";s:7:\"Toolbar\";s:11:\"description\";s:99:\"Provides a toolbar that shows the top-level administration menu items and links from other modules.\";s:4:\"core\";s:3:\"7.x\";s:7:\"package\";s:4:\"Core\";s:7:\"version\";s:4:\"7.28\";s:7:\"project\";s:6:\"drupal\";s:9:\"datestamp\";s:10:\"1399522731\";s:12:\"dependencies\";a:0:{}s:3:\"php\";s:5:\"5.2.4\";s:5:\"files\";a:0:{}s:9:\"bootstrap\";i:0;}'),('modules/tracker/tracker.module','tracker','module','',0,0,-1,0,'a:11:{s:4:\"name\";s:7:\"Tracker\";s:11:\"description\";s:45:\"Enables tracking of recent content for users.\";s:12:\"dependencies\";a:1:{i:0;s:7:\"comment\";}s:7:\"package\";s:4:\"Core\";s:7:\"version\";s:4:\"7.28\";s:4:\"core\";s:3:\"7.x\";s:5:\"files\";a:1:{i:0;s:12:\"tracker.test\";}s:7:\"project\";s:6:\"drupal\";s:9:\"datestamp\";s:10:\"1399522731\";s:3:\"php\";s:5:\"5.2.4\";s:9:\"bootstrap\";i:0;}'),('modules/translation/tests/translation_test.module','translation_test','module','',0,0,-1,0,'a:12:{s:4:\"name\";s:24:\"Content Translation Test\";s:11:\"description\";s:49:\"Support module for the content translation tests.\";s:4:\"core\";s:3:\"7.x\";s:7:\"package\";s:7:\"Testing\";s:7:\"version\";s:4:\"7.28\";s:6:\"hidden\";b:1;s:7:\"project\";s:6:\"drupal\";s:9:\"datestamp\";s:10:\"1399522731\";s:12:\"dependencies\";a:0:{}s:3:\"php\";s:5:\"5.2.4\";s:5:\"files\";a:0:{}s:9:\"bootstrap\";i:0;}'),('modules/translation/translation.module','translation','module','',0,0,-1,0,'a:11:{s:4:\"name\";s:19:\"Content translation\";s:11:\"description\";s:57:\"Allows content to be translated into different languages.\";s:12:\"dependencies\";a:1:{i:0;s:6:\"locale\";}s:7:\"package\";s:4:\"Core\";s:7:\"version\";s:4:\"7.28\";s:4:\"core\";s:3:\"7.x\";s:5:\"files\";a:1:{i:0;s:16:\"translation.test\";}s:7:\"project\";s:6:\"drupal\";s:9:\"datestamp\";s:10:\"1399522731\";s:3:\"php\";s:5:\"5.2.4\";s:9:\"bootstrap\";i:0;}'),('modules/trigger/tests/trigger_test.module','trigger_test','module','',0,0,-1,0,'a:12:{s:4:\"name\";s:12:\"Trigger Test\";s:11:\"description\";s:33:\"Support module for Trigger tests.\";s:7:\"package\";s:7:\"Testing\";s:4:\"core\";s:3:\"7.x\";s:6:\"hidden\";b:1;s:7:\"version\";s:4:\"7.28\";s:7:\"project\";s:6:\"drupal\";s:9:\"datestamp\";s:10:\"1399522731\";s:12:\"dependencies\";a:0:{}s:3:\"php\";s:5:\"5.2.4\";s:5:\"files\";a:0:{}s:9:\"bootstrap\";i:0;}'),('modules/trigger/trigger.module','trigger','module','',0,0,-1,0,'a:12:{s:4:\"name\";s:7:\"Trigger\";s:11:\"description\";s:90:\"Enables actions to be fired on certain system events, such as when new content is created.\";s:7:\"package\";s:4:\"Core\";s:7:\"version\";s:4:\"7.28\";s:4:\"core\";s:3:\"7.x\";s:5:\"files\";a:1:{i:0;s:12:\"trigger.test\";}s:9:\"configure\";s:23:\"admin/structure/trigger\";s:7:\"project\";s:6:\"drupal\";s:9:\"datestamp\";s:10:\"1399522731\";s:12:\"dependencies\";a:0:{}s:3:\"php\";s:5:\"5.2.4\";s:9:\"bootstrap\";i:0;}'),('modules/update/tests/aaa_update_test.module','aaa_update_test','module','',0,0,-1,0,'a:12:{s:4:\"name\";s:15:\"AAA Update test\";s:11:\"description\";s:41:\"Support module for update module testing.\";s:7:\"package\";s:7:\"Testing\";s:4:\"core\";s:3:\"7.x\";s:6:\"hidden\";b:1;s:7:\"version\";s:4:\"7.28\";s:7:\"project\";s:6:\"drupal\";s:9:\"datestamp\";s:10:\"1399522731\";s:12:\"dependencies\";a:0:{}s:3:\"php\";s:5:\"5.2.4\";s:5:\"files\";a:0:{}s:9:\"bootstrap\";i:0;}'),('modules/update/tests/bbb_update_test.module','bbb_update_test','module','',0,0,-1,0,'a:12:{s:4:\"name\";s:15:\"BBB Update test\";s:11:\"description\";s:41:\"Support module for update module testing.\";s:7:\"package\";s:7:\"Testing\";s:4:\"core\";s:3:\"7.x\";s:6:\"hidden\";b:1;s:7:\"version\";s:4:\"7.28\";s:7:\"project\";s:6:\"drupal\";s:9:\"datestamp\";s:10:\"1399522731\";s:12:\"dependencies\";a:0:{}s:3:\"php\";s:5:\"5.2.4\";s:5:\"files\";a:0:{}s:9:\"bootstrap\";i:0;}'),('modules/update/tests/ccc_update_test.module','ccc_update_test','module','',0,0,-1,0,'a:12:{s:4:\"name\";s:15:\"CCC Update test\";s:11:\"description\";s:41:\"Support module for update module testing.\";s:7:\"package\";s:7:\"Testing\";s:4:\"core\";s:3:\"7.x\";s:6:\"hidden\";b:1;s:7:\"version\";s:4:\"7.28\";s:7:\"project\";s:6:\"drupal\";s:9:\"datestamp\";s:10:\"1399522731\";s:12:\"dependencies\";a:0:{}s:3:\"php\";s:5:\"5.2.4\";s:5:\"files\";a:0:{}s:9:\"bootstrap\";i:0;}'),('modules/update/tests/update_test.module','update_test','module','',0,0,-1,0,'a:12:{s:4:\"name\";s:11:\"Update test\";s:11:\"description\";s:41:\"Support module for update module testing.\";s:7:\"package\";s:7:\"Testing\";s:7:\"version\";s:4:\"7.28\";s:4:\"core\";s:3:\"7.x\";s:6:\"hidden\";b:1;s:7:\"project\";s:6:\"drupal\";s:9:\"datestamp\";s:10:\"1399522731\";s:12:\"dependencies\";a:0:{}s:3:\"php\";s:5:\"5.2.4\";s:5:\"files\";a:0:{}s:9:\"bootstrap\";i:0;}'),('modules/update/update.module','update','module','',1,0,7001,0,'a:12:{s:4:\"name\";s:14:\"Update manager\";s:11:\"description\";s:104:\"Checks for available updates, and can securely install or update modules and themes via a web interface.\";s:7:\"version\";s:4:\"7.28\";s:7:\"package\";s:4:\"Core\";s:4:\"core\";s:3:\"7.x\";s:5:\"files\";a:1:{i:0;s:11:\"update.test\";}s:9:\"configure\";s:30:\"admin/reports/updates/settings\";s:7:\"project\";s:6:\"drupal\";s:9:\"datestamp\";s:10:\"1399522731\";s:12:\"dependencies\";a:0:{}s:3:\"php\";s:5:\"5.2.4\";s:9:\"bootstrap\";i:0;}'),('modules/user/tests/user_form_test.module','user_form_test','module','',0,0,-1,0,'a:12:{s:4:\"name\";s:22:\"User module form tests\";s:11:\"description\";s:37:\"Support module for user form testing.\";s:7:\"package\";s:7:\"Testing\";s:7:\"version\";s:4:\"7.28\";s:4:\"core\";s:3:\"7.x\";s:6:\"hidden\";b:1;s:7:\"project\";s:6:\"drupal\";s:9:\"datestamp\";s:10:\"1399522731\";s:12:\"dependencies\";a:0:{}s:3:\"php\";s:5:\"5.2.4\";s:5:\"files\";a:0:{}s:9:\"bootstrap\";i:0;}'),('modules/user/user.module','user','module','',1,0,7018,0,'a:14:{s:4:\"name\";s:4:\"User\";s:11:\"description\";s:47:\"Manages the user registration and login system.\";s:7:\"package\";s:4:\"Core\";s:7:\"version\";s:4:\"7.28\";s:4:\"core\";s:3:\"7.x\";s:5:\"files\";a:2:{i:0;s:11:\"user.module\";i:1;s:9:\"user.test\";}s:8:\"required\";b:1;s:9:\"configure\";s:19:\"admin/config/people\";s:11:\"stylesheets\";a:1:{s:3:\"all\";a:1:{s:8:\"user.css\";s:21:\"modules/user/user.css\";}}s:7:\"project\";s:6:\"drupal\";s:9:\"datestamp\";s:10:\"1399522731\";s:12:\"dependencies\";a:0:{}s:3:\"php\";s:5:\"5.2.4\";s:9:\"bootstrap\";i:0;}'),('profiles/standard/standard.profile','standard','module','',1,0,0,1000,'a:14:{s:4:\"name\";s:8:\"Standard\";s:11:\"description\";s:51:\"Install with commonly used features pre-configured.\";s:7:\"version\";s:4:\"7.28\";s:4:\"core\";s:3:\"7.x\";s:12:\"dependencies\";a:21:{i:0;s:5:\"block\";i:1;s:5:\"color\";i:2;s:7:\"comment\";i:3;s:10:\"contextual\";i:4;s:9:\"dashboard\";i:5;s:4:\"help\";i:6;s:5:\"image\";i:7;s:4:\"list\";i:8;s:4:\"menu\";i:9;s:6:\"number\";i:10;s:7:\"options\";i:11;s:4:\"path\";i:12;s:8:\"taxonomy\";i:13;s:5:\"dblog\";i:14;s:6:\"search\";i:15;s:8:\"shortcut\";i:16;s:7:\"toolbar\";i:17;s:7:\"overlay\";i:18;s:8:\"field_ui\";i:19;s:4:\"file\";i:20;s:3:\"rdf\";}s:7:\"project\";s:6:\"drupal\";s:9:\"datestamp\";s:10:\"1399522731\";s:7:\"package\";s:5:\"Other\";s:3:\"php\";s:5:\"5.2.4\";s:5:\"files\";a:0:{}s:9:\"bootstrap\";i:0;s:6:\"hidden\";b:1;s:8:\"required\";b:1;s:17:\"distribution_name\";s:6:\"Drupal\";}'),('sites/all/modules/admin_menu/admin_devel/admin_devel.module','admin_devel','module','',0,0,-1,0,'a:12:{s:4:\"name\";s:32:\"Administration Development tools\";s:11:\"description\";s:76:\"Administration and debugging functionality for developers and site builders.\";s:7:\"package\";s:14:\"Administration\";s:4:\"core\";s:3:\"7.x\";s:7:\"scripts\";a:1:{s:14:\"admin_devel.js\";s:55:\"sites/all/modules/admin_menu/admin_devel/admin_devel.js\";}s:7:\"version\";s:11:\"7.x-3.0-rc4\";s:7:\"project\";s:10:\"admin_menu\";s:9:\"datestamp\";s:10:\"1359651687\";s:12:\"dependencies\";a:0:{}s:3:\"php\";s:5:\"5.2.4\";s:5:\"files\";a:0:{}s:9:\"bootstrap\";i:0;}'),('sites/all/modules/admin_menu/admin_menu.module','admin_menu','module','',1,0,7304,100,'a:12:{s:4:\"name\";s:19:\"Administration menu\";s:11:\"description\";s:123:\"Provides a dropdown menu to most administrative tasks and other common destinations (to users with the proper permissions).\";s:7:\"package\";s:14:\"Administration\";s:4:\"core\";s:3:\"7.x\";s:9:\"configure\";s:38:\"admin/config/administration/admin_menu\";s:12:\"dependencies\";a:1:{i:0;s:14:\"system (>7.10)\";}s:5:\"files\";a:1:{i:0;s:21:\"tests/admin_menu.test\";}s:7:\"version\";s:11:\"7.x-3.0-rc4\";s:7:\"project\";s:10:\"admin_menu\";s:9:\"datestamp\";s:10:\"1359651687\";s:3:\"php\";s:5:\"5.2.4\";s:9:\"bootstrap\";i:0;}'),('sites/all/modules/admin_menu/admin_menu_toolbar/admin_menu_toolbar.module','admin_menu_toolbar','module','',0,0,-1,0,'a:11:{s:4:\"name\";s:33:\"Administration menu Toolbar style\";s:11:\"description\";s:17:\"A better Toolbar.\";s:7:\"package\";s:14:\"Administration\";s:4:\"core\";s:3:\"7.x\";s:12:\"dependencies\";a:1:{i:0;s:10:\"admin_menu\";}s:7:\"version\";s:11:\"7.x-3.0-rc4\";s:7:\"project\";s:10:\"admin_menu\";s:9:\"datestamp\";s:10:\"1359651687\";s:3:\"php\";s:5:\"5.2.4\";s:5:\"files\";a:0:{}s:9:\"bootstrap\";i:0;}'),('sites/all/modules/ctools/bulk_export/bulk_export.module','bulk_export','module','',0,0,-1,0,'a:11:{s:4:\"name\";s:11:\"Bulk Export\";s:11:\"description\";s:67:\"Performs bulk exporting of data objects known about by Chaos tools.\";s:4:\"core\";s:3:\"7.x\";s:12:\"dependencies\";a:1:{i:0;s:6:\"ctools\";}s:7:\"package\";s:16:\"Chaos tool suite\";s:7:\"version\";s:7:\"7.x-1.4\";s:7:\"project\";s:6:\"ctools\";s:9:\"datestamp\";s:10:\"1392220730\";s:3:\"php\";s:5:\"5.2.4\";s:5:\"files\";a:0:{}s:9:\"bootstrap\";i:0;}'),('sites/all/modules/ctools/ctools.module','ctools','module','',1,0,6008,0,'a:11:{s:4:\"name\";s:11:\"Chaos tools\";s:11:\"description\";s:46:\"A library of helpful tools by Merlin of Chaos.\";s:4:\"core\";s:3:\"7.x\";s:7:\"package\";s:16:\"Chaos tool suite\";s:5:\"files\";a:3:{i:0;s:20:\"includes/context.inc\";i:1;s:22:\"includes/math-expr.inc\";i:2;s:21:\"includes/stylizer.inc\";}s:7:\"version\";s:7:\"7.x-1.4\";s:7:\"project\";s:6:\"ctools\";s:9:\"datestamp\";s:10:\"1392220730\";s:12:\"dependencies\";a:0:{}s:3:\"php\";s:5:\"5.2.4\";s:9:\"bootstrap\";i:0;}'),('sites/all/modules/ctools/ctools_access_ruleset/ctools_access_ruleset.module','ctools_access_ruleset','module','',0,0,-1,0,'a:11:{s:4:\"name\";s:15:\"Custom rulesets\";s:11:\"description\";s:81:\"Create custom, exportable, reusable access rulesets for applications like Panels.\";s:4:\"core\";s:3:\"7.x\";s:7:\"package\";s:16:\"Chaos tool suite\";s:12:\"dependencies\";a:1:{i:0;s:6:\"ctools\";}s:7:\"version\";s:7:\"7.x-1.4\";s:7:\"project\";s:6:\"ctools\";s:9:\"datestamp\";s:10:\"1392220730\";s:3:\"php\";s:5:\"5.2.4\";s:5:\"files\";a:0:{}s:9:\"bootstrap\";i:0;}'),('sites/all/modules/ctools/ctools_ajax_sample/ctools_ajax_sample.module','ctools_ajax_sample','module','',0,0,-1,0,'a:11:{s:4:\"name\";s:33:\"Chaos Tools (CTools) AJAX Example\";s:11:\"description\";s:41:\"Shows how to use the power of Chaos AJAX.\";s:7:\"package\";s:16:\"Chaos tool suite\";s:12:\"dependencies\";a:1:{i:0;s:6:\"ctools\";}s:4:\"core\";s:3:\"7.x\";s:7:\"version\";s:7:\"7.x-1.4\";s:7:\"project\";s:6:\"ctools\";s:9:\"datestamp\";s:10:\"1392220730\";s:3:\"php\";s:5:\"5.2.4\";s:5:\"files\";a:0:{}s:9:\"bootstrap\";i:0;}'),('sites/all/modules/ctools/ctools_custom_content/ctools_custom_content.module','ctools_custom_content','module','',0,0,-1,0,'a:11:{s:4:\"name\";s:20:\"Custom content panes\";s:11:\"description\";s:79:\"Create custom, exportable, reusable content panes for applications like Panels.\";s:4:\"core\";s:3:\"7.x\";s:7:\"package\";s:16:\"Chaos tool suite\";s:12:\"dependencies\";a:1:{i:0;s:6:\"ctools\";}s:7:\"version\";s:7:\"7.x-1.4\";s:7:\"project\";s:6:\"ctools\";s:9:\"datestamp\";s:10:\"1392220730\";s:3:\"php\";s:5:\"5.2.4\";s:5:\"files\";a:0:{}s:9:\"bootstrap\";i:0;}'),('sites/all/modules/ctools/ctools_plugin_example/ctools_plugin_example.module','ctools_plugin_example','module','',0,0,-1,0,'a:11:{s:4:\"name\";s:35:\"Chaos Tools (CTools) Plugin Example\";s:11:\"description\";s:75:\"Shows how an external module can provide ctools plugins (for Panels, etc.).\";s:7:\"package\";s:16:\"Chaos tool suite\";s:12:\"dependencies\";a:4:{i:0;s:6:\"ctools\";i:1;s:6:\"panels\";i:2;s:12:\"page_manager\";i:3;s:13:\"advanced_help\";}s:4:\"core\";s:3:\"7.x\";s:7:\"version\";s:7:\"7.x-1.4\";s:7:\"project\";s:6:\"ctools\";s:9:\"datestamp\";s:10:\"1392220730\";s:3:\"php\";s:5:\"5.2.4\";s:5:\"files\";a:0:{}s:9:\"bootstrap\";i:0;}'),('sites/all/modules/ctools/page_manager/page_manager.module','page_manager','module','',0,0,-1,99,'a:11:{s:4:\"name\";s:12:\"Page manager\";s:11:\"description\";s:54:\"Provides a UI and API to manage pages within the site.\";s:4:\"core\";s:3:\"7.x\";s:12:\"dependencies\";a:1:{i:0;s:6:\"ctools\";}s:7:\"package\";s:16:\"Chaos tool suite\";s:7:\"version\";s:7:\"7.x-1.4\";s:7:\"project\";s:6:\"ctools\";s:9:\"datestamp\";s:10:\"1392220730\";s:3:\"php\";s:5:\"5.2.4\";s:5:\"files\";a:0:{}s:9:\"bootstrap\";i:0;}'),('sites/all/modules/ctools/stylizer/stylizer.module','stylizer','module','',0,0,-1,0,'a:11:{s:4:\"name\";s:8:\"Stylizer\";s:11:\"description\";s:53:\"Create custom styles for applications such as Panels.\";s:4:\"core\";s:3:\"7.x\";s:7:\"package\";s:16:\"Chaos tool suite\";s:12:\"dependencies\";a:2:{i:0;s:6:\"ctools\";i:1;s:5:\"color\";}s:7:\"version\";s:7:\"7.x-1.4\";s:7:\"project\";s:6:\"ctools\";s:9:\"datestamp\";s:10:\"1392220730\";s:3:\"php\";s:5:\"5.2.4\";s:5:\"files\";a:0:{}s:9:\"bootstrap\";i:0;}'),('sites/all/modules/ctools/term_depth/term_depth.module','term_depth','module','',0,0,-1,0,'a:11:{s:4:\"name\";s:17:\"Term Depth access\";s:11:\"description\";s:48:\"Controls access to context based upon term depth\";s:4:\"core\";s:3:\"7.x\";s:12:\"dependencies\";a:1:{i:0;s:6:\"ctools\";}s:7:\"package\";s:16:\"Chaos tool suite\";s:7:\"version\";s:7:\"7.x-1.4\";s:7:\"project\";s:6:\"ctools\";s:9:\"datestamp\";s:10:\"1392220730\";s:3:\"php\";s:5:\"5.2.4\";s:5:\"files\";a:0:{}s:9:\"bootstrap\";i:0;}'),('sites/all/modules/ctools/tests/ctools_export_test/ctools_export_test.module','ctools_export_test','module','',0,0,-1,0,'a:12:{s:4:\"name\";s:18:\"CTools export test\";s:11:\"description\";s:25:\"CTools export test module\";s:4:\"core\";s:3:\"7.x\";s:7:\"package\";s:16:\"Chaos tool suite\";s:12:\"dependencies\";a:1:{i:0;s:6:\"ctools\";}s:6:\"hidden\";b:1;s:5:\"files\";a:1:{i:0;s:18:\"ctools_export.test\";}s:7:\"version\";s:7:\"7.x-1.4\";s:7:\"project\";s:6:\"ctools\";s:9:\"datestamp\";s:10:\"1392220730\";s:3:\"php\";s:5:\"5.2.4\";s:9:\"bootstrap\";i:0;}'),('sites/all/modules/ctools/tests/ctools_plugin_test.module','ctools_plugin_test','module','',0,0,-1,0,'a:12:{s:4:\"name\";s:24:\"Chaos tools plugins test\";s:11:\"description\";s:42:\"Provides hooks for testing ctools plugins.\";s:7:\"package\";s:16:\"Chaos tool suite\";s:4:\"core\";s:3:\"7.x\";s:12:\"dependencies\";a:1:{i:0;s:6:\"ctools\";}s:5:\"files\";a:6:{i:0;s:19:\"ctools.plugins.test\";i:1;s:17:\"object_cache.test\";i:2;s:8:\"css.test\";i:3;s:12:\"context.test\";i:4;s:20:\"math_expression.test\";i:5;s:26:\"math_expression_stack.test\";}s:6:\"hidden\";b:1;s:7:\"version\";s:7:\"7.x-1.4\";s:7:\"project\";s:6:\"ctools\";s:9:\"datestamp\";s:10:\"1392220730\";s:3:\"php\";s:5:\"5.2.4\";s:9:\"bootstrap\";i:0;}'),('sites/all/modules/ctools/views_content/views_content.module','views_content','module','',0,0,-1,0,'a:11:{s:4:\"name\";s:19:\"Views content panes\";s:11:\"description\";s:104:\"Allows Views content to be used in Panels, Dashboard and other modules which use the CTools Content API.\";s:7:\"package\";s:16:\"Chaos tool suite\";s:12:\"dependencies\";a:2:{i:0;s:6:\"ctools\";i:1;s:5:\"views\";}s:4:\"core\";s:3:\"7.x\";s:5:\"files\";a:3:{i:0;s:61:\"plugins/views/views_content_plugin_display_ctools_context.inc\";i:1;s:57:\"plugins/views/views_content_plugin_display_panel_pane.inc\";i:2;s:59:\"plugins/views/views_content_plugin_style_ctools_context.inc\";}s:7:\"version\";s:7:\"7.x-1.4\";s:7:\"project\";s:6:\"ctools\";s:9:\"datestamp\";s:10:\"1392220730\";s:3:\"php\";s:5:\"5.2.4\";s:9:\"bootstrap\";i:0;}'),('sites/all/modules/devel/devel.module','devel','module','',0,0,-1,88,'a:13:{s:4:\"name\";s:5:\"Devel\";s:11:\"description\";s:52:\"Various blocks, pages, and functions for developers.\";s:7:\"package\";s:11:\"Development\";s:4:\"core\";s:3:\"7.x\";s:9:\"configure\";s:30:\"admin/config/development/devel\";s:4:\"tags\";a:1:{i:0;s:9:\"developer\";}s:5:\"files\";a:2:{i:0;s:10:\"devel.test\";i:1;s:14:\"devel.mail.inc\";}s:7:\"version\";s:7:\"7.x-1.3\";s:7:\"project\";s:5:\"devel\";s:9:\"datestamp\";s:10:\"1338940281\";s:12:\"dependencies\";a:0:{}s:3:\"php\";s:5:\"5.2.4\";s:9:\"bootstrap\";i:0;}'),('sites/all/modules/devel/devel_generate/devel_generate.module','devel_generate','module','',0,0,-1,0,'a:13:{s:4:\"name\";s:14:\"Devel generate\";s:11:\"description\";s:48:\"Generate dummy users, nodes, and taxonomy terms.\";s:7:\"package\";s:11:\"Development\";s:4:\"core\";s:3:\"7.x\";s:12:\"dependencies\";a:1:{i:0;s:5:\"devel\";}s:4:\"tags\";a:1:{i:0;s:9:\"developer\";}s:9:\"configure\";s:33:\"admin/config/development/generate\";s:7:\"version\";s:7:\"7.x-1.3\";s:7:\"project\";s:5:\"devel\";s:9:\"datestamp\";s:10:\"1338940281\";s:3:\"php\";s:5:\"5.2.4\";s:5:\"files\";a:0:{}s:9:\"bootstrap\";i:0;}'),('sites/all/modules/devel/devel_node_access.module','devel_node_access','module','',0,0,-1,0,'a:13:{s:4:\"name\";s:17:\"Devel node access\";s:11:\"description\";s:68:\"Developer blocks and page illustrating relevant node_access records.\";s:7:\"package\";s:11:\"Development\";s:12:\"dependencies\";a:1:{i:0;s:4:\"menu\";}s:4:\"core\";s:3:\"7.x\";s:9:\"configure\";s:30:\"admin/config/development/devel\";s:4:\"tags\";a:1:{i:0;s:9:\"developer\";}s:7:\"version\";s:7:\"7.x-1.3\";s:7:\"project\";s:5:\"devel\";s:9:\"datestamp\";s:10:\"1338940281\";s:3:\"php\";s:5:\"5.2.4\";s:5:\"files\";a:0:{}s:9:\"bootstrap\";i:0;}'),('sites/all/modules/jquery_update/jquery_update.module','jquery_update','module','',1,0,7000,0,'a:12:{s:4:\"name\";s:13:\"jQuery Update\";s:11:\"description\";s:53:\"Update jQuery and jQuery UI to a more recent version.\";s:7:\"package\";s:14:\"User interface\";s:4:\"core\";s:3:\"7.x\";s:5:\"files\";a:2:{i:0;s:20:\"jquery_update.module\";i:1;s:21:\"jquery_update.install\";}s:9:\"configure\";s:38:\"admin/config/development/jquery_update\";s:7:\"version\";s:7:\"7.x-2.4\";s:7:\"project\";s:13:\"jquery_update\";s:9:\"datestamp\";s:10:\"1396482246\";s:12:\"dependencies\";a:0:{}s:3:\"php\";s:5:\"5.2.4\";s:9:\"bootstrap\";i:0;}'),('sites/all/modules/pathauto/pathauto.module','pathauto','module','',1,0,7005,1,'a:13:{s:4:\"name\";s:8:\"Pathauto\";s:11:\"description\";s:95:\"Provides a mechanism for modules to automatically generate aliases for the content they manage.\";s:12:\"dependencies\";a:2:{i:0;s:4:\"path\";i:1;s:5:\"token\";}s:4:\"core\";s:3:\"7.x\";s:5:\"files\";a:1:{i:0;s:13:\"pathauto.test\";}s:9:\"configure\";s:33:\"admin/config/search/path/patterns\";s:10:\"recommends\";a:1:{i:0;s:8:\"redirect\";}s:7:\"version\";s:7:\"7.x-1.2\";s:7:\"project\";s:8:\"pathauto\";s:9:\"datestamp\";s:10:\"1344525185\";s:7:\"package\";s:5:\"Other\";s:3:\"php\";s:5:\"5.2.4\";s:9:\"bootstrap\";i:0;}'),('sites/all/modules/tabvn/flexslider_format/flexslider_format.module','flexslider_format','module','',1,0,0,0,'a:9:{s:4:\"name\";s:17:\"Flexslider Format\";s:11:\"description\";s:40:\"Add custom image formatter as flexslider\";s:4:\"core\";s:3:\"7.x\";s:7:\"package\";s:5:\"Tabvn\";s:12:\"dependencies\";a:0:{}s:7:\"version\";N;s:3:\"php\";s:5:\"5.2.4\";s:5:\"files\";a:0:{}s:9:\"bootstrap\";i:0;}'),('sites/all/modules/tabvn/page_builder/page_builder.module','page_builder','module','',1,0,0,0,'a:9:{s:4:\"name\";s:12:\"Page builder\";s:11:\"description\";s:74:\"Drupal Page builder. Developed by <a href=\"http://tabvn.com\">Tabvn.com</a>\";s:4:\"core\";s:3:\"7.x\";s:7:\"package\";s:5:\"Tabvn\";s:12:\"dependencies\";a:0:{}s:7:\"version\";N;s:3:\"php\";s:5:\"5.2.4\";s:5:\"files\";a:0:{}s:9:\"bootstrap\";i:0;}'),('sites/all/modules/tabvn/simple_contact/simple_contact.module','simple_contact','module','',1,0,0,0,'a:9:{s:4:\"name\";s:19:\"Simple Contact Form\";s:11:\"description\";s:34:\"add simple contact form as a block\";s:4:\"core\";s:3:\"7.x\";s:7:\"package\";s:5:\"Tabvn\";s:12:\"dependencies\";a:0:{}s:7:\"version\";N;s:3:\"php\";s:5:\"5.2.4\";s:5:\"files\";a:0:{}s:9:\"bootstrap\";i:0;}'),('sites/all/modules/tabvn/views_bs/views_bs.module','views_bs','module','',1,0,0,0,'a:9:{s:4:\"name\";s:25:\"Views Bootstrap Framework\";s:4:\"core\";s:3:\"7.x\";s:11:\"description\";s:26:\"Views bootstrap framework.\";s:12:\"dependencies\";a:1:{i:0;s:5:\"views\";}s:7:\"package\";s:5:\"Tabvn\";s:5:\"files\";a:3:{i:0;s:49:\"plugins/isotope/views_bs_isotope_plugin_style.inc\";i:1;s:51:\"plugins/timeline/views_bs_timeline_plugin_style.inc\";i:2;s:41:\"plugins/owl/views_bs_owl_plugin_style.inc\";}s:7:\"version\";N;s:3:\"php\";s:5:\"5.2.4\";s:9:\"bootstrap\";i:0;}'),('sites/all/modules/tabvn/widget/widget.module','widget','module','',0,0,-1,0,'a:9:{s:4:\"name\";s:6:\"widget\";s:11:\"description\";s:47:\"provide custom widget such as twitter,flickr...\";s:4:\"core\";s:3:\"7.x\";s:7:\"package\";s:5:\"Tabvn\";s:12:\"dependencies\";a:0:{}s:7:\"version\";N;s:3:\"php\";s:5:\"5.2.4\";s:5:\"files\";a:0:{}s:9:\"bootstrap\";i:0;}'),('sites/all/modules/token/tests/token_test.module','token_test','module','',0,0,-1,0,'a:12:{s:4:\"name\";s:10:\"Token Test\";s:11:\"description\";s:39:\"Testing module for token functionality.\";s:7:\"package\";s:7:\"Testing\";s:4:\"core\";s:3:\"7.x\";s:5:\"files\";a:1:{i:0;s:17:\"token_test.module\";}s:6:\"hidden\";b:1;s:7:\"version\";s:7:\"7.x-1.5\";s:7:\"project\";s:5:\"token\";s:9:\"datestamp\";s:10:\"1361665026\";s:12:\"dependencies\";a:0:{}s:3:\"php\";s:5:\"5.2.4\";s:9:\"bootstrap\";i:0;}'),('sites/all/modules/token/token.module','token','module','',1,0,7001,0,'a:11:{s:4:\"name\";s:5:\"Token\";s:11:\"description\";s:73:\"Provides a user interface for the Token API and some missing core tokens.\";s:4:\"core\";s:3:\"7.x\";s:5:\"files\";a:1:{i:0;s:10:\"token.test\";}s:7:\"version\";s:7:\"7.x-1.5\";s:7:\"project\";s:5:\"token\";s:9:\"datestamp\";s:10:\"1361665026\";s:12:\"dependencies\";a:0:{}s:7:\"package\";s:5:\"Other\";s:3:\"php\";s:5:\"5.2.4\";s:9:\"bootstrap\";i:0;}'),('sites/all/modules/views/tests/views_test.module','views_test','module','',0,0,-1,0,'a:12:{s:4:\"name\";s:10:\"Views Test\";s:11:\"description\";s:22:\"Test module for Views.\";s:7:\"package\";s:5:\"Views\";s:4:\"core\";s:3:\"7.x\";s:12:\"dependencies\";a:1:{i:0;s:5:\"views\";}s:6:\"hidden\";b:1;s:7:\"version\";s:7:\"7.x-3.8\";s:7:\"project\";s:5:\"views\";s:9:\"datestamp\";s:10:\"1400618928\";s:3:\"php\";s:5:\"5.2.4\";s:5:\"files\";a:0:{}s:9:\"bootstrap\";i:0;}'),('sites/all/modules/views/views.module','views','module','',1,0,7301,10,'a:12:{s:4:\"name\";s:5:\"Views\";s:11:\"description\";s:55:\"Create customized lists and queries from your database.\";s:7:\"package\";s:5:\"Views\";s:4:\"core\";s:3:\"7.x\";s:3:\"php\";s:3:\"5.2\";s:11:\"stylesheets\";a:1:{s:3:\"all\";a:1:{s:13:\"css/views.css\";s:37:\"sites/all/modules/views/css/views.css\";}}s:12:\"dependencies\";a:1:{i:0;s:6:\"ctools\";}s:5:\"files\";a:302:{i:0;s:31:\"handlers/views_handler_area.inc\";i:1;s:40:\"handlers/views_handler_area_messages.inc\";i:2;s:38:\"handlers/views_handler_area_result.inc\";i:3;s:36:\"handlers/views_handler_area_text.inc\";i:4;s:43:\"handlers/views_handler_area_text_custom.inc\";i:5;s:36:\"handlers/views_handler_area_view.inc\";i:6;s:35:\"handlers/views_handler_argument.inc\";i:7;s:40:\"handlers/views_handler_argument_date.inc\";i:8;s:43:\"handlers/views_handler_argument_formula.inc\";i:9;s:47:\"handlers/views_handler_argument_many_to_one.inc\";i:10;s:40:\"handlers/views_handler_argument_null.inc\";i:11;s:43:\"handlers/views_handler_argument_numeric.inc\";i:12;s:42:\"handlers/views_handler_argument_string.inc\";i:13;s:52:\"handlers/views_handler_argument_group_by_numeric.inc\";i:14;s:32:\"handlers/views_handler_field.inc\";i:15;s:40:\"handlers/views_handler_field_counter.inc\";i:16;s:40:\"handlers/views_handler_field_boolean.inc\";i:17;s:49:\"handlers/views_handler_field_contextual_links.inc\";i:18;s:39:\"handlers/views_handler_field_custom.inc\";i:19;s:37:\"handlers/views_handler_field_date.inc\";i:20;s:39:\"handlers/views_handler_field_entity.inc\";i:21;s:39:\"handlers/views_handler_field_markup.inc\";i:22;s:37:\"handlers/views_handler_field_math.inc\";i:23;s:40:\"handlers/views_handler_field_numeric.inc\";i:24;s:47:\"handlers/views_handler_field_prerender_list.inc\";i:25;s:46:\"handlers/views_handler_field_time_interval.inc\";i:26;s:43:\"handlers/views_handler_field_serialized.inc\";i:27;s:45:\"handlers/views_handler_field_machine_name.inc\";i:28;s:36:\"handlers/views_handler_field_url.inc\";i:29;s:33:\"handlers/views_handler_filter.inc\";i:30;s:50:\"handlers/views_handler_filter_boolean_operator.inc\";i:31;s:57:\"handlers/views_handler_filter_boolean_operator_string.inc\";i:32;s:41:\"handlers/views_handler_filter_combine.inc\";i:33;s:38:\"handlers/views_handler_filter_date.inc\";i:34;s:42:\"handlers/views_handler_filter_equality.inc\";i:35;s:47:\"handlers/views_handler_filter_entity_bundle.inc\";i:36;s:50:\"handlers/views_handler_filter_group_by_numeric.inc\";i:37;s:45:\"handlers/views_handler_filter_in_operator.inc\";i:38;s:45:\"handlers/views_handler_filter_many_to_one.inc\";i:39;s:41:\"handlers/views_handler_filter_numeric.inc\";i:40;s:40:\"handlers/views_handler_filter_string.inc\";i:41;s:48:\"handlers/views_handler_filter_fields_compare.inc\";i:42;s:39:\"handlers/views_handler_relationship.inc\";i:43;s:53:\"handlers/views_handler_relationship_groupwise_max.inc\";i:44;s:31:\"handlers/views_handler_sort.inc\";i:45;s:36:\"handlers/views_handler_sort_date.inc\";i:46;s:39:\"handlers/views_handler_sort_formula.inc\";i:47;s:48:\"handlers/views_handler_sort_group_by_numeric.inc\";i:48;s:46:\"handlers/views_handler_sort_menu_hierarchy.inc\";i:49;s:38:\"handlers/views_handler_sort_random.inc\";i:50;s:17:\"includes/base.inc\";i:51;s:21:\"includes/handlers.inc\";i:52;s:20:\"includes/plugins.inc\";i:53;s:17:\"includes/view.inc\";i:54;s:60:\"modules/aggregator/views_handler_argument_aggregator_fid.inc\";i:55;s:60:\"modules/aggregator/views_handler_argument_aggregator_iid.inc\";i:56;s:69:\"modules/aggregator/views_handler_argument_aggregator_category_cid.inc\";i:57;s:64:\"modules/aggregator/views_handler_field_aggregator_title_link.inc\";i:58;s:62:\"modules/aggregator/views_handler_field_aggregator_category.inc\";i:59;s:70:\"modules/aggregator/views_handler_field_aggregator_item_description.inc\";i:60;s:57:\"modules/aggregator/views_handler_field_aggregator_xss.inc\";i:61;s:67:\"modules/aggregator/views_handler_filter_aggregator_category_cid.inc\";i:62;s:54:\"modules/aggregator/views_plugin_row_aggregator_rss.inc\";i:63;s:56:\"modules/book/views_plugin_argument_default_book_root.inc\";i:64;s:59:\"modules/comment/views_handler_argument_comment_user_uid.inc\";i:65;s:47:\"modules/comment/views_handler_field_comment.inc\";i:66;s:53:\"modules/comment/views_handler_field_comment_depth.inc\";i:67;s:52:\"modules/comment/views_handler_field_comment_link.inc\";i:68;s:60:\"modules/comment/views_handler_field_comment_link_approve.inc\";i:69;s:59:\"modules/comment/views_handler_field_comment_link_delete.inc\";i:70;s:57:\"modules/comment/views_handler_field_comment_link_edit.inc\";i:71;s:58:\"modules/comment/views_handler_field_comment_link_reply.inc\";i:72;s:57:\"modules/comment/views_handler_field_comment_node_link.inc\";i:73;s:56:\"modules/comment/views_handler_field_comment_username.inc\";i:74;s:61:\"modules/comment/views_handler_field_ncs_last_comment_name.inc\";i:75;s:56:\"modules/comment/views_handler_field_ncs_last_updated.inc\";i:76;s:52:\"modules/comment/views_handler_field_node_comment.inc\";i:77;s:57:\"modules/comment/views_handler_field_node_new_comments.inc\";i:78;s:62:\"modules/comment/views_handler_field_last_comment_timestamp.inc\";i:79;s:57:\"modules/comment/views_handler_filter_comment_user_uid.inc\";i:80;s:57:\"modules/comment/views_handler_filter_ncs_last_updated.inc\";i:81;s:53:\"modules/comment/views_handler_filter_node_comment.inc\";i:82;s:53:\"modules/comment/views_handler_sort_comment_thread.inc\";i:83;s:60:\"modules/comment/views_handler_sort_ncs_last_comment_name.inc\";i:84;s:55:\"modules/comment/views_handler_sort_ncs_last_updated.inc\";i:85;s:48:\"modules/comment/views_plugin_row_comment_rss.inc\";i:86;s:49:\"modules/comment/views_plugin_row_comment_view.inc\";i:87;s:52:\"modules/contact/views_handler_field_contact_link.inc\";i:88;s:43:\"modules/field/views_handler_field_field.inc\";i:89;s:59:\"modules/field/views_handler_relationship_entity_reverse.inc\";i:90;s:51:\"modules/field/views_handler_argument_field_list.inc\";i:91;s:58:\"modules/field/views_handler_argument_field_list_string.inc\";i:92;s:49:\"modules/field/views_handler_filter_field_list.inc\";i:93;s:57:\"modules/filter/views_handler_field_filter_format_name.inc\";i:94;s:52:\"modules/locale/views_handler_field_node_language.inc\";i:95;s:53:\"modules/locale/views_handler_filter_node_language.inc\";i:96;s:54:\"modules/locale/views_handler_argument_locale_group.inc\";i:97;s:57:\"modules/locale/views_handler_argument_locale_language.inc\";i:98;s:51:\"modules/locale/views_handler_field_locale_group.inc\";i:99;s:54:\"modules/locale/views_handler_field_locale_language.inc\";i:100;s:55:\"modules/locale/views_handler_field_locale_link_edit.inc\";i:101;s:52:\"modules/locale/views_handler_filter_locale_group.inc\";i:102;s:55:\"modules/locale/views_handler_filter_locale_language.inc\";i:103;s:54:\"modules/locale/views_handler_filter_locale_version.inc\";i:104;s:53:\"modules/node/views_handler_argument_dates_various.inc\";i:105;s:53:\"modules/node/views_handler_argument_node_language.inc\";i:106;s:48:\"modules/node/views_handler_argument_node_nid.inc\";i:107;s:49:\"modules/node/views_handler_argument_node_type.inc\";i:108;s:48:\"modules/node/views_handler_argument_node_vid.inc\";i:109;s:57:\"modules/node/views_handler_argument_node_uid_revision.inc\";i:110;s:59:\"modules/node/views_handler_field_history_user_timestamp.inc\";i:111;s:41:\"modules/node/views_handler_field_node.inc\";i:112;s:46:\"modules/node/views_handler_field_node_link.inc\";i:113;s:53:\"modules/node/views_handler_field_node_link_delete.inc\";i:114;s:51:\"modules/node/views_handler_field_node_link_edit.inc\";i:115;s:50:\"modules/node/views_handler_field_node_revision.inc\";i:116;s:55:\"modules/node/views_handler_field_node_revision_link.inc\";i:117;s:62:\"modules/node/views_handler_field_node_revision_link_delete.inc\";i:118;s:62:\"modules/node/views_handler_field_node_revision_link_revert.inc\";i:119;s:46:\"modules/node/views_handler_field_node_path.inc\";i:120;s:46:\"modules/node/views_handler_field_node_type.inc\";i:121;s:60:\"modules/node/views_handler_filter_history_user_timestamp.inc\";i:122;s:49:\"modules/node/views_handler_filter_node_access.inc\";i:123;s:49:\"modules/node/views_handler_filter_node_status.inc\";i:124;s:47:\"modules/node/views_handler_filter_node_type.inc\";i:125;s:55:\"modules/node/views_handler_filter_node_uid_revision.inc\";i:126;s:51:\"modules/node/views_plugin_argument_default_node.inc\";i:127;s:52:\"modules/node/views_plugin_argument_validate_node.inc\";i:128;s:42:\"modules/node/views_plugin_row_node_rss.inc\";i:129;s:43:\"modules/node/views_plugin_row_node_view.inc\";i:130;s:52:\"modules/profile/views_handler_field_profile_date.inc\";i:131;s:52:\"modules/profile/views_handler_field_profile_list.inc\";i:132;s:58:\"modules/profile/views_handler_filter_profile_selection.inc\";i:133;s:48:\"modules/search/views_handler_argument_search.inc\";i:134;s:51:\"modules/search/views_handler_field_search_score.inc\";i:135;s:46:\"modules/search/views_handler_filter_search.inc\";i:136;s:50:\"modules/search/views_handler_sort_search_score.inc\";i:137;s:47:\"modules/search/views_plugin_row_search_view.inc\";i:138;s:57:\"modules/statistics/views_handler_field_accesslog_path.inc\";i:139;s:50:\"modules/system/views_handler_argument_file_fid.inc\";i:140;s:43:\"modules/system/views_handler_field_file.inc\";i:141;s:53:\"modules/system/views_handler_field_file_extension.inc\";i:142;s:52:\"modules/system/views_handler_field_file_filemime.inc\";i:143;s:47:\"modules/system/views_handler_field_file_uri.inc\";i:144;s:50:\"modules/system/views_handler_field_file_status.inc\";i:145;s:51:\"modules/system/views_handler_filter_file_status.inc\";i:146;s:52:\"modules/taxonomy/views_handler_argument_taxonomy.inc\";i:147;s:57:\"modules/taxonomy/views_handler_argument_term_node_tid.inc\";i:148;s:63:\"modules/taxonomy/views_handler_argument_term_node_tid_depth.inc\";i:149;s:72:\"modules/taxonomy/views_handler_argument_term_node_tid_depth_modifier.inc\";i:150;s:58:\"modules/taxonomy/views_handler_argument_vocabulary_vid.inc\";i:151;s:67:\"modules/taxonomy/views_handler_argument_vocabulary_machine_name.inc\";i:152;s:49:\"modules/taxonomy/views_handler_field_taxonomy.inc\";i:153;s:54:\"modules/taxonomy/views_handler_field_term_node_tid.inc\";i:154;s:55:\"modules/taxonomy/views_handler_field_term_link_edit.inc\";i:155;s:55:\"modules/taxonomy/views_handler_filter_term_node_tid.inc\";i:156;s:61:\"modules/taxonomy/views_handler_filter_term_node_tid_depth.inc\";i:157;s:56:\"modules/taxonomy/views_handler_filter_vocabulary_vid.inc\";i:158;s:65:\"modules/taxonomy/views_handler_filter_vocabulary_machine_name.inc\";i:159;s:62:\"modules/taxonomy/views_handler_relationship_node_term_data.inc\";i:160;s:65:\"modules/taxonomy/views_plugin_argument_validate_taxonomy_term.inc\";i:161;s:63:\"modules/taxonomy/views_plugin_argument_default_taxonomy_tid.inc\";i:162;s:67:\"modules/tracker/views_handler_argument_tracker_comment_user_uid.inc\";i:163;s:65:\"modules/tracker/views_handler_filter_tracker_comment_user_uid.inc\";i:164;s:65:\"modules/tracker/views_handler_filter_tracker_boolean_operator.inc\";i:165;s:51:\"modules/system/views_handler_filter_system_type.inc\";i:166;s:56:\"modules/translation/views_handler_argument_node_tnid.inc\";i:167;s:63:\"modules/translation/views_handler_field_node_link_translate.inc\";i:168;s:65:\"modules/translation/views_handler_field_node_translation_link.inc\";i:169;s:54:\"modules/translation/views_handler_filter_node_tnid.inc\";i:170;s:60:\"modules/translation/views_handler_filter_node_tnid_child.inc\";i:171;s:62:\"modules/translation/views_handler_relationship_translation.inc\";i:172;s:48:\"modules/user/views_handler_argument_user_uid.inc\";i:173;s:55:\"modules/user/views_handler_argument_users_roles_rid.inc\";i:174;s:41:\"modules/user/views_handler_field_user.inc\";i:175;s:50:\"modules/user/views_handler_field_user_language.inc\";i:176;s:46:\"modules/user/views_handler_field_user_link.inc\";i:177;s:53:\"modules/user/views_handler_field_user_link_cancel.inc\";i:178;s:51:\"modules/user/views_handler_field_user_link_edit.inc\";i:179;s:46:\"modules/user/views_handler_field_user_mail.inc\";i:180;s:46:\"modules/user/views_handler_field_user_name.inc\";i:181;s:53:\"modules/user/views_handler_field_user_permissions.inc\";i:182;s:49:\"modules/user/views_handler_field_user_picture.inc\";i:183;s:47:\"modules/user/views_handler_field_user_roles.inc\";i:184;s:50:\"modules/user/views_handler_filter_user_current.inc\";i:185;s:47:\"modules/user/views_handler_filter_user_name.inc\";i:186;s:54:\"modules/user/views_handler_filter_user_permissions.inc\";i:187;s:48:\"modules/user/views_handler_filter_user_roles.inc\";i:188;s:59:\"modules/user/views_plugin_argument_default_current_user.inc\";i:189;s:51:\"modules/user/views_plugin_argument_default_user.inc\";i:190;s:52:\"modules/user/views_plugin_argument_validate_user.inc\";i:191;s:43:\"modules/user/views_plugin_row_user_view.inc\";i:192;s:31:\"plugins/views_plugin_access.inc\";i:193;s:36:\"plugins/views_plugin_access_none.inc\";i:194;s:36:\"plugins/views_plugin_access_perm.inc\";i:195;s:36:\"plugins/views_plugin_access_role.inc\";i:196;s:41:\"plugins/views_plugin_argument_default.inc\";i:197;s:45:\"plugins/views_plugin_argument_default_php.inc\";i:198;s:47:\"plugins/views_plugin_argument_default_fixed.inc\";i:199;s:45:\"plugins/views_plugin_argument_default_raw.inc\";i:200;s:42:\"plugins/views_plugin_argument_validate.inc\";i:201;s:50:\"plugins/views_plugin_argument_validate_numeric.inc\";i:202;s:46:\"plugins/views_plugin_argument_validate_php.inc\";i:203;s:30:\"plugins/views_plugin_cache.inc\";i:204;s:35:\"plugins/views_plugin_cache_none.inc\";i:205;s:35:\"plugins/views_plugin_cache_time.inc\";i:206;s:32:\"plugins/views_plugin_display.inc\";i:207;s:43:\"plugins/views_plugin_display_attachment.inc\";i:208;s:38:\"plugins/views_plugin_display_block.inc\";i:209;s:40:\"plugins/views_plugin_display_default.inc\";i:210;s:38:\"plugins/views_plugin_display_embed.inc\";i:211;s:41:\"plugins/views_plugin_display_extender.inc\";i:212;s:37:\"plugins/views_plugin_display_feed.inc\";i:213;s:37:\"plugins/views_plugin_display_page.inc\";i:214;s:43:\"plugins/views_plugin_exposed_form_basic.inc\";i:215;s:37:\"plugins/views_plugin_exposed_form.inc\";i:216;s:52:\"plugins/views_plugin_exposed_form_input_required.inc\";i:217;s:42:\"plugins/views_plugin_localization_core.inc\";i:218;s:37:\"plugins/views_plugin_localization.inc\";i:219;s:42:\"plugins/views_plugin_localization_none.inc\";i:220;s:30:\"plugins/views_plugin_pager.inc\";i:221;s:35:\"plugins/views_plugin_pager_full.inc\";i:222;s:35:\"plugins/views_plugin_pager_mini.inc\";i:223;s:35:\"plugins/views_plugin_pager_none.inc\";i:224;s:35:\"plugins/views_plugin_pager_some.inc\";i:225;s:30:\"plugins/views_plugin_query.inc\";i:226;s:38:\"plugins/views_plugin_query_default.inc\";i:227;s:28:\"plugins/views_plugin_row.inc\";i:228;s:35:\"plugins/views_plugin_row_fields.inc\";i:229;s:39:\"plugins/views_plugin_row_rss_fields.inc\";i:230;s:30:\"plugins/views_plugin_style.inc\";i:231;s:38:\"plugins/views_plugin_style_default.inc\";i:232;s:35:\"plugins/views_plugin_style_grid.inc\";i:233;s:35:\"plugins/views_plugin_style_list.inc\";i:234;s:40:\"plugins/views_plugin_style_jump_menu.inc\";i:235;s:38:\"plugins/views_plugin_style_mapping.inc\";i:236;s:34:\"plugins/views_plugin_style_rss.inc\";i:237;s:38:\"plugins/views_plugin_style_summary.inc\";i:238;s:48:\"plugins/views_plugin_style_summary_jump_menu.inc\";i:239;s:50:\"plugins/views_plugin_style_summary_unformatted.inc\";i:240;s:36:\"plugins/views_plugin_style_table.inc\";i:241;s:34:\"tests/handlers/views_handlers.test\";i:242;s:43:\"tests/handlers/views_handler_area_text.test\";i:243;s:47:\"tests/handlers/views_handler_argument_null.test\";i:244;s:49:\"tests/handlers/views_handler_argument_string.test\";i:245;s:39:\"tests/handlers/views_handler_field.test\";i:246;s:47:\"tests/handlers/views_handler_field_boolean.test\";i:247;s:46:\"tests/handlers/views_handler_field_custom.test\";i:248;s:47:\"tests/handlers/views_handler_field_counter.test\";i:249;s:44:\"tests/handlers/views_handler_field_date.test\";i:250;s:54:\"tests/handlers/views_handler_field_file_extension.test\";i:251;s:49:\"tests/handlers/views_handler_field_file_size.test\";i:252;s:44:\"tests/handlers/views_handler_field_math.test\";i:253;s:43:\"tests/handlers/views_handler_field_url.test\";i:254;s:43:\"tests/handlers/views_handler_field_xss.test\";i:255;s:48:\"tests/handlers/views_handler_filter_combine.test\";i:256;s:45:\"tests/handlers/views_handler_filter_date.test\";i:257;s:49:\"tests/handlers/views_handler_filter_equality.test\";i:258;s:52:\"tests/handlers/views_handler_filter_in_operator.test\";i:259;s:48:\"tests/handlers/views_handler_filter_numeric.test\";i:260;s:47:\"tests/handlers/views_handler_filter_string.test\";i:261;s:45:\"tests/handlers/views_handler_sort_random.test\";i:262;s:43:\"tests/handlers/views_handler_sort_date.test\";i:263;s:38:\"tests/handlers/views_handler_sort.test\";i:264;s:46:\"tests/test_handlers/views_test_area_access.inc\";i:265;s:60:\"tests/test_plugins/views_test_plugin_access_test_dynamic.inc\";i:266;s:59:\"tests/test_plugins/views_test_plugin_access_test_static.inc\";i:267;s:59:\"tests/test_plugins/views_test_plugin_style_test_mapping.inc\";i:268;s:39:\"tests/plugins/views_plugin_display.test\";i:269;s:46:\"tests/styles/views_plugin_style_jump_menu.test\";i:270;s:36:\"tests/styles/views_plugin_style.test\";i:271;s:41:\"tests/styles/views_plugin_style_base.test\";i:272;s:44:\"tests/styles/views_plugin_style_mapping.test\";i:273;s:48:\"tests/styles/views_plugin_style_unformatted.test\";i:274;s:23:\"tests/views_access.test\";i:275;s:24:\"tests/views_analyze.test\";i:276;s:22:\"tests/views_basic.test\";i:277;s:33:\"tests/views_argument_default.test\";i:278;s:35:\"tests/views_argument_validator.test\";i:279;s:29:\"tests/views_exposed_form.test\";i:280;s:31:\"tests/field/views_fieldapi.test\";i:281;s:25:\"tests/views_glossary.test\";i:282;s:24:\"tests/views_groupby.test\";i:283;s:25:\"tests/views_handlers.test\";i:284;s:23:\"tests/views_module.test\";i:285;s:22:\"tests/views_pager.test\";i:286;s:40:\"tests/views_plugin_localization_test.inc\";i:287;s:29:\"tests/views_translatable.test\";i:288;s:22:\"tests/views_query.test\";i:289;s:24:\"tests/views_upgrade.test\";i:290;s:34:\"tests/views_test.views_default.inc\";i:291;s:58:\"tests/comment/views_handler_argument_comment_user_uid.test\";i:292;s:56:\"tests/comment/views_handler_filter_comment_user_uid.test\";i:293;s:45:\"tests/node/views_node_revision_relations.test\";i:294;s:61:\"tests/taxonomy/views_handler_relationship_node_term_data.test\";i:295;s:45:\"tests/user/views_handler_field_user_name.test\";i:296;s:43:\"tests/user/views_user_argument_default.test\";i:297;s:44:\"tests/user/views_user_argument_validate.test\";i:298;s:26:\"tests/user/views_user.test\";i:299;s:22:\"tests/views_cache.test\";i:300;s:21:\"tests/views_view.test\";i:301;s:19:\"tests/views_ui.test\";}s:7:\"version\";s:7:\"7.x-3.8\";s:7:\"project\";s:5:\"views\";s:9:\"datestamp\";s:10:\"1400618928\";s:9:\"bootstrap\";i:0;}'),('sites/all/modules/views/views_ui.module','views_ui','module','',1,0,0,0,'a:12:{s:4:\"name\";s:8:\"Views UI\";s:11:\"description\";s:93:\"Administrative interface to views. Without this module, you cannot create or edit your views.\";s:7:\"package\";s:5:\"Views\";s:4:\"core\";s:3:\"7.x\";s:9:\"configure\";s:21:\"admin/structure/views\";s:12:\"dependencies\";a:1:{i:0;s:5:\"views\";}s:5:\"files\";a:2:{i:0;s:15:\"views_ui.module\";i:1;s:57:\"plugins/views_wizard/views_ui_base_views_wizard.class.php\";}s:7:\"version\";s:7:\"7.x-3.8\";s:7:\"project\";s:5:\"views\";s:9:\"datestamp\";s:10:\"1400618928\";s:3:\"php\";s:5:\"5.2.4\";s:9:\"bootstrap\";i:0;}'),('sites/all/themes/visia/visia.info','visia','theme','themes/engines/phptemplate/phptemplate.engine',1,0,-1,0,'a:14:{s:4:\"name\";s:5:\"Visia\";s:11:\"description\";s:64:\"Visia theme, developed by <a href=\"http://tabvn.com/\">Tabvn</a>.\";s:4:\"core\";s:3:\"7.x\";s:11:\"stylesheets\";a:1:{s:3:\"all\";a:9:{s:22:\"stylesheets/loader.css\";s:45:\"sites/all/themes/visia/stylesheets/loader.css\";s:21:\"stylesheets/reset.css\";s:44:\"sites/all/themes/visia/stylesheets/reset.css\";s:20:\"stylesheets/grid.css\";s:43:\"sites/all/themes/visia/stylesheets/grid.css\";s:21:\"stylesheets/style.css\";s:44:\"sites/all/themes/visia/stylesheets/style.css\";s:26:\"stylesheets/animations.css\";s:49:\"sites/all/themes/visia/stylesheets/animations.css\";s:26:\"stylesheets/shortcodes.css\";s:49:\"sites/all/themes/visia/stylesheets/shortcodes.css\";s:21:\"stylesheets/visia.css\";s:44:\"sites/all/themes/visia/stylesheets/visia.css\";s:19:\"system.messages.css\";s:42:\"sites/all/themes/visia/system.messages.css\";s:16:\"system.menus.css\";s:39:\"sites/all/themes/visia/system.menus.css\";}}s:7:\"scripts\";a:15:{s:26:\"javascript/smoothscroll.js\";s:49:\"sites/all/themes/visia/javascript/smoothscroll.js\";s:23:\"javascript/waypoints.js\";s:46:\"sites/all/themes/visia/javascript/waypoints.js\";s:22:\"javascript/parallax.js\";s:45:\"sites/all/themes/visia/javascript/parallax.js\";s:24:\"javascript/navigation.js\";s:47:\"sites/all/themes/visia/javascript/navigation.js\";s:27:\"javascript/jquery.easing.js\";s:50:\"sites/all/themes/visia/javascript/jquery.easing.js\";s:28:\"javascript/jquery.fittext.js\";s:51:\"sites/all/themes/visia/javascript/jquery.fittext.js\";s:32:\"javascript/jquery.localscroll.js\";s:55:\"sites/all/themes/visia/javascript/jquery.localscroll.js\";s:29:\"javascript/jquery.scrollto.js\";s:52:\"sites/all/themes/visia/javascript/jquery.scrollto.js\";s:27:\"javascript/jquery.appear.js\";s:50:\"sites/all/themes/visia/javascript/jquery.appear.js\";s:34:\"javascript/jquery.waitforimages.js\";s:57:\"sites/all/themes/visia/javascript/jquery.waitforimages.js\";s:29:\"javascript/jquery.bxslider.js\";s:52:\"sites/all/themes/visia/javascript/jquery.bxslider.js\";s:28:\"javascript/jquery.fitvids.js\";s:51:\"sites/all/themes/visia/javascript/jquery.fitvids.js\";s:18:\"javascript/main.js\";s:41:\"sites/all/themes/visia/javascript/main.js\";s:24:\"javascript/shortcodes.js\";s:47:\"sites/all/themes/visia/javascript/shortcodes.js\";s:19:\"javascript/visia.js\";s:42:\"sites/all/themes/visia/javascript/visia.js\";}s:7:\"regions\";a:13:{s:7:\"sidebar\";s:7:\"Sidebar\";s:7:\"content\";s:7:\"Content\";s:15:\"main_navigation\";s:15:\"Main Navigation\";s:10:\"footer_top\";s:10:\"Footer Top\";s:19:\"footer_contact_form\";s:19:\"Footer Contact Form\";s:6:\"footer\";s:6:\"Footer\";s:11:\"highlighted\";s:11:\"Highlighted\";s:4:\"help\";s:4:\"Help\";s:8:\"page_top\";s:8:\"Page Top\";s:11:\"page_bottom\";s:11:\"Page Bottom\";s:14:\"dashboard_main\";s:16:\"Dashboard (main)\";s:17:\"dashboard_sidebar\";s:19:\"Dashboard (sidebar)\";s:18:\"dashboard_inactive\";s:20:\"Dashboard (inactive)\";}s:8:\"features\";a:7:{i:0;s:4:\"logo\";i:1;s:4:\"name\";i:2;s:6:\"slogan\";i:3;s:17:\"node_user_picture\";i:4;s:20:\"comment_user_picture\";i:5;s:25:\"comment_user_verification\";i:6;s:7:\"favicon\";}s:8:\"settings\";a:9:{s:11:\"toggle_logo\";s:1:\"1\";s:11:\"toggle_name\";s:1:\"0\";s:13:\"toggle_slogan\";s:1:\"0\";s:24:\"toggle_node_user_picture\";s:1:\"0\";s:19:\"content_column_size\";s:1:\"4\";s:17:\"enable_breadcrumb\";s:1:\"0\";s:11:\"theme_color\";s:12:\"ruby-red.css\";s:12:\"use_parallax\";s:1:\"1\";s:17:\"visia_page_loader\";s:1:\"*\";}s:6:\"engine\";s:11:\"phptemplate\";s:10:\"screenshot\";s:37:\"sites/all/themes/visia/screenshot.png\";s:3:\"php\";s:5:\"5.2.4\";s:15:\"overlay_regions\";a:3:{i:0;s:14:\"dashboard_main\";i:1;s:17:\"dashboard_sidebar\";i:2;s:18:\"dashboard_inactive\";}s:14:\"regions_hidden\";a:2:{i:0;s:8:\"page_top\";i:1;s:11:\"page_bottom\";}s:28:\"overlay_supplemental_regions\";a:1:{i:0;s:11:\"page_bottom\";}}'),('themes/bartik/bartik.info','bartik','theme','themes/engines/phptemplate/phptemplate.engine',1,0,-1,0,'a:18:{s:4:\"name\";s:6:\"Bartik\";s:11:\"description\";s:48:\"A flexible, recolorable theme with many regions.\";s:7:\"package\";s:4:\"Core\";s:7:\"version\";s:4:\"7.28\";s:4:\"core\";s:3:\"7.x\";s:11:\"stylesheets\";a:2:{s:3:\"all\";a:3:{s:14:\"css/layout.css\";s:28:\"themes/bartik/css/layout.css\";s:13:\"css/style.css\";s:27:\"themes/bartik/css/style.css\";s:14:\"css/colors.css\";s:28:\"themes/bartik/css/colors.css\";}s:5:\"print\";a:1:{s:13:\"css/print.css\";s:27:\"themes/bartik/css/print.css\";}}s:7:\"regions\";a:20:{s:6:\"header\";s:6:\"Header\";s:4:\"help\";s:4:\"Help\";s:8:\"page_top\";s:8:\"Page top\";s:11:\"page_bottom\";s:11:\"Page bottom\";s:11:\"highlighted\";s:11:\"Highlighted\";s:8:\"featured\";s:8:\"Featured\";s:7:\"content\";s:7:\"Content\";s:13:\"sidebar_first\";s:13:\"Sidebar first\";s:14:\"sidebar_second\";s:14:\"Sidebar second\";s:14:\"triptych_first\";s:14:\"Triptych first\";s:15:\"triptych_middle\";s:15:\"Triptych middle\";s:13:\"triptych_last\";s:13:\"Triptych last\";s:18:\"footer_firstcolumn\";s:19:\"Footer first column\";s:19:\"footer_secondcolumn\";s:20:\"Footer second column\";s:18:\"footer_thirdcolumn\";s:19:\"Footer third column\";s:19:\"footer_fourthcolumn\";s:20:\"Footer fourth column\";s:6:\"footer\";s:6:\"Footer\";s:14:\"dashboard_main\";s:16:\"Dashboard (main)\";s:17:\"dashboard_sidebar\";s:19:\"Dashboard (sidebar)\";s:18:\"dashboard_inactive\";s:20:\"Dashboard (inactive)\";}s:8:\"settings\";a:1:{s:20:\"shortcut_module_link\";s:1:\"0\";}s:7:\"project\";s:6:\"drupal\";s:9:\"datestamp\";s:10:\"1399522731\";s:6:\"engine\";s:11:\"phptemplate\";s:8:\"features\";a:9:{i:0;s:4:\"logo\";i:1;s:7:\"favicon\";i:2;s:4:\"name\";i:3;s:6:\"slogan\";i:4;s:17:\"node_user_picture\";i:5;s:20:\"comment_user_picture\";i:6;s:25:\"comment_user_verification\";i:7;s:9:\"main_menu\";i:8;s:14:\"secondary_menu\";}s:10:\"screenshot\";s:28:\"themes/bartik/screenshot.png\";s:3:\"php\";s:5:\"5.2.4\";s:7:\"scripts\";a:0:{}s:15:\"overlay_regions\";a:3:{i:0;s:14:\"dashboard_main\";i:1;s:17:\"dashboard_sidebar\";i:2;s:18:\"dashboard_inactive\";}s:14:\"regions_hidden\";a:2:{i:0;s:8:\"page_top\";i:1;s:11:\"page_bottom\";}s:28:\"overlay_supplemental_regions\";a:1:{i:0;s:11:\"page_bottom\";}}'),('themes/garland/garland.info','garland','theme','themes/engines/phptemplate/phptemplate.engine',0,0,-1,0,'a:18:{s:4:\"name\";s:7:\"Garland\";s:11:\"description\";s:111:\"A multi-column theme which can be configured to modify colors and switch between fixed and fluid width layouts.\";s:7:\"package\";s:4:\"Core\";s:7:\"version\";s:4:\"7.28\";s:4:\"core\";s:3:\"7.x\";s:11:\"stylesheets\";a:2:{s:3:\"all\";a:1:{s:9:\"style.css\";s:24:\"themes/garland/style.css\";}s:5:\"print\";a:1:{s:9:\"print.css\";s:24:\"themes/garland/print.css\";}}s:8:\"settings\";a:1:{s:13:\"garland_width\";s:5:\"fluid\";}s:7:\"project\";s:6:\"drupal\";s:9:\"datestamp\";s:10:\"1399522731\";s:6:\"engine\";s:11:\"phptemplate\";s:7:\"regions\";a:12:{s:13:\"sidebar_first\";s:12:\"Left sidebar\";s:14:\"sidebar_second\";s:13:\"Right sidebar\";s:7:\"content\";s:7:\"Content\";s:6:\"header\";s:6:\"Header\";s:6:\"footer\";s:6:\"Footer\";s:11:\"highlighted\";s:11:\"Highlighted\";s:4:\"help\";s:4:\"Help\";s:8:\"page_top\";s:8:\"Page top\";s:11:\"page_bottom\";s:11:\"Page bottom\";s:14:\"dashboard_main\";s:16:\"Dashboard (main)\";s:17:\"dashboard_sidebar\";s:19:\"Dashboard (sidebar)\";s:18:\"dashboard_inactive\";s:20:\"Dashboard (inactive)\";}s:8:\"features\";a:9:{i:0;s:4:\"logo\";i:1;s:7:\"favicon\";i:2;s:4:\"name\";i:3;s:6:\"slogan\";i:4;s:17:\"node_user_picture\";i:5;s:20:\"comment_user_picture\";i:6;s:25:\"comment_user_verification\";i:7;s:9:\"main_menu\";i:8;s:14:\"secondary_menu\";}s:10:\"screenshot\";s:29:\"themes/garland/screenshot.png\";s:3:\"php\";s:5:\"5.2.4\";s:7:\"scripts\";a:0:{}s:15:\"overlay_regions\";a:3:{i:0;s:14:\"dashboard_main\";i:1;s:17:\"dashboard_sidebar\";i:2;s:18:\"dashboard_inactive\";}s:14:\"regions_hidden\";a:2:{i:0;s:8:\"page_top\";i:1;s:11:\"page_bottom\";}s:28:\"overlay_supplemental_regions\";a:1:{i:0;s:11:\"page_bottom\";}}'),('themes/seven/seven.info','seven','theme','themes/engines/phptemplate/phptemplate.engine',1,0,-1,0,'a:18:{s:4:\"name\";s:5:\"Seven\";s:11:\"description\";s:65:\"A simple one-column, tableless, fluid width administration theme.\";s:7:\"package\";s:4:\"Core\";s:7:\"version\";s:4:\"7.28\";s:4:\"core\";s:3:\"7.x\";s:11:\"stylesheets\";a:1:{s:6:\"screen\";a:2:{s:9:\"reset.css\";s:22:\"themes/seven/reset.css\";s:9:\"style.css\";s:22:\"themes/seven/style.css\";}}s:8:\"settings\";a:1:{s:20:\"shortcut_module_link\";s:1:\"1\";}s:7:\"regions\";a:8:{s:7:\"content\";s:7:\"Content\";s:4:\"help\";s:4:\"Help\";s:8:\"page_top\";s:8:\"Page top\";s:11:\"page_bottom\";s:11:\"Page bottom\";s:13:\"sidebar_first\";s:13:\"First sidebar\";s:14:\"dashboard_main\";s:16:\"Dashboard (main)\";s:17:\"dashboard_sidebar\";s:19:\"Dashboard (sidebar)\";s:18:\"dashboard_inactive\";s:20:\"Dashboard (inactive)\";}s:14:\"regions_hidden\";a:3:{i:0;s:13:\"sidebar_first\";i:1;s:8:\"page_top\";i:2;s:11:\"page_bottom\";}s:7:\"project\";s:6:\"drupal\";s:9:\"datestamp\";s:10:\"1399522731\";s:6:\"engine\";s:11:\"phptemplate\";s:8:\"features\";a:9:{i:0;s:4:\"logo\";i:1;s:7:\"favicon\";i:2;s:4:\"name\";i:3;s:6:\"slogan\";i:4;s:17:\"node_user_picture\";i:5;s:20:\"comment_user_picture\";i:6;s:25:\"comment_user_verification\";i:7;s:9:\"main_menu\";i:8;s:14:\"secondary_menu\";}s:10:\"screenshot\";s:27:\"themes/seven/screenshot.png\";s:3:\"php\";s:5:\"5.2.4\";s:7:\"scripts\";a:0:{}s:15:\"overlay_regions\";a:3:{i:0;s:14:\"dashboard_main\";i:1;s:17:\"dashboard_sidebar\";i:2;s:18:\"dashboard_inactive\";}s:28:\"overlay_supplemental_regions\";a:1:{i:0;s:11:\"page_bottom\";}}'),('themes/stark/stark.info','stark','theme','themes/engines/phptemplate/phptemplate.engine',0,0,-1,0,'a:17:{s:4:\"name\";s:5:\"Stark\";s:11:\"description\";s:208:\"This theme demonstrates Drupal\'s default HTML markup and CSS styles. To learn how to build your own theme and override Drupal\'s default code, see the <a href=\"http://drupal.org/theme-guide\">Theming Guide</a>.\";s:7:\"package\";s:4:\"Core\";s:7:\"version\";s:4:\"7.28\";s:4:\"core\";s:3:\"7.x\";s:11:\"stylesheets\";a:1:{s:3:\"all\";a:1:{s:10:\"layout.css\";s:23:\"themes/stark/layout.css\";}}s:7:\"project\";s:6:\"drupal\";s:9:\"datestamp\";s:10:\"1399522731\";s:6:\"engine\";s:11:\"phptemplate\";s:7:\"regions\";a:12:{s:13:\"sidebar_first\";s:12:\"Left sidebar\";s:14:\"sidebar_second\";s:13:\"Right sidebar\";s:7:\"content\";s:7:\"Content\";s:6:\"header\";s:6:\"Header\";s:6:\"footer\";s:6:\"Footer\";s:11:\"highlighted\";s:11:\"Highlighted\";s:4:\"help\";s:4:\"Help\";s:8:\"page_top\";s:8:\"Page top\";s:11:\"page_bottom\";s:11:\"Page bottom\";s:14:\"dashboard_main\";s:16:\"Dashboard (main)\";s:17:\"dashboard_sidebar\";s:19:\"Dashboard (sidebar)\";s:18:\"dashboard_inactive\";s:20:\"Dashboard (inactive)\";}s:8:\"features\";a:9:{i:0;s:4:\"logo\";i:1;s:7:\"favicon\";i:2;s:4:\"name\";i:3;s:6:\"slogan\";i:4;s:17:\"node_user_picture\";i:5;s:20:\"comment_user_picture\";i:6;s:25:\"comment_user_verification\";i:7;s:9:\"main_menu\";i:8;s:14:\"secondary_menu\";}s:10:\"screenshot\";s:27:\"themes/stark/screenshot.png\";s:3:\"php\";s:5:\"5.2.4\";s:7:\"scripts\";a:0:{}s:15:\"overlay_regions\";a:3:{i:0;s:14:\"dashboard_main\";i:1;s:17:\"dashboard_sidebar\";i:2;s:18:\"dashboard_inactive\";}s:14:\"regions_hidden\";a:2:{i:0;s:8:\"page_top\";i:1;s:11:\"page_bottom\";}s:28:\"overlay_supplemental_regions\";a:1:{i:0;s:11:\"page_bottom\";}}');

--
-- Table structure for table `taxonomy_index`
--

CREATE TABLE `taxonomy_index` (
  `nid` int(10) unsigned NOT NULL DEFAULT '0' COMMENT 'The node.nid this record tracks.',
  `tid` int(10) unsigned NOT NULL DEFAULT '0' COMMENT 'The term ID.',
  `sticky` tinyint(4) DEFAULT '0' COMMENT 'Boolean indicating whether the node is sticky.',
  `created` int(11) NOT NULL DEFAULT '0' COMMENT 'The Unix timestamp when the node was created.',
  KEY `term_node` (`tid`,`sticky`,`created`),
  KEY `nid` (`nid`)
) ENGINE=InnoDB DEFAULT CHARSET=utf8 COMMENT='Maintains denormalized information about node/term...';

--
-- Dumping data for table `taxonomy_index`
--

INSERT INTO `taxonomy_index` VALUES (4,6,0,1381468752),(3,2,0,1381400296),(2,3,0,1381398750),(1,1,0,1381395408),(1,2,0,1381395408),(5,5,0,1381479372),(7,5,0,1381591200);

--
-- Table structure for table `taxonomy_term_data`
--

CREATE TABLE `taxonomy_term_data` (
  `tid` int(10) unsigned NOT NULL AUTO_INCREMENT COMMENT 'Primary Key: Unique term ID.',
  `vid` int(10) unsigned NOT NULL DEFAULT '0' COMMENT 'The taxonomy_vocabulary.vid of the vocabulary to which the term is assigned.',
  `name` varchar(255) NOT NULL DEFAULT '' COMMENT 'The term name.',
  `description` longtext COMMENT 'A description of the term.',
  `format` varchar(255) DEFAULT NULL COMMENT 'The filter_format.format of the description.',
  `weight` int(11) NOT NULL DEFAULT '0' COMMENT 'The weight of this term in relation to other terms.',
  PRIMARY KEY (`tid`),
  KEY `taxonomy_tree` (`vid`,`weight`,`name`),
  KEY `vid_name` (`vid`,`name`),
  KEY `name` (`name`)
) ENGINE=InnoDB AUTO_INCREMENT=7 DEFAULT CHARSET=utf8 COMMENT='Stores term information.';

--
-- Dumping data for table `taxonomy_term_data`
--

INSERT INTO `taxonomy_term_data` VALUES (1,1,'Standard',NULL,NULL,0),(2,1,'Web Design',NULL,NULL,0),(3,1,'Gallery',NULL,NULL,0),(4,2,'Web Development','','filtered_html',0),(5,2,'Web Design','','filtered_html',0),(6,2,'Photography','','filtered_html',0);

--
-- Table structure for table `taxonomy_term_hierarchy`
--

CREATE TABLE `taxonomy_term_hierarchy` (
  `tid` int(10) unsigned NOT NULL DEFAULT '0' COMMENT 'Primary Key: The taxonomy_term_data.tid of the term.',
  `parent` int(10) unsigned NOT NULL DEFAULT '0' COMMENT 'Primary Key: The taxonomy_term_data.tid of the term’s parent. 0 indicates no parent.',
  PRIMARY KEY (`tid`,`parent`),
  KEY `parent` (`parent`)
) ENGINE=InnoDB DEFAULT CHARSET=utf8 COMMENT='Stores the hierarchical relationship between terms.';

--
-- Dumping data for table `taxonomy_term_hierarchy`
--

INSERT INTO `taxonomy_term_hierarchy` VALUES (1,0),(2,0),(3,0),(4,0),(5,0),(6,0);

--
-- Table structure for table `taxonomy_vocabulary`
--

CREATE TABLE `taxonomy_vocabulary` (
  `vid` int(10) unsigned NOT NULL AUTO_INCREMENT COMMENT 'Primary Key: Unique vocabulary ID.',
  `name` varchar(255) NOT NULL DEFAULT '' COMMENT 'Name of the vocabulary.',
  `machine_name` varchar(255) NOT NULL DEFAULT '' COMMENT 'The vocabulary machine name.',
  `description` longtext COMMENT 'Description of the vocabulary.',
  `hierarchy` tinyint(3) unsigned NOT NULL DEFAULT '0' COMMENT 'The type of hierarchy allowed within the vocabulary. (0 = disabled, 1 = single, 2 = multiple)',
  `module` varchar(255) NOT NULL DEFAULT '' COMMENT 'The module which created the vocabulary.',
  `weight` int(11) NOT NULL DEFAULT '0' COMMENT 'The weight of this vocabulary in relation to other vocabularies.',
  PRIMARY KEY (`vid`),
  UNIQUE KEY `machine_name` (`machine_name`),
  KEY `list` (`weight`,`name`)
) ENGINE=InnoDB AUTO_INCREMENT=3 DEFAULT CHARSET=utf8 COMMENT='Stores vocabulary information.';

--
-- Dumping data for table `taxonomy_vocabulary`
--

INSERT INTO `taxonomy_vocabulary` VALUES (1,'Tags','tags','Use tags to group articles on similar topics into categories.',0,'taxonomy',0),(2,'Portfolio categories','portfolio_categories','',0,'taxonomy',0);

--
-- Table structure for table `url_alias`
--

CREATE TABLE `url_alias` (
  `pid` int(10) unsigned NOT NULL AUTO_INCREMENT COMMENT 'A unique path alias identifier.',
  `source` varchar(255) NOT NULL DEFAULT '' COMMENT 'The Drupal path this alias is for; e.g. node/12.',
  `alias` varchar(255) NOT NULL DEFAULT '' COMMENT 'The alias for this path; e.g. title-of-the-story.',
  `language` varchar(12) NOT NULL DEFAULT '' COMMENT 'The language this alias is for; if ’und’, the alias will be used for unknown languages. Each Drupal path can have an alias for each supported language.',
  PRIMARY KEY (`pid`),
  KEY `alias_language_pid` (`alias`,`language`,`pid`),
  KEY `source_language_pid` (`source`,`language`,`pid`)
) ENGINE=InnoDB AUTO_INCREMENT=16 DEFAULT CHARSET=utf8 COMMENT='A list of URL aliases for Drupal paths; a user may visit...';

--
-- Dumping data for table `url_alias`
--

INSERT INTO `url_alias` VALUES (1,'taxonomy/term/1','tags/standard','und'),(2,'taxonomy/term/2','tags/web-design','und'),(3,'node/1','blog/standard-post-goodies','und'),(4,'user/1','users/admin','und'),(5,'taxonomy/term/3','tags/gallery','und'),(6,'node/2','blog/gallery-post-gallery','und'),(7,'node/3','blog/nam-erat-felis','und'),(8,'taxonomy/term/4','portfolio-categories/web-development','und'),(9,'taxonomy/term/5','portfolio-categories/web-design','und'),(10,'taxonomy/term/6','portfolio-categories/photography','und'),(11,'node/4','portfolio/sweet-candy','und'),(12,'node/5','portfolio/soul-digital','und'),(13,'node/6','content/shortcodes','und'),(14,'node/7','portfolio/axel','und'),(15,'page/2','home-parallax-video','und');

--
-- Table structure for table `users_roles`
--

CREATE TABLE `users_roles` (
  `uid` int(10) unsigned NOT NULL DEFAULT '0' COMMENT 'Primary Key: users.uid for user.',
  `rid` int(10) unsigned NOT NULL DEFAULT '0' COMMENT 'Primary Key: role.rid for role.',
  PRIMARY KEY (`uid`,`rid`),
  KEY `rid` (`rid`)
) ENGINE=InnoDB DEFAULT CHARSET=utf8 COMMENT='Maps users to roles.';

--
-- Dumping data for table `users_roles`
--

INSERT INTO `users_roles` VALUES (1,3);

--
-- Table structure for table `variable`
--

CREATE TABLE `variable` (
  `name` varchar(128) NOT NULL DEFAULT '' COMMENT 'The name of the variable.',
  `value` longblob NOT NULL COMMENT 'The value of the variable.',
  PRIMARY KEY (`name`)
) ENGINE=InnoDB DEFAULT CHARSET=utf8 COMMENT='Named variable/value pairs created by Drupal core or any...';

--
-- Dumping data for table `variable`
--

INSERT INTO `variable` VALUES ('additional_settings__active_tab_blog','s:12:\"edit-display\";'),('additional_settings__active_tab_portfolio','s:12:\"edit-display\";'),('admin_theme','s:5:\"seven\";'),('clean_url','s:1:\"1\";'),('comment_anonymous_blog','i:0;'),('comment_anonymous_portfolio','i:0;'),('comment_block_count','i:10;'),('comment_blog','s:1:\"2\";'),('comment_default_mode_blog','i:1;'),('comment_default_mode_portfolio','i:1;'),('comment_default_per_page_blog','s:2:\"50\";'),('comment_default_per_page_portfolio','s:2:\"50\";'),('comment_form_location_blog','i:1;'),('comment_form_location_portfolio','i:1;'),('comment_page','i:0;'),('comment_portfolio','s:1:\"0\";'),('comment_preview_blog','s:1:\"1\";'),('comment_preview_portfolio','s:1:\"0\";'),('comment_subject_field_blog','i:1;'),('comment_subject_field_portfolio','i:0;'),('cron_key','s:43:\"9-MeHIi4tZELkpWgEG6jNDupwNw6YcDtR1KRBXLEwlY\";'),('cron_last','i:1403076942;'),('css_js_query_string','s:6:\"n7cxnr\";'),('ctools_last_cron','i:1403076942;'),('date_default_timezone','s:12:\"Asia/Bangkok\";'),('default_nodes_main','s:2:\"10\";'),('drupal_http_request_fails','b:0;'),('drupal_private_key','s:43:\"P8kj3HAkb8ARsMgs7QrtfRiooDJ-BXRqC6sGx2ZUAjg\";'),('field_bundle_settings_node__blog','a:2:{s:10:\"view_modes\";a:6:{s:6:\"teaser\";a:1:{s:15:\"custom_settings\";b:1;}s:4:\"full\";a:1:{s:15:\"custom_settings\";b:0;}s:3:\"rss\";a:1:{s:15:\"custom_settings\";b:0;}s:12:\"search_index\";a:1:{s:15:\"custom_settings\";b:0;}s:13:\"search_result\";a:1:{s:15:\"custom_settings\";b:0;}s:5:\"token\";a:1:{s:15:\"custom_settings\";b:0;}}s:12:\"extra_fields\";a:2:{s:4:\"form\";a:2:{s:5:\"title\";a:1:{s:6:\"weight\";s:1:\"0\";}s:4:\"path\";a:1:{s:6:\"weight\";s:1:\"1\";}}s:7:\"display\";a:0:{}}}'),('field_bundle_settings_node__portfolio','a:2:{s:10:\"view_modes\";a:6:{s:6:\"teaser\";a:1:{s:15:\"custom_settings\";b:1;}s:4:\"full\";a:1:{s:15:\"custom_settings\";b:0;}s:3:\"rss\";a:1:{s:15:\"custom_settings\";b:0;}s:12:\"search_index\";a:1:{s:15:\"custom_settings\";b:0;}s:13:\"search_result\";a:1:{s:15:\"custom_settings\";b:0;}s:5:\"token\";a:1:{s:15:\"custom_settings\";b:0;}}s:12:\"extra_fields\";a:2:{s:4:\"form\";a:2:{s:5:\"title\";a:1:{s:6:\"weight\";s:2:\"-5\";}s:4:\"path\";a:1:{s:6:\"weight\";s:2:\"30\";}}s:7:\"display\";a:0:{}}}'),('file_temporary_path','s:4:\"/tmp\";'),('filter_fallback_format','s:10:\"plain_text\";'),('install_profile','s:8:\"standard\";'),('install_task','s:4:\"done\";'),('install_time','i:1379752792;'),('jquery_update_compression_type','s:3:\"min\";'),('jquery_update_jquery_cdn','s:4:\"none\";'),('jquery_update_jquery_version','s:3:\"1.7\";'),('maintenance_mode','b:0;'),('menu_default_active_menus','a:4:{i:1;s:9:\"main-menu\";i:2;s:10:\"management\";i:3;s:10:\"navigation\";i:4;s:9:\"user-menu\";}'),('menu_expanded','a:1:{i:0;s:9:\"main-menu\";}'),('menu_masks','a:35:{i:0;i:501;i:1;i:493;i:2;i:250;i:3;i:247;i:4;i:246;i:5;i:245;i:6;i:125;i:7;i:124;i:8;i:123;i:9;i:122;i:10;i:121;i:11;i:117;i:12;i:63;i:13;i:62;i:14;i:61;i:15;i:60;i:16;i:59;i:17;i:58;i:18;i:44;i:19;i:31;i:20;i:30;i:21;i:29;i:22;i:28;i:23;i:24;i:24;i:21;i:25;i:15;i:26;i:14;i:27;i:13;i:28;i:11;i:29;i:7;i:30;i:6;i:31;i:5;i:32;i:3;i:33;i:2;i:34;i:1;}'),('menu_options_blog','a:1:{i:0;s:9:\"main-menu\";}'),('menu_options_portfolio','a:1:{i:0;s:9:\"main-menu\";}'),('menu_parent_blog','s:11:\"main-menu:0\";'),('menu_parent_portfolio','s:11:\"main-menu:0\";'),('node_admin_theme','s:1:\"1\";'),('node_cron_last','s:10:\"1381591200\";'),('node_options_blog','a:2:{i:0;s:6:\"status\";i:1;s:7:\"promote\";}'),('node_options_page','a:1:{i:0;s:6:\"status\";}'),('node_options_portfolio','a:1:{i:0;s:6:\"status\";}'),('node_preview_blog','s:1:\"0\";'),('node_preview_portfolio','s:1:\"0\";'),('node_submitted_blog','i:1;'),('node_submitted_page','b:0;'),('node_submitted_portfolio','i:0;'),('pathauto_blog_pattern','s:17:\"blogs/[user:name]\";'),('pathauto_forum_pattern','s:29:\"[term:vocabulary]/[term:name]\";'),('pathauto_node_article_pattern','s:0:\"\";'),('pathauto_node_blog_pattern','s:17:\"blog/[node:title]\";'),('pathauto_node_page_pattern','s:0:\"\";'),('pathauto_node_pattern','s:20:\"content/[node:title]\";'),('pathauto_node_portfolio_pattern','s:22:\"portfolio/[node:title]\";'),('pathauto_punctuation_hyphen','i:1;'),('pathauto_taxonomy_term_pattern','s:29:\"[term:vocabulary]/[term:name]\";'),('pathauto_taxonomy_term_portfolio_categories_pattern','s:0:\"\";'),('pathauto_taxonomy_term_tags_pattern','s:0:\"\";'),('pathauto_user_pattern','s:17:\"users/[user:name]\";'),('path_alias_whitelist','a:4:{s:4:\"node\";b:1;s:4:\"page\";b:1;s:8:\"taxonomy\";b:1;s:4:\"user\";b:1;}'),('save_continue_blog','s:19:\"Save and add fields\";'),('save_continue_portfolio','s:19:\"Save and add fields\";'),('simple_contact_auto_reply','s:0:\"\";'),('simple_contact_recipients','s:14:\"toan@tabvn.com\";'),('site_403','s:0:\"\";'),('site_404','s:0:\"\";'),('site_default_country','s:0:\"\";'),('site_frontpage','s:6:\"page/1\";'),('site_mail','s:14:\"toan@tabvn.com\";'),('site_name','s:5:\"Visia\";'),('site_slogan','s:0:\"\";'),('theme_default','s:5:\"visia\";'),('theme_visia_settings','a:20:{s:11:\"toggle_logo\";i:1;s:11:\"toggle_name\";i:0;s:13:\"toggle_slogan\";i:0;s:24:\"toggle_node_user_picture\";i:0;s:27:\"toggle_comment_user_picture\";i:1;s:32:\"toggle_comment_user_verification\";i:1;s:14:\"toggle_favicon\";i:1;s:12:\"default_logo\";i:1;s:9:\"logo_path\";s:0:\"\";s:11:\"logo_upload\";s:0:\"\";s:15:\"default_favicon\";i:1;s:12:\"favicon_path\";s:0:\"\";s:14:\"favicon_upload\";s:0:\"\";s:17:\"visia_page_loader\";s:1:\"*\";s:17:\"enable_breadcrumb\";i:0;s:12:\"use_parallax\";i:1;s:19:\"content_column_size\";s:1:\"4\";s:11:\"theme_color\";s:12:\"ruby-red.css\";s:16:\"custom_theme_css\";s:0:\"\";s:20:\"settings__active_tab\";s:12:\"edit-general\";}'),('update_last_check','i:1403076948;'),('update_last_email_notification','i:1402284818;'),('update_notify_emails','a:1:{i:0;s:14:\"toan@tabvn.com\";}'),('user_admin_role','s:1:\"3\";'),('user_pictures','s:1:\"1\";'),('user_picture_dimensions','s:9:\"1024x1024\";'),('user_picture_file_size','s:3:\"800\";'),('user_picture_style','s:9:\"thumbnail\";'),('user_register','i:2;');

--
-- Table structure for table `views_display`
--

CREATE TABLE `views_display` (
  `vid` int(10) unsigned NOT NULL DEFAULT '0' COMMENT 'The view this display is attached to.',
  `id` varchar(64) NOT NULL DEFAULT '' COMMENT 'An identifier for this display; usually generated from the display_plugin, so should be something like page or page_1 or block_2, etc.',
  `display_title` varchar(64) NOT NULL DEFAULT '' COMMENT 'The title of the display, viewable by the administrator.',
  `display_plugin` varchar(64) NOT NULL DEFAULT '' COMMENT 'The type of the display. Usually page, block or embed, but is pluggable so may be other things.',
  `position` int(11) DEFAULT '0' COMMENT 'The order in which this display is loaded.',
  `display_options` longtext COMMENT 'A serialized array of options for this display; it contains options that are generally only pertinent to that display plugin type.',
  PRIMARY KEY (`vid`,`id`),
  KEY `vid` (`vid`,`position`)
) ENGINE=InnoDB DEFAULT CHARSET=utf8 COMMENT='Stores information about each display attached to a view.';

--
-- Dumping data for table `views_display`
--

INSERT INTO `views_display` VALUES (1,'default','Master','default',1,'a:12:{s:5:\"query\";a:2:{s:4:\"type\";s:11:\"views_query\";s:7:\"options\";a:0:{}}s:6:\"access\";a:1:{s:4:\"type\";s:4:\"perm\";}s:5:\"cache\";a:1:{s:4:\"type\";s:4:\"none\";}s:12:\"exposed_form\";a:1:{s:4:\"type\";s:5:\"basic\";}s:5:\"pager\";a:2:{s:4:\"type\";s:4:\"full\";s:7:\"options\";a:7:{s:14:\"items_per_page\";s:1:\"8\";s:6:\"offset\";s:1:\"0\";s:2:\"id\";s:1:\"0\";s:11:\"total_pages\";s:0:\"\";s:8:\"quantity\";s:1:\"9\";s:4:\"tags\";a:4:{s:5:\"first\";s:8:\"« first\";s:8:\"previous\";s:12:\"‹ previous\";s:4:\"next\";s:8:\"next ›\";s:4:\"last\";s:7:\"last »\";}s:6:\"expose\";a:7:{s:14:\"items_per_page\";i:0;s:20:\"items_per_page_label\";s:14:\"Items per page\";s:22:\"items_per_page_options\";s:17:\"5, 10, 20, 40, 60\";s:26:\"items_per_page_options_all\";i:0;s:32:\"items_per_page_options_all_label\";s:7:\"- All -\";s:6:\"offset\";i:0;s:12:\"offset_label\";s:6:\"Offset\";}}}s:12:\"style_plugin\";s:7:\"default\";s:10:\"row_plugin\";s:4:\"node\";s:6:\"fields\";a:1:{s:5:\"title\";a:8:{s:2:\"id\";s:5:\"title\";s:5:\"table\";s:4:\"node\";s:5:\"field\";s:5:\"title\";s:5:\"label\";s:0:\"\";s:5:\"alter\";a:8:{s:10:\"alter_text\";i:0;s:9:\"make_link\";i:0;s:8:\"absolute\";i:0;s:4:\"trim\";i:0;s:13:\"word_boundary\";i:0;s:8:\"ellipsis\";i:0;s:10:\"strip_tags\";i:0;s:4:\"html\";i:0;}s:10:\"hide_empty\";i:0;s:10:\"empty_zero\";i:0;s:12:\"link_to_node\";i:1;}}s:7:\"filters\";a:2:{s:6:\"status\";a:6:{s:5:\"value\";i:1;s:5:\"table\";s:4:\"node\";s:5:\"field\";s:6:\"status\";s:2:\"id\";s:6:\"status\";s:6:\"expose\";a:1:{s:8:\"operator\";b:0;}s:5:\"group\";i:1;}s:4:\"type\";a:4:{s:2:\"id\";s:4:\"type\";s:5:\"table\";s:4:\"node\";s:5:\"field\";s:4:\"type\";s:5:\"value\";a:1:{s:4:\"blog\";s:4:\"blog\";}}}s:5:\"sorts\";a:1:{s:7:\"created\";a:4:{s:2:\"id\";s:7:\"created\";s:5:\"table\";s:4:\"node\";s:5:\"field\";s:7:\"created\";s:5:\"order\";s:4:\"DESC\";}}s:5:\"title\";s:4:\"Blog\";s:11:\"row_options\";a:3:{s:10:\"build_mode\";s:6:\"teaser\";s:5:\"links\";b:1;s:8:\"comments\";b:0;}}'),(1,'page','Page','page',2,'a:3:{s:5:\"query\";a:2:{s:4:\"type\";s:11:\"views_query\";s:7:\"options\";a:0:{}}s:4:\"path\";s:4:\"blog\";s:4:\"menu\";a:3:{s:4:\"type\";s:6:\"normal\";s:5:\"title\";s:4:\"Blog\";s:4:\"name\";s:9:\"main-menu\";}}'),(2,'block','Block','block',2,'a:2:{s:5:\"query\";a:2:{s:4:\"type\";s:11:\"views_query\";s:7:\"options\";a:0:{}}s:5:\"field\";a:1:{s:5:\"title\";a:1:{s:12:\"link_to_node\";i:1;}}}'),(2,'default','Master','default',1,'a:14:{s:5:\"query\";a:2:{s:4:\"type\";s:11:\"views_query\";s:7:\"options\";a:0:{}}s:6:\"access\";a:1:{s:4:\"type\";s:4:\"perm\";}s:5:\"cache\";a:1:{s:4:\"type\";s:4:\"none\";}s:12:\"exposed_form\";a:1:{s:4:\"type\";s:5:\"basic\";}s:5:\"pager\";a:2:{s:4:\"type\";s:4:\"none\";s:7:\"options\";a:1:{s:14:\"items_per_page\";s:1:\"0\";}}s:12:\"style_plugin\";s:29:\"views_bs_isotope_plugin_style\";s:10:\"row_plugin\";s:6:\"fields\";s:6:\"fields\";a:5:{s:5:\"title\";a:22:{s:2:\"id\";s:5:\"title\";s:5:\"table\";s:4:\"node\";s:5:\"field\";s:5:\"title\";s:12:\"relationship\";s:4:\"none\";s:10:\"group_type\";s:5:\"group\";s:7:\"ui_name\";s:0:\"\";s:5:\"label\";s:0:\"\";s:7:\"exclude\";i:1;s:5:\"alter\";a:26:{s:10:\"alter_text\";i:0;s:4:\"text\";s:0:\"\";s:9:\"make_link\";i:0;s:4:\"path\";s:0:\"\";s:8:\"absolute\";i:0;s:8:\"external\";i:0;s:14:\"replace_spaces\";i:0;s:9:\"path_case\";s:4:\"none\";s:15:\"trim_whitespace\";i:0;s:3:\"alt\";s:0:\"\";s:3:\"rel\";s:0:\"\";s:10:\"link_class\";s:0:\"\";s:6:\"prefix\";s:0:\"\";s:6:\"suffix\";s:0:\"\";s:6:\"target\";s:0:\"\";s:5:\"nl2br\";i:0;s:10:\"max_length\";s:0:\"\";s:13:\"word_boundary\";i:0;s:8:\"ellipsis\";i:0;s:9:\"more_link\";i:0;s:14:\"more_link_text\";s:0:\"\";s:14:\"more_link_path\";s:0:\"\";s:10:\"strip_tags\";i:0;s:4:\"trim\";i:0;s:13:\"preserve_tags\";s:0:\"\";s:4:\"html\";i:0;}s:12:\"element_type\";s:1:\"0\";s:13:\"element_class\";s:0:\"\";s:18:\"element_label_type\";s:0:\"\";s:19:\"element_label_class\";s:0:\"\";s:19:\"element_label_colon\";b:0;s:20:\"element_wrapper_type\";s:0:\"\";s:21:\"element_wrapper_class\";s:0:\"\";s:23:\"element_default_classes\";i:0;s:5:\"empty\";s:0:\"\";s:10:\"hide_empty\";i:0;s:10:\"empty_zero\";i:0;s:16:\"hide_alter_empty\";i:1;s:12:\"link_to_node\";i:0;}s:11:\"field_image\";a:34:{s:2:\"id\";s:11:\"field_image\";s:5:\"table\";s:22:\"field_data_field_image\";s:5:\"field\";s:11:\"field_image\";s:12:\"relationship\";s:4:\"none\";s:10:\"group_type\";s:5:\"group\";s:7:\"ui_name\";s:0:\"\";s:5:\"label\";s:0:\"\";s:7:\"exclude\";i:1;s:5:\"alter\";a:26:{s:10:\"alter_text\";i:0;s:4:\"text\";s:0:\"\";s:9:\"make_link\";i:0;s:4:\"path\";s:0:\"\";s:8:\"absolute\";i:0;s:8:\"external\";i:0;s:14:\"replace_spaces\";i:0;s:9:\"path_case\";s:4:\"none\";s:15:\"trim_whitespace\";i:0;s:3:\"alt\";s:0:\"\";s:3:\"rel\";s:0:\"\";s:10:\"link_class\";s:0:\"\";s:6:\"prefix\";s:0:\"\";s:6:\"suffix\";s:0:\"\";s:6:\"target\";s:0:\"\";s:5:\"nl2br\";i:0;s:10:\"max_length\";s:0:\"\";s:13:\"word_boundary\";i:1;s:8:\"ellipsis\";i:1;s:9:\"more_link\";i:0;s:14:\"more_link_text\";s:0:\"\";s:14:\"more_link_path\";s:0:\"\";s:10:\"strip_tags\";i:0;s:4:\"trim\";i:0;s:13:\"preserve_tags\";s:0:\"\";s:4:\"html\";i:0;}s:12:\"element_type\";s:0:\"\";s:13:\"element_class\";s:0:\"\";s:18:\"element_label_type\";s:0:\"\";s:19:\"element_label_class\";s:0:\"\";s:19:\"element_label_colon\";b:0;s:20:\"element_wrapper_type\";s:0:\"\";s:21:\"element_wrapper_class\";s:0:\"\";s:23:\"element_default_classes\";i:1;s:5:\"empty\";s:0:\"\";s:10:\"hide_empty\";i:0;s:10:\"empty_zero\";i:0;s:16:\"hide_alter_empty\";i:1;s:17:\"click_sort_column\";s:3:\"fid\";s:4:\"type\";s:5:\"image\";s:8:\"settings\";a:2:{s:11:\"image_style\";s:14:\"portfolio_item\";s:10:\"image_link\";s:0:\"\";}s:12:\"group_column\";s:0:\"\";s:13:\"group_columns\";a:0:{}s:10:\"group_rows\";i:1;s:11:\"delta_limit\";s:1:\"1\";s:12:\"delta_offset\";s:1:\"0\";s:14:\"delta_reversed\";i:0;s:16:\"delta_first_last\";i:0;s:10:\"multi_type\";s:9:\"separator\";s:9:\"separator\";s:2:\", \";s:17:\"field_api_classes\";i:0;}s:4:\"path\";a:22:{s:2:\"id\";s:4:\"path\";s:5:\"table\";s:4:\"node\";s:5:\"field\";s:4:\"path\";s:12:\"relationship\";s:4:\"none\";s:10:\"group_type\";s:5:\"group\";s:7:\"ui_name\";s:0:\"\";s:5:\"label\";s:0:\"\";s:7:\"exclude\";i:1;s:5:\"alter\";a:26:{s:10:\"alter_text\";i:0;s:4:\"text\";s:0:\"\";s:9:\"make_link\";i:0;s:4:\"path\";s:0:\"\";s:8:\"absolute\";i:0;s:8:\"external\";i:0;s:14:\"replace_spaces\";i:0;s:9:\"path_case\";s:4:\"none\";s:15:\"trim_whitespace\";i:0;s:3:\"alt\";s:0:\"\";s:3:\"rel\";s:0:\"\";s:10:\"link_class\";s:0:\"\";s:6:\"prefix\";s:0:\"\";s:6:\"suffix\";s:0:\"\";s:6:\"target\";s:0:\"\";s:5:\"nl2br\";i:0;s:10:\"max_length\";s:0:\"\";s:13:\"word_boundary\";i:1;s:8:\"ellipsis\";i:1;s:9:\"more_link\";i:0;s:14:\"more_link_text\";s:0:\"\";s:14:\"more_link_path\";s:0:\"\";s:10:\"strip_tags\";i:0;s:4:\"trim\";i:0;s:13:\"preserve_tags\";s:0:\"\";s:4:\"html\";i:0;}s:12:\"element_type\";s:0:\"\";s:13:\"element_class\";s:0:\"\";s:18:\"element_label_type\";s:0:\"\";s:19:\"element_label_class\";s:0:\"\";s:19:\"element_label_colon\";b:0;s:20:\"element_wrapper_type\";s:0:\"\";s:21:\"element_wrapper_class\";s:0:\"\";s:23:\"element_default_classes\";i:1;s:5:\"empty\";s:0:\"\";s:10:\"hide_empty\";i:0;s:10:\"empty_zero\";i:0;s:16:\"hide_alter_empty\";i:1;s:8:\"absolute\";i:0;}s:24:\"field_portfolio_category\";a:34:{s:2:\"id\";s:24:\"field_portfolio_category\";s:5:\"table\";s:35:\"field_data_field_portfolio_category\";s:5:\"field\";s:24:\"field_portfolio_category\";s:12:\"relationship\";s:4:\"none\";s:10:\"group_type\";s:5:\"group\";s:7:\"ui_name\";s:0:\"\";s:5:\"label\";s:0:\"\";s:7:\"exclude\";i:1;s:5:\"alter\";a:26:{s:10:\"alter_text\";i:0;s:4:\"text\";s:0:\"\";s:9:\"make_link\";i:0;s:4:\"path\";s:0:\"\";s:8:\"absolute\";i:0;s:8:\"external\";i:0;s:14:\"replace_spaces\";i:0;s:9:\"path_case\";s:4:\"none\";s:15:\"trim_whitespace\";i:0;s:3:\"alt\";s:0:\"\";s:3:\"rel\";s:0:\"\";s:10:\"link_class\";s:0:\"\";s:6:\"prefix\";s:0:\"\";s:6:\"suffix\";s:0:\"\";s:6:\"target\";s:0:\"\";s:5:\"nl2br\";i:0;s:10:\"max_length\";s:0:\"\";s:13:\"word_boundary\";i:1;s:8:\"ellipsis\";i:1;s:9:\"more_link\";i:0;s:14:\"more_link_text\";s:0:\"\";s:14:\"more_link_path\";s:0:\"\";s:10:\"strip_tags\";i:0;s:4:\"trim\";i:0;s:13:\"preserve_tags\";s:0:\"\";s:4:\"html\";i:0;}s:12:\"element_type\";s:0:\"\";s:13:\"element_class\";s:0:\"\";s:18:\"element_label_type\";s:0:\"\";s:19:\"element_label_class\";s:0:\"\";s:19:\"element_label_colon\";b:0;s:20:\"element_wrapper_type\";s:0:\"\";s:21:\"element_wrapper_class\";s:0:\"\";s:23:\"element_default_classes\";i:1;s:5:\"empty\";s:0:\"\";s:10:\"hide_empty\";i:0;s:10:\"empty_zero\";i:0;s:16:\"hide_alter_empty\";i:1;s:17:\"click_sort_column\";s:3:\"tid\";s:4:\"type\";s:29:\"taxonomy_term_reference_plain\";s:8:\"settings\";a:0:{}s:12:\"group_column\";s:3:\"tid\";s:13:\"group_columns\";a:0:{}s:10:\"group_rows\";b:1;s:11:\"delta_limit\";s:3:\"all\";s:12:\"delta_offset\";i:0;s:14:\"delta_reversed\";b:0;s:16:\"delta_first_last\";b:0;s:10:\"multi_type\";s:9:\"separator\";s:9:\"separator\";s:2:\", \";s:17:\"field_api_classes\";i:0;}s:7:\"nothing\";a:21:{s:2:\"id\";s:7:\"nothing\";s:5:\"table\";s:5:\"views\";s:5:\"field\";s:7:\"nothing\";s:12:\"relationship\";s:4:\"none\";s:10:\"group_type\";s:5:\"group\";s:7:\"ui_name\";s:0:\"\";s:5:\"label\";s:0:\"\";s:7:\"exclude\";i:0;s:5:\"alter\";a:26:{s:10:\"alter_text\";b:1;s:4:\"text\";s:176:\"<a href=\"#![path]\">\n  [field_image]\n  <div class=\"projectinfo\">\n    <div class=\"meta\">\n      <h4>[title]</h4>\n      <h6>[field_portfolio_category]</h6>\n    </div>\n  </div>\n</a>\";s:9:\"make_link\";i:0;s:4:\"path\";s:0:\"\";s:8:\"absolute\";i:0;s:8:\"external\";i:0;s:14:\"replace_spaces\";i:0;s:9:\"path_case\";s:4:\"none\";s:15:\"trim_whitespace\";i:0;s:3:\"alt\";s:0:\"\";s:3:\"rel\";s:0:\"\";s:10:\"link_class\";s:0:\"\";s:6:\"prefix\";s:0:\"\";s:6:\"suffix\";s:0:\"\";s:6:\"target\";s:0:\"\";s:5:\"nl2br\";i:0;s:10:\"max_length\";s:0:\"\";s:13:\"word_boundary\";i:1;s:8:\"ellipsis\";i:1;s:9:\"more_link\";i:0;s:14:\"more_link_text\";s:0:\"\";s:14:\"more_link_path\";s:0:\"\";s:10:\"strip_tags\";i:0;s:4:\"trim\";i:0;s:13:\"preserve_tags\";s:0:\"\";s:4:\"html\";i:0;}s:12:\"element_type\";s:1:\"0\";s:13:\"element_class\";s:0:\"\";s:18:\"element_label_type\";s:0:\"\";s:19:\"element_label_class\";s:0:\"\";s:19:\"element_label_colon\";b:0;s:20:\"element_wrapper_type\";s:1:\"0\";s:21:\"element_wrapper_class\";s:0:\"\";s:23:\"element_default_classes\";i:0;s:5:\"empty\";s:0:\"\";s:10:\"hide_empty\";i:0;s:10:\"empty_zero\";i:0;s:16:\"hide_alter_empty\";i:0;}}s:7:\"filters\";a:2:{s:6:\"status\";a:6:{s:5:\"value\";i:1;s:5:\"table\";s:4:\"node\";s:5:\"field\";s:6:\"status\";s:2:\"id\";s:6:\"status\";s:6:\"expose\";a:1:{s:8:\"operator\";b:0;}s:5:\"group\";i:1;}s:4:\"type\";a:4:{s:2:\"id\";s:4:\"type\";s:5:\"table\";s:4:\"node\";s:5:\"field\";s:4:\"type\";s:5:\"value\";a:1:{s:9:\"portfolio\";s:9:\"portfolio\";}}}s:5:\"sorts\";a:1:{s:7:\"created\";a:4:{s:2:\"id\";s:7:\"created\";s:5:\"table\";s:4:\"node\";s:5:\"field\";s:7:\"created\";s:5:\"order\";s:4:\"DESC\";}}s:5:\"title\";s:8:\"Our work\";s:13:\"style_options\";a:8:{s:12:\"filter_terms\";s:24:\"field_portfolio_category\";s:6:\"col_lg\";s:1:\"4\";s:6:\"col_md\";s:1:\"4\";s:6:\"col_sm\";s:1:\"3\";s:6:\"col_xs\";s:1:\"1\";s:10:\"item_style\";s:0:\"\";s:15:\"no_item_padding\";i:1;s:18:\"use_infinitescroll\";i:0;}s:9:\"css_class\";s:18:\"portfolio clearfix\";s:6:\"header\";a:1:{s:4:\"area\";a:11:{s:2:\"id\";s:4:\"area\";s:5:\"table\";s:5:\"views\";s:5:\"field\";s:4:\"area\";s:12:\"relationship\";s:4:\"none\";s:10:\"group_type\";s:5:\"group\";s:7:\"ui_name\";s:0:\"\";s:5:\"label\";s:0:\"\";s:5:\"empty\";i:0;s:7:\"content\";s:593:\"<div class=\"content container\">\n			<div class=\"title grid-full\">\n				<h2>Our work</h2>\n				<span class=\"border\"></span>\n			</div>\n		</div>\n\n		<!-- Ajax Section -->\n		<div class=\"ajax-section container\">\n			<div class=\"loader\"></div>\n			<div class=\"project-navigation\">\n				<ul>\n					<li class=\"nextProject\"><a href=\"#\"></a></li>\n					<li class=\"prevProject\"><a href=\"#\"></a></li>\n				</ul>\n			</div>\n			<div class=\"closeProject\">\n				<a href=\"#\"><i class=\"icon-remove\"></i></a>               \n			</div>\n            <div class=\"ajax-content clearfix\"></div>\n		</div>\n		<!-- End Ajax Section -->\";s:6:\"format\";s:9:\"full_html\";s:8:\"tokenize\";i:0;}}}');

--
-- Table structure for table `views_view`
--

CREATE TABLE `views_view` (
  `vid` int(10) unsigned NOT NULL AUTO_INCREMENT COMMENT 'The view ID of the field, defined by the database.',
  `name` varchar(128) NOT NULL DEFAULT '' COMMENT 'The unique name of the view. This is the primary field views are loaded from, and is used so that views may be internal and not necessarily in the database. May only be alphanumeric characters plus underscores.',
  `description` varchar(255) DEFAULT '' COMMENT 'A description of the view for the admin interface.',
  `tag` varchar(255) DEFAULT '' COMMENT 'A tag used to group/sort views in the admin interface',
  `base_table` varchar(64) NOT NULL DEFAULT '' COMMENT 'What table this view is based on, such as node, user, comment, or term.',
  `human_name` varchar(255) DEFAULT '' COMMENT 'A human readable name used to be displayed in the admin interface',
  `core` int(11) DEFAULT '0' COMMENT 'Stores the drupal core version of the view.',
  PRIMARY KEY (`vid`),
  UNIQUE KEY `name` (`name`)
) ENGINE=InnoDB AUTO_INCREMENT=3 DEFAULT CHARSET=utf8 COMMENT='Stores the general data for a view.';

--
-- Dumping data for table `views_view`
--

INSERT INTO `views_view` VALUES (1,'blog','','default','node','Blog',7),(2,'portfolio_section','','default','node','Portfolio section',7);

--
-- Table structure for table `watchdog`
--

CREATE TABLE `watchdog` (
  `wid` int(11) NOT NULL AUTO_INCREMENT COMMENT 'Primary Key: Unique watchdog event ID.',
  `uid` int(11) NOT NULL DEFAULT '0' COMMENT 'The users.uid of the user who triggered the event.',
  `type` varchar(64) NOT NULL DEFAULT '' COMMENT 'Type of log message, for example "user" or "page not found."',
  `message` longtext NOT NULL COMMENT 'Text of log message to be passed into the t() function.',
  `variables` longblob NOT NULL COMMENT 'Serialized array of variables that match the message string and that is passed into the t() function.',
  `severity` tinyint(3) unsigned NOT NULL DEFAULT '0' COMMENT 'The severity level of the event; ranges from 0 (Emergency) to 7 (Debug)',
  `link` varchar(255) DEFAULT '' COMMENT 'Link to view the result of the event.',
  `location` text NOT NULL COMMENT 'URL of the origin of the event.',
  `referer` text COMMENT 'URL of referring page.',
  `hostname` varchar(128) NOT NULL DEFAULT '' COMMENT 'Hostname of the user who triggered the event.',
  `timestamp` int(11) NOT NULL DEFAULT '0' COMMENT 'Unix timestamp of when event occurred.',
  PRIMARY KEY (`wid`),
  KEY `type` (`type`),
  KEY `uid` (`uid`),
  KEY `severity` (`severity`)
) ENGINE=InnoDB DEFAULT CHARSET=utf8 COMMENT='Table that contains logs of all system events.';

--
-- Dumping data for table `watchdog`
--



